{"id":870,"date":"2015-03-16T07:24:27","date_gmt":"2015-03-16T07:24:27","guid":{"rendered":"http:\/\/blogsaverroes.juntadeandalucia.es\/pre\/ceip\/?page_id=103"},"modified":"2023-12-20T14:00:24","modified_gmt":"2023-12-20T14:00:24","slug":"aula-matinal","status":"publish","type":"page","link":"https:\/\/blogsaverroes.juntadeandalucia.es\/colegioandersen\/?page_id=870","title":{"rendered":"Aula Matinal"},"content":{"rendered":"<p><a href=\"https:\/\/blogsaverroes.juntadeandalucia.es\/colegioandersen\/files\/2020\/09\/aula-matinal.jpg\"><img fetchpriority=\"high\" decoding=\"async\" class=\" wp-image-2252 aligncenter\" src=\"https:\/\/blogsaverroes.juntadeandalucia.es\/colegioandersen\/files\/2020\/09\/aula-matinal.jpg\" alt=\"\" width=\"278\" height=\"212\" srcset=\"https:\/\/blogsaverroes.juntadeandalucia.es\/colegioandersen\/files\/2020\/09\/aula-matinal.jpg 257w, https:\/\/blogsaverroes.juntadeandalucia.es\/colegioandersen\/files\/2020\/09\/aula-matinal-24x18.jpg 24w, https:\/\/blogsaverroes.juntadeandalucia.es\/colegioandersen\/files\/2020\/09\/aula-matinal-36x27.jpg 36w, https:\/\/blogsaverroes.juntadeandalucia.es\/colegioandersen\/files\/2020\/09\/aula-matinal-48x37.jpg 48w\" sizes=\"(max-width: 278px) 100vw, 278px\" \/>&nbsp;<\/a><\/p>\n<p style=\"text-align: justify\">Es una actividad promovida por la Junta de Andaluc\u00eda para dar respuesta a la creciente demanda originada por las exigencias laborales de los padres y madres andaluzas, quienes se ven en la necesidad de delegar el cuidado de sus hijos e hijas durante el horario de 7:30 a 9:00 h.de lunes a viernes., momento en el que da comienzo la actividad escolar. Durante este per\u00edodo de tiempo, los ni\u00f1os y ni\u00f1as realizan diversas actividades de car\u00e1cter l\u00fadico y educativo adecuadas a su edad y desarrollo madurativo. Entre otras muchas, se realizan actividades pl\u00e1sticas, dibujo, lectura, psicomotricidad, juegos populares, etc.<\/p>\n<p style=\"text-align: justify\">La atenci\u00f3n al alumnado de aula matinal se realiza por personal cualificado, entre cuyas funciones est\u00e1n las medidas de vigilancia y atenci\u00f3n educativa que precisen los menores en funci\u00f3n de su edad y necesidades.<\/p>\n<p>La empresa que oferta el servicio es TRANS.<\/p>\n<p>&nbsp;<\/p>\n<p>&nbsp;<\/p>\n<p>&nbsp;<\/p>\n","protected":false},"excerpt":{"rendered":"<p>&nbsp; Es una actividad promovida por la Junta de Andaluc\u00eda para dar respuesta a la creciente demanda originada por las exigencias laborales de los padres y madres andaluzas, quienes se ven en la necesidad&#46;&#46;&#46;<\/p>\n","protected":false},"author":1,"featured_media":0,"parent":0,"menu_order":0,"comment_status":"closed","ping_status":"open","template":"","meta":{"ngg_post_thumbnail":0,"footnotes":"","_mc_calendar":[]},"aioseo_notices":[],"_links":{"self":[{"href":"https:\/\/blogsaverroes.juntadeandalucia.es\/colegioandersen\/index.php?rest_route=\/wp\/v2\/pages\/870"}],"collection":[{"href":"https:\/\/blogsaverroes.juntadeandalucia.es\/colegioandersen\/index.php?rest_route=\/wp\/v2\/pages"}],"about":[{"href":"https:\/\/blogsaverroes.juntadeandalucia.es\/colegioandersen\/index.php?rest_route=\/wp\/v2\/types\/page"}],"author":[{"embeddable":true,"href":"https:\/\/blogsaverroes.juntadeandalucia.es\/colegioandersen\/index.php?rest_route=\/wp\/v2\/users\/1"}],"replies":[{"embeddable":true,"href":"https:\/\/blogsaverroes.juntadeandalucia.es\/colegioandersen\/index.php?rest_route=%2Fwp%2Fv2%2Fcomments&post=870"}],"version-history":[{"count":14,"href":"https:\/\/blogsaverroes.juntadeandalucia.es\/colegioandersen\/index.php?rest_route=\/wp\/v2\/pages\/870\/revisions"}],"predecessor-version":[{"id":3011,"href":"https:\/\/blogsaverroes.juntadeandalucia.es\/colegioandersen\/index.php?rest_route=\/wp\/v2\/pages\/870\/revisions\/3011"}],"wp:attachment":[{"href":"https:\/\/blogsaverroes.juntadeandalucia.es\/colegioandersen\/index.php?rest_route=%2Fwp%2Fv2%2Fmedia&parent=870"}],"curies":[{"name":"wp","href":"https:\/\/api.w.org\/{rel}","templated":true}]}}

<p><a href="https://blogsaverroes.juntadeandalucia.es/colegioandersen/files/2020/09/aula-matinal.jpg"><img fetchpriority="high" decoding="async" class=" wp-image-2252 aligncenter" src="https://blogsaverroes.juntadeandalucia.es/colegioandersen/files/2020/09/aula-matinal.jpg" alt="" width="278" height="212" srcset="https://blogsaverroes.juntadeandalucia.es/colegioandersen/files/2020/09/aula-matinal.jpg 257w, https://blogsaverroes.juntadeandalucia.es/colegioandersen/files/2020/09/aula-matinal-24x18.jpg 24w, https://blogsaverroes.juntadeandalucia.es/colegioandersen/files/2020/09/aula-matinal-36x27.jpg 36w, https://blogsaverroes.juntadeandalucia.es/colegioandersen/files/2020/09/aula-matinal-48x37.jpg 48w" sizes="(max-width: 278px) 100vw, 278px" />&nbsp;</a></p>
<p style="text-align: justify">Es una actividad promovida por la Junta de Andalucía para dar respuesta a la creciente demanda originada por las exigencias laborales de los padres y madres andaluzas, quienes se ven en la necesidad de delegar el cuidado de sus hijos e hijas durante el horario de 7:30 a 9:00 h.de lunes a viernes., momento en el que da comienzo la actividad escolar. Durante este período de tiempo, los niños y niñas realizan diversas actividades de carácter lúdico y educativo adecuadas a su edad y desarrollo madurativo. Entre otras muchas, se realizan actividades plásticas, dibujo, lectura, psicomotricidad, juegos populares, etc.</p>
<p style="text-align: justify">La atención al alumnado de aula matinal se realiza por personal cualificado, entre cuyas funciones están las medidas de vigilancia y atención educativa que precisen los menores en función de su edad y necesidades.</p>
<p>La empresa que oferta el servicio es TRANS.</p>
<p>&nbsp;</p>
<p>&nbsp;</p>
<p>&nbsp;</p>

<p>&nbsp; Es una actividad promovida por la Junta de Andalucía para dar respuesta a la creciente demanda originada por las exigencias laborales de los padres y madres andaluzas, quienes se ven en la necesidad&#46;&#46;&#46;</p>
