{"id":3954,"date":"2023-02-10T11:25:12","date_gmt":"2023-02-10T10:25:12","guid":{"rendered":"http:\/\/blogsaverroes.juntadeandalucia.es\/colegiocervantesalgodonales\/?page_id=3954"},"modified":"2023-04-11T18:03:49","modified_gmt":"2023-04-11T16:03:49","slug":"plan-innicia","status":"publish","type":"page","link":"https:\/\/blogsaverroes.juntadeandalucia.es\/colegiocervantesalgodonales\/plan-innicia\/","title":{"rendered":"Programa Innicia, cultura emprendedora"},"content":{"rendered":"<p><strong>Coordinadora: Nuria S\u00e1nchez Gallardo<\/strong><\/p>\n<p>Sin lugar a dudas, el emprendimiento y la evoluci\u00f3n han ido de la mano, hasta tal punto que podr\u00edamos decir que uno y otra son las dos caras de una misma moneda. La evoluci\u00f3n de las sociedades ha sido posible gracias a aquellos hombres y mujeres visionarios que, por encima del orden establecido, supieron ver m\u00e1s all\u00e1, asumieron la dificultad y el riesgo como un reto y comprendieron que el cambio era la \u00fanica forma de dar un nuevo paso.<\/p>\n<p>Las sociedades actuales han ido asumiendo que el medio para auto-proveerse de bienestar es a trav\u00e9s del est\u00edmulo de la iniciativa, del fomento de nuevas inquietudes y del contagio del famoso esp\u00edritu de superaci\u00f3n. Si bien es verdad que esto es lo que nos define como especie, tambi\u00e9n es cierto que el desaf\u00edo est\u00e1 en lograr alcanzar un bienestar ecol\u00f3gico y verdaderamente com\u00fan.<\/p>\n<p style=\"text-align: left\">Por todo ello, la educaci\u00f3n con may\u00fasculas no puede obviar el emprendimiento como un fin en la formaci\u00f3n de la ciudadan\u00eda.<\/p>\n<p>Enlace de inter\u00e9s: https:\/\/colaboraeducacion30.juntadeandalucia.es\/educacion\/colabora\/web\/innicia\/presentacion<\/p>\n","protected":false},"excerpt":{"rendered":"<p>Coordinadora: Nuria S\u00e1nchez Gallardo Sin lugar a dudas, el emprendimiento y la evoluci\u00f3n han ido de la mano, hasta tal punto que podr\u00edamos decir que uno y otra son las dos caras de una&#46;&#46;&#46;<\/p>\n","protected":false},"author":2286,"featured_media":0,"parent":0,"menu_order":0,"comment_status":"closed","ping_status":"closed","template":"","meta":{"ngg_post_thumbnail":0,"footnotes":"","_mc_calendar":[]},"aioseo_notices":[],"_links":{"self":[{"href":"https:\/\/blogsaverroes.juntadeandalucia.es\/colegiocervantesalgodonales\/wp-json\/wp\/v2\/pages\/3954"}],"collection":[{"href":"https:\/\/blogsaverroes.juntadeandalucia.es\/colegiocervantesalgodonales\/wp-json\/wp\/v2\/pages"}],"about":[{"href":"https:\/\/blogsaverroes.juntadeandalucia.es\/colegiocervantesalgodonales\/wp-json\/wp\/v2\/types\/page"}],"author":[{"embeddable":true,"href":"https:\/\/blogsaverroes.juntadeandalucia.es\/colegiocervantesalgodonales\/wp-json\/wp\/v2\/users\/2286"}],"replies":[{"embeddable":true,"href":"https:\/\/blogsaverroes.juntadeandalucia.es\/colegiocervantesalgodonales\/wp-json\/wp\/v2\/comments?post=3954"}],"version-history":[{"count":5,"href":"https:\/\/blogsaverroes.juntadeandalucia.es\/colegiocervantesalgodonales\/wp-json\/wp\/v2\/pages\/3954\/revisions"}],"predecessor-version":[{"id":4020,"href":"https:\/\/blogsaverroes.juntadeandalucia.es\/colegiocervantesalgodonales\/wp-json\/wp\/v2\/pages\/3954\/revisions\/4020"}],"wp:attachment":[{"href":"https:\/\/blogsaverroes.juntadeandalucia.es\/colegiocervantesalgodonales\/wp-json\/wp\/v2\/media?parent=3954"}],"curies":[{"name":"wp","href":"https:\/\/api.w.org\/{rel}","templated":true}]}}