{"id":3979,"date":"2023-04-05T13:13:31","date_gmt":"2023-04-05T11:13:31","guid":{"rendered":"http:\/\/blogsaverroes.juntadeandalucia.es\/colegiocervantesalgodonales\/?page_id=3979"},"modified":"2023-10-17T17:16:46","modified_gmt":"2023-10-17T15:16:46","slug":"biblioteca","status":"publish","type":"page","link":"https:\/\/blogsaverroes.juntadeandalucia.es\/colegiocervantesalgodonales\/biblioteca\/","title":{"rendered":"Biblioteca"},"content":{"rendered":"<p style=\"text-align: center\"><span style=\"font-family: 'comic sans ms', sans-serif;font-size: 14pt\"><strong>BIBLIOTECA DE CENTRO<\/strong><\/span><\/p>\n<p><span style=\"font-family: 'comic sans ms', sans-serif\"><strong>Antonio Jos\u00e9 Tierno Nieto,<\/strong> responsable de la biblioteca es el encargado de realizar y registrar los pr\u00e9stamos de libros, mediante el programa inform\u00e1tico iPasen.&nbsp;<\/span><\/p>\n<p><span style=\"font-family: 'comic sans ms', sans-serif\">Las diferentes funciones de la misma van cambiando seg\u00fan van evolucionando las demandas de nuestra sociedad y por ende, de nuestro sistema educativo.<\/span><\/p>\n<p><span style=\"font-family: 'comic sans ms', sans-serif\">Consideramos que nuestra biblioteca esta activa, abriendo sus puertas todos los d\u00edas, recibiendo todas las demandas del claustro y otros miembros de la comunidad educativa, como el alumnado y las familias. Algunas de las actividades que se realizan en la misma son:&nbsp;<\/span><\/p>\n<ul>\n<li><span style=\"font-family: 'comic sans ms', sans-serif\">Lectura de libros en voz interior, peque\u00f1os y grandes grupos<\/span><\/li>\n<li><span style=\"font-family: 'comic sans ms', sans-serif\">Tertulias<\/span><\/li>\n<li><span style=\"font-family: 'comic sans ms', sans-serif\">Cuentacuentos en familias<\/span><\/li>\n<li><span style=\"font-family: 'comic sans ms', sans-serif\">Tomar en pr\u00e9stamos libros<\/span><\/li>\n<li><span style=\"font-family: 'comic sans ms', sans-serif\">Dramatizaciones<\/span><\/li>\n<li><span style=\"font-family: 'comic sans ms', sans-serif\">Asistir actividades programadas<\/span><\/li>\n<li><span style=\"font-family: 'comic sans ms', sans-serif\">Talleres de lectoescritura<\/span><\/li>\n<li><span style=\"font-family: 'comic sans ms', sans-serif\">Etc<\/span><\/li>\n<\/ul>\n<p><span style=\"font-family: 'comic sans ms', sans-serif\">La biblioteca escolar es un recurso a nuestra disposici\u00f3n y con un buen uso se consigue una mayor satisfacci\u00f3n en nuestro curr\u00edculum, contribuyendo al desarrollo integral de nuestro alumnado.<\/span><\/p>\n<p><span style=\"font-family: 'comic sans ms', sans-serif\">Para su correcto funcionamiento, se ha establecido el siguiente horario de atenci\u00f3n:<\/span><\/p>\n<table style=\"border-collapse: collapse;width: 46.1014%;height: 130px\">\n<tbody>\n<tr style=\"height: 24px\">\n<td style=\"width: 10.4516%;height: 24px\"><span style=\"font-family: 'comic sans ms', sans-serif;color: #99cc00\">1\u00ba A<\/span><\/p>\n<p><span style=\"color: #99cc00\">1\u00baB<\/span><\/p>\n<p><span style=\"color: #99cc00\">3\u00baA<\/span><\/p>\n<p><span style=\"color: #99cc00\">3\u00baB<\/span><\/td>\n<td style=\"width: 49.7894%;height: 24px\"><span style=\"font-family: 'comic sans ms', sans-serif;color: #99cc00\">martes 10:30-11:30<\/span><\/td>\n<\/tr>\n<tr style=\"height: 24px\">\n<td style=\"width: 10.4516%;height: 24px\"><span style=\"font-family: 'comic sans ms', sans-serif;color: #339966\">2\u00ba A<\/span><\/p>\n<p><span style=\"color: #339966\">6\u00baB<\/span><\/td>\n<td style=\"width: 49.7894%;height: 24px\"><span style=\"font-family: 'comic sans ms', sans-serif;color: #339966\">mi\u00e9rcoles 10:30-11:30<\/span><\/td>\n<\/tr>\n<tr style=\"height: 24px\">\n<td style=\"width: 10.4516%;height: 24px\"><span style=\"color: #99cc00\">4\u00baA<\/span><\/p>\n<p><span style=\"color: #99cc00\">5\u00baA<\/span><\/p>\n<p><span style=\"color: #99cc00\">6\u00baB<\/span><\/td>\n<td style=\"width: 49.7894%;height: 24px\"><span style=\"font-family: 'comic sans ms', sans-serif;color: #99cc00\">jueves 12:00-13:00<\/span><\/td>\n<\/tr>\n<\/tbody>\n<\/table>\n<p>&nbsp;<\/p>\n","protected":false},"excerpt":{"rendered":"<p>BIBLIOTECA DE CENTRO Antonio Jos\u00e9 Tierno Nieto, responsable de la biblioteca es el encargado de realizar y registrar los pr\u00e9stamos de libros, mediante el programa inform\u00e1tico iPasen.&nbsp; Las diferentes funciones de la misma van&#46;&#46;&#46;<\/p>\n","protected":false},"author":2286,"featured_media":0,"parent":0,"menu_order":0,"comment_status":"closed","ping_status":"closed","template":"","meta":{"ngg_post_thumbnail":0,"footnotes":"","_mc_calendar":[]},"aioseo_notices":[],"_links":{"self":[{"href":"https:\/\/blogsaverroes.juntadeandalucia.es\/colegiocervantesalgodonales\/wp-json\/wp\/v2\/pages\/3979"}],"collection":[{"href":"https:\/\/blogsaverroes.juntadeandalucia.es\/colegiocervantesalgodonales\/wp-json\/wp\/v2\/pages"}],"about":[{"href":"https:\/\/blogsaverroes.juntadeandalucia.es\/colegiocervantesalgodonales\/wp-json\/wp\/v2\/types\/page"}],"author":[{"embeddable":true,"href":"https:\/\/blogsaverroes.juntadeandalucia.es\/colegiocervantesalgodonales\/wp-json\/wp\/v2\/users\/2286"}],"replies":[{"embeddable":true,"href":"https:\/\/blogsaverroes.juntadeandalucia.es\/colegiocervantesalgodonales\/wp-json\/wp\/v2\/comments?post=3979"}],"version-history":[{"count":11,"href":"https:\/\/blogsaverroes.juntadeandalucia.es\/colegiocervantesalgodonales\/wp-json\/wp\/v2\/pages\/3979\/revisions"}],"predecessor-version":[{"id":4353,"href":"https:\/\/blogsaverroes.juntadeandalucia.es\/colegiocervantesalgodonales\/wp-json\/wp\/v2\/pages\/3979\/revisions\/4353"}],"wp:attachment":[{"href":"https:\/\/blogsaverroes.juntadeandalucia.es\/colegiocervantesalgodonales\/wp-json\/wp\/v2\/media?parent=3979"}],"curies":[{"name":"wp","href":"https:\/\/api.w.org\/{rel}","templated":true}]}}

<p style="text-align: center"><span style="font-family: 'comic sans ms', sans-serif;font-size: 14pt"><strong>BIBLIOTECA DE CENTRO</strong></span></p>
<p><span style="font-family: 'comic sans ms', sans-serif"><strong>Antonio José Tierno Nieto,</strong> responsable de la biblioteca es el encargado de realizar y registrar los préstamos de libros, mediante el programa informático iPasen.&nbsp;</span></p>
<p><span style="font-family: 'comic sans ms', sans-serif">Las diferentes funciones de la misma van cambiando según van evolucionando las demandas de nuestra sociedad y por ende, de nuestro sistema educativo.</span></p>
<p><span style="font-family: 'comic sans ms', sans-serif">Consideramos que nuestra biblioteca esta activa, abriendo sus puertas todos los días, recibiendo todas las demandas del claustro y otros miembros de la comunidad educativa, como el alumnado y las familias. Algunas de las actividades que se realizan en la misma son:&nbsp;</span></p>
<ul>
<li><span style="font-family: 'comic sans ms', sans-serif">Lectura de libros en voz interior, pequeños y grandes grupos</span></li>
<li><span style="font-family: 'comic sans ms', sans-serif">Tertulias</span></li>
<li><span style="font-family: 'comic sans ms', sans-serif">Cuentacuentos en familias</span></li>
<li><span style="font-family: 'comic sans ms', sans-serif">Tomar en préstamos libros</span></li>
<li><span style="font-family: 'comic sans ms', sans-serif">Dramatizaciones</span></li>
<li><span style="font-family: 'comic sans ms', sans-serif">Asistir actividades programadas</span></li>
<li><span style="font-family: 'comic sans ms', sans-serif">Talleres de lectoescritura</span></li>
<li><span style="font-family: 'comic sans ms', sans-serif">Etc</span></li>
</ul>
<p><span style="font-family: 'comic sans ms', sans-serif">La biblioteca escolar es un recurso a nuestra disposición y con un buen uso se consigue una mayor satisfacción en nuestro currículum, contribuyendo al desarrollo integral de nuestro alumnado.</span></p>
<p><span style="font-family: 'comic sans ms', sans-serif">Para su correcto funcionamiento, se ha establecido el siguiente horario de atención:</span></p>
<table style="border-collapse: collapse;width: 46.1014%;height: 130px">
<tbody>
<tr style="height: 24px">
<td style="width: 10.4516%;height: 24px"><span style="font-family: 'comic sans ms', sans-serif;color: #99cc00">1º A</span></p>
<p><span style="color: #99cc00">1ºB</span></p>
<p><span style="color: #99cc00">3ºA</span></p>
<p><span style="color: #99cc00">3ºB</span></td>
<td style="width: 49.7894%;height: 24px"><span style="font-family: 'comic sans ms', sans-serif;color: #99cc00">martes 10:30-11:30</span></td>
</tr>
<tr style="height: 24px">
<td style="width: 10.4516%;height: 24px"><span style="font-family: 'comic sans ms', sans-serif;color: #339966">2º A</span></p>
<p><span style="color: #339966">6ºB</span></td>
<td style="width: 49.7894%;height: 24px"><span style="font-family: 'comic sans ms', sans-serif;color: #339966">miércoles 10:30-11:30</span></td>
</tr>
<tr style="height: 24px">
<td style="width: 10.4516%;height: 24px"><span style="color: #99cc00">4ºA</span></p>
<p><span style="color: #99cc00">5ºA</span></p>
<p><span style="color: #99cc00">6ºB</span></td>
<td style="width: 49.7894%;height: 24px"><span style="font-family: 'comic sans ms', sans-serif;color: #99cc00">jueves 12:00-13:00</span></td>
</tr>
</tbody>
</table>
<p>&nbsp;</p>

<p>BIBLIOTECA DE CENTRO Antonio José Tierno Nieto, responsable de la biblioteca es el encargado de realizar y registrar los préstamos de libros, mediante el programa informático iPasen.&nbsp; Las diferentes funciones de la misma van&#46;&#46;&#46;</p>
