{"id":77,"date":"2015-03-16T06:54:56","date_gmt":"2015-03-16T06:54:56","guid":{"rendered":"http:\/\/blogsaverroes.juntadeandalucia.es\/pre\/ceip\/?page_id=77"},"modified":"2026-02-28T07:58:18","modified_gmt":"2026-02-28T07:58:18","slug":"claustro","status":"publish","type":"page","link":"https:\/\/blogsaverroes.juntadeandalucia.es\/colegiochimeneas\/claustro\/","title":{"rendered":"Claustro"},"content":{"rendered":"<div id=\"tituloItem\" class=\"blockTituloItem\"><strong><span class=\"tituloItem\">Claustro<\/span><\/strong><\/div>\n<div id=\"contenido_sitio\">\n<p>El claustro del CEIP N\u00aa Sra. del Rosario esta formado por l@s siguientes maestr@s:<\/p>\n<p>&#8211; Mercedes Garcia : Infantil 3 a\u00f1os<\/p>\n<p>&#8211; Francisca Emilia Vi\u00f1olo : tutora de Infantil 4 y 5 a\u00f1os<\/p>\n<p>&#8211; Francisco Oya: 1\u00ba de Primaria<\/p>\n<p>&#8211; Mar\u00eda Lucia Romero: 2\u00ba de Primaria<\/p>\n<p>&#8211; Brigida Caracuel: 3\u00ba y 4\u00ba de Primaria<\/p>\n<p>&#8211; Pedro L\u00f3pez: 5\u00ba y 6\u00ba de Primaria<\/p>\n<p>-Pedro L\u00f3pez: especialista en educaci\u00f3n musical y tutora de 6\u00ba de E. Primaria<\/p>\n<p>&#8211; Ana Isabel Castillo: especialista en Lengua extranjera (Franc\u00e9s)&nbsp;<\/p>\n<p>&#8211; J. Javier Mantas: especialista de Educaci\u00f3n F\u00edsica<\/p>\n<p>&#8211; \u00c1ngel Garc\u00eda: especialista en Religi\u00f3n Cat\u00f3lica<\/p>\n<p>&#8211; Mar\u00eda Wayolen Romero: especialista en Lengua Extranjera (Ingl\u00e9s)<\/p>\n<\/div>\n<p>&nbsp;<\/p>\n","protected":false},"excerpt":{"rendered":"<p>Claustro El claustro del CEIP N\u00aa Sra. del Rosario esta&#46;&#46;&#46;<\/p>\n","protected":false},"author":1,"featured_media":0,"parent":0,"menu_order":0,"comment_status":"closed","ping_status":"closed","template":"","meta":{"ngg_post_thumbnail":0,"footnotes":"","_mc_calendar":[]},"aioseo_notices":[],"_links":{"self":[{"href":"https:\/\/blogsaverroes.juntadeandalucia.es\/colegiochimeneas\/wp-json\/wp\/v2\/pages\/77"}],"collection":[{"href":"https:\/\/blogsaverroes.juntadeandalucia.es\/colegiochimeneas\/wp-json\/wp\/v2\/pages"}],"about":[{"href":"https:\/\/blogsaverroes.juntadeandalucia.es\/colegiochimeneas\/wp-json\/wp\/v2\/types\/page"}],"author":[{"embeddable":true,"href":"https:\/\/blogsaverroes.juntadeandalucia.es\/colegiochimeneas\/wp-json\/wp\/v2\/users\/1"}],"replies":[{"embeddable":true,"href":"https:\/\/blogsaverroes.juntadeandalucia.es\/colegiochimeneas\/wp-json\/wp\/v2\/comments?post=77"}],"version-history":[{"count":12,"href":"https:\/\/blogsaverroes.juntadeandalucia.es\/colegiochimeneas\/wp-json\/wp\/v2\/pages\/77\/revisions"}],"predecessor-version":[{"id":2744,"href":"https:\/\/blogsaverroes.juntadeandalucia.es\/colegiochimeneas\/wp-json\/wp\/v2\/pages\/77\/revisions\/2744"}],"wp:attachment":[{"href":"https:\/\/blogsaverroes.juntadeandalucia.es\/colegiochimeneas\/wp-json\/wp\/v2\/media?parent=77"}],"curies":[{"name":"wp","href":"https:\/\/api.w.org\/{rel}","templated":true}]}}

<div id="tituloItem" class="blockTituloItem"><strong><span class="tituloItem">Claustro</span></strong></div>
<div id="contenido_sitio">
<p>El claustro del CEIP Nª Sra. del Rosario esta formado por l@s siguientes maestr@s:</p>
<p>&#8211; Mercedes Garcia : Infantil 3 años</p>
<p>&#8211; Francisca Emilia Viñolo : tutora de Infantil 4 y 5 años</p>
<p>&#8211; Francisco Oya: 1º de Primaria</p>
<p>&#8211; María Lucia Romero: 2º de Primaria</p>
<p>&#8211; Brigida Caracuel: 3º y 4º de Primaria</p>
<p>&#8211; Pedro López: 5º y 6º de Primaria</p>
<p>-Pedro López: especialista en educación musical y tutora de 6º de E. Primaria</p>
<p>&#8211; Ana Isabel Castillo: especialista en Lengua extranjera (Francés)&nbsp;</p>
<p>&#8211; J. Javier Mantas: especialista de Educación Física</p>
<p>&#8211; Ángel García: especialista en Religión Católica</p>
<p>&#8211; María Wayolen Romero: especialista en Lengua Extranjera (Inglés)</p>
</div>
<p>&nbsp;</p>

<p>Claustro El claustro del CEIP Nª Sra. del Rosario esta&#46;&#46;&#46;</p>
