{"id":2415,"date":"2021-02-01T16:19:50","date_gmt":"2021-02-01T16:19:50","guid":{"rendered":"https:\/\/blogsaverroes.juntadeandalucia.es\/colegiocorrales\/?page_id=2415"},"modified":"2026-01-19T08:39:22","modified_gmt":"2026-01-19T08:39:22","slug":"proyecto-de-gestion","status":"publish","type":"page","link":"https:\/\/blogsaverroes.juntadeandalucia.es\/colegiocorrales\/proyecto-de-gestion\/","title":{"rendered":"Proyecto de Gesti\u00f3n"},"content":{"rendered":"<p>En este apartado se pone a disposici\u00f3n el Proyecto de Gesti\u00f3n de nuestro centro. En este documento se recogen los criterios de organizaci\u00f3n y gesti\u00f3n econ\u00f3mica y administrativa del CEIP, con el fin de garantizar un funcionamiento adecuado, transparente y acorde a la normativa vigente.<\/p>\n<p><a href=\"https:\/\/blogsaverroes.juntadeandalucia.es\/colegiocorrales\/files\/2026\/01\/Proyecto-de-Gestion-2025-2026.pdf\">Proyecto de Gesti\u00f3n 2025 2026<\/a><\/p>\n","protected":false},"excerpt":{"rendered":"<p>En este apartado se pone a disposici\u00f3n el Proyecto de Gesti\u00f3n de nuestro centro. En este documento se recogen los criterios de organizaci\u00f3n y gesti\u00f3n econ\u00f3mica y administrativa del CEIP, con el fin de&#46;&#46;&#46;<\/p>\n","protected":false},"author":1955,"featured_media":0,"parent":0,"menu_order":0,"comment_status":"closed","ping_status":"closed","template":"","meta":{"ngg_post_thumbnail":0,"footnotes":"","_mc_calendar":[]},"aioseo_notices":[],"_links":{"self":[{"href":"https:\/\/blogsaverroes.juntadeandalucia.es\/colegiocorrales\/wp-json\/wp\/v2\/pages\/2415"}],"collection":[{"href":"https:\/\/blogsaverroes.juntadeandalucia.es\/colegiocorrales\/wp-json\/wp\/v2\/pages"}],"about":[{"href":"https:\/\/blogsaverroes.juntadeandalucia.es\/colegiocorrales\/wp-json\/wp\/v2\/types\/page"}],"author":[{"embeddable":true,"href":"https:\/\/blogsaverroes.juntadeandalucia.es\/colegiocorrales\/wp-json\/wp\/v2\/users\/1955"}],"replies":[{"embeddable":true,"href":"https:\/\/blogsaverroes.juntadeandalucia.es\/colegiocorrales\/wp-json\/wp\/v2\/comments?post=2415"}],"version-history":[{"count":6,"href":"https:\/\/blogsaverroes.juntadeandalucia.es\/colegiocorrales\/wp-json\/wp\/v2\/pages\/2415\/revisions"}],"predecessor-version":[{"id":5318,"href":"https:\/\/blogsaverroes.juntadeandalucia.es\/colegiocorrales\/wp-json\/wp\/v2\/pages\/2415\/revisions\/5318"}],"wp:attachment":[{"href":"https:\/\/blogsaverroes.juntadeandalucia.es\/colegiocorrales\/wp-json\/wp\/v2\/media?parent=2415"}],"curies":[{"name":"wp","href":"https:\/\/api.w.org\/{rel}","templated":true}]}}