{"id":2633,"date":"2021-02-04T12:13:40","date_gmt":"2021-02-04T12:13:40","guid":{"rendered":"https:\/\/blogsaverroes.juntadeandalucia.es\/colegiocorrales\/?page_id=2633"},"modified":"2026-01-19T08:58:35","modified_gmt":"2026-01-19T08:58:35","slug":"plan-de-actuacion-digital","status":"publish","type":"page","link":"https:\/\/blogsaverroes.juntadeandalucia.es\/colegiocorrales\/plan-de-actuacion-digital\/","title":{"rendered":"Plan de Actuaci\u00f3n Digital"},"content":{"rendered":"<p>En esta p\u00e1gina se encuentra disponible para su consulta el Plan de Actuaci\u00f3n Digital de nuestro CEIP, documento que establece las actuaciones y objetivos relacionados con la transformaci\u00f3n digital del centro y la mejora de la competencia digital de toda la comunidad educativa.<\/p>\n<p><a href=\"https:\/\/blogsaverroes.juntadeandalucia.es\/colegiocorrales\/files\/2026\/01\/Plan-de-Actuacion-Digital-25_26.pdf\">Plan de Actuaci\u00f3n Digital 25_26<\/a><\/p>\n","protected":false},"excerpt":{"rendered":"<p>En esta p\u00e1gina se encuentra disponible para su consulta el Plan de Actuaci\u00f3n Digital de nuestro CEIP, documento que establece las actuaciones y objetivos relacionados con la transformaci\u00f3n digital del centro y la mejora&#46;&#46;&#46;<\/p>\n","protected":false},"author":1955,"featured_media":0,"parent":0,"menu_order":0,"comment_status":"closed","ping_status":"closed","template":"","meta":{"ngg_post_thumbnail":0,"footnotes":"","_mc_calendar":[]},"aioseo_notices":[],"_links":{"self":[{"href":"https:\/\/blogsaverroes.juntadeandalucia.es\/colegiocorrales\/wp-json\/wp\/v2\/pages\/2633"}],"collection":[{"href":"https:\/\/blogsaverroes.juntadeandalucia.es\/colegiocorrales\/wp-json\/wp\/v2\/pages"}],"about":[{"href":"https:\/\/blogsaverroes.juntadeandalucia.es\/colegiocorrales\/wp-json\/wp\/v2\/types\/page"}],"author":[{"embeddable":true,"href":"https:\/\/blogsaverroes.juntadeandalucia.es\/colegiocorrales\/wp-json\/wp\/v2\/users\/1955"}],"replies":[{"embeddable":true,"href":"https:\/\/blogsaverroes.juntadeandalucia.es\/colegiocorrales\/wp-json\/wp\/v2\/comments?post=2633"}],"version-history":[{"count":4,"href":"https:\/\/blogsaverroes.juntadeandalucia.es\/colegiocorrales\/wp-json\/wp\/v2\/pages\/2633\/revisions"}],"predecessor-version":[{"id":5323,"href":"https:\/\/blogsaverroes.juntadeandalucia.es\/colegiocorrales\/wp-json\/wp\/v2\/pages\/2633\/revisions\/5323"}],"wp:attachment":[{"href":"https:\/\/blogsaverroes.juntadeandalucia.es\/colegiocorrales\/wp-json\/wp\/v2\/media?parent=2633"}],"curies":[{"name":"wp","href":"https:\/\/api.w.org\/{rel}","templated":true}]}}