{"id":870,"date":"2015-03-16T07:24:27","date_gmt":"2015-03-16T07:24:27","guid":{"rendered":"http:\/\/blogsaverroes.juntadeandalucia.es\/pre\/ceip\/?page_id=103"},"modified":"2024-08-28T12:15:57","modified_gmt":"2024-08-28T12:15:57","slug":"aula-matinal","status":"publish","type":"page","link":"https:\/\/blogsaverroes.juntadeandalucia.es\/colegiocorrales\/aula-matinal\/","title":{"rendered":"Aula Matinal"},"content":{"rendered":"<p style=\"text-align: center\">\n\t\t<div class=\"wpaas-accordion-wrap wpaas-row-clearfix\">\n\t\t\t<div id=\"wpaas-accordion-1\" class=\"wpos-tab-slider\">\n\t\t\t\t<div class=\"as-wposslides\">\n\t\t\t\t\t\t\t\t\t\t\t<div class=\"as-wposslide\">\n\t\t\t\t\t\t\t\t\t\t\t\t\t\t\t<img decoding=\"async\" class=\"as-wposbg\" src=\"https:\/\/blogsaverroes.juntadeandalucia.es\/colegiocorrales\/files\/2021\/02\/WhatsApp-Image-2021-02-25-at-08.57.45-1.jpeg\" alt=\"\" \/>\t\n\t\t\t\t\t\t\t\t\t\t\t\t\t<\/div>\n\t\t\t\t\t\t\t\t\t\t\t<div class=\"as-wposslide\">\n\t\t\t\t\t\t\t\t\t\t\t\t\t\t\t<img decoding=\"async\" class=\"as-wposbg\" src=\"https:\/\/blogsaverroes.juntadeandalucia.es\/colegiocorrales\/files\/2021\/02\/WhatsApp-Image-2021-02-25-at-08.57.45-3.jpeg\" alt=\"\" \/>\t\n\t\t\t\t\t\t\t\t\t\t\t\t\t<\/div>\n\t\t\t\t\t\t\t\t\t\t\t<div class=\"as-wposslide\">\n\t\t\t\t\t\t\t\t\t\t\t\t\t\t\t<img decoding=\"async\" class=\"as-wposbg\" src=\"https:\/\/blogsaverroes.juntadeandalucia.es\/colegiocorrales\/files\/2021\/02\/WhatsApp-Image-2021-02-25-at-08.57.45.jpeg\" alt=\"\" \/>\t\n\t\t\t\t\t\t\t\t\t\t\t\t\t<\/div>\n\t\t\t\t\t\t\t\t\t\t\t<div class=\"as-wposslide\">\n\t\t\t\t\t\t\t\t\t\t\t\t\t\t\t<img decoding=\"async\" class=\"as-wposbg\" src=\"https:\/\/blogsaverroes.juntadeandalucia.es\/colegiocorrales\/files\/2021\/02\/WhatsApp-Image-2021-02-25-at-08.58.14-1.jpeg\" alt=\"\" \/>\t\n\t\t\t\t\t\t\t\t\t\t\t\t\t<\/div>\n\t\t\t\t\t\t\t\t\t\t\t<div class=\"as-wposslide\">\n\t\t\t\t\t\t\t\t\t\t\t\t\t\t\t<img decoding=\"async\" class=\"as-wposbg\" src=\"https:\/\/blogsaverroes.juntadeandalucia.es\/colegiocorrales\/files\/2021\/02\/WhatsApp-Image-2021-02-25-at-08.58.14-2.jpeg\" alt=\"\" \/>\t\n\t\t\t\t\t\t\t\t\t\t\t\t\t<\/div>\n\t\t\t\t\t\t\t\t\t\t\t<div class=\"as-wposslide\">\n\t\t\t\t\t\t\t\t\t\t\t\t\t\t\t<img decoding=\"async\" class=\"as-wposbg\" src=\"https:\/\/blogsaverroes.juntadeandalucia.es\/colegiocorrales\/files\/2021\/02\/WhatsApp-Image-2021-02-25-at-08.58.14-3.jpeg\" alt=\"\" \/>\t\n\t\t\t\t\t\t\t\t\t\t\t\t\t<\/div>\n\t\t\t\t\t\t\t\t\t\t\t<div class=\"as-wposslide\">\n\t\t\t\t\t\t\t\t\t\t\t\t\t\t\t<img decoding=\"async\" class=\"as-wposbg\" src=\"https:\/\/blogsaverroes.juntadeandalucia.es\/colegiocorrales\/files\/2021\/02\/WhatsApp-Image-2021-02-25-at-08.58.14.jpeg\" alt=\"\" \/>\t\n\t\t\t\t\t\t\t\t\t\t\t\t\t<\/div>\n\t\t\t\t\t\t\t\t\t\t\t<div class=\"as-wposslide\">\n\t\t\t\t\t\t\t\t\t\t\t\t\t\t\t<img decoding=\"async\" class=\"as-wposbg\" src=\"https:\/\/blogsaverroes.juntadeandalucia.es\/colegiocorrales\/files\/2021\/02\/WhatsApp-Image-2021-02-25-at-08.58.47.jpeg\" alt=\"\" \/>\t\n\t\t\t\t\t\t\t\t\t\t\t\t\t<\/div>\n\t\t\t\t\t\t\t\t\t\t\t<div class=\"as-wposslide\">\n\t\t\t\t\t\t\t\t\t\t\t\t\t\t\t<img decoding=\"async\" class=\"as-wposbg\" src=\"https:\/\/blogsaverroes.juntadeandalucia.es\/colegiocorrales\/files\/2021\/02\/WhatsApp-Image-2021-02-25-at-08.58.51-2.jpeg\" alt=\"\" \/>\t\n\t\t\t\t\t\t\t\t\t\t\t\t\t<\/div>\n\t\t\t\t\t\t\t\t\t\t\t<div class=\"as-wposslide\">\n\t\t\t\t\t\t\t\t\t\t\t\t\t\t\t<img decoding=\"async\" class=\"as-wposbg\" src=\"https:\/\/blogsaverroes.juntadeandalucia.es\/colegiocorrales\/files\/2021\/02\/WhatsApp-Image-2021-02-25-at-08.58.52-1.jpeg\" alt=\"\" \/>\t\n\t\t\t\t\t\t\t\t\t\t\t\t\t<\/div>\n\t\t\t\t\t\t\t\t\t\t\t<div class=\"as-wposslide\">\n\t\t\t\t\t\t\t\t\t\t\t\t\t\t\t<img decoding=\"async\" class=\"as-wposbg\" src=\"https:\/\/blogsaverroes.juntadeandalucia.es\/colegiocorrales\/files\/2021\/02\/WhatsApp-Image-2021-02-25-at-08.58.51.jpeg\" alt=\"\" \/>\t\n\t\t\t\t\t\t\t\t\t\t\t\t\t<\/div>\n\t\t\t\t\t\t\t\t\t\t\t<div class=\"as-wposslide\">\n\t\t\t\t\t\t\t\t\t\t\t\t\t\t\t<img decoding=\"async\" class=\"as-wposbg\" src=\"https:\/\/blogsaverroes.juntadeandalucia.es\/colegiocorrales\/files\/2021\/02\/WhatsApp-Image-2021-02-25-at-08.58.52.jpeg\" alt=\"\" \/>\t\n\t\t\t\t\t\t\t\t\t\t\t\t\t<\/div>\n\t\t\t\t\t\t\t\t\t\t\t<div class=\"as-wposslide\">\n\t\t\t\t\t\t\t\t\t\t\t\t\t\t\t<img decoding=\"async\" class=\"as-wposbg\" src=\"https:\/\/blogsaverroes.juntadeandalucia.es\/colegiocorrales\/files\/2021\/02\/WhatsApp-Image-2021-02-25-at-08.58.51-1.jpeg\" alt=\"\" \/>\t\n\t\t\t\t\t\t\t\t\t\t\t\t\t<\/div>\n\t\t\t\t\t\t\t\t\t\t\t<div class=\"as-wposslide\">\n\t\t\t\t\t\t\t\t\t\t\t\t\t\t\t<img decoding=\"async\" class=\"as-wposbg\" src=\"https:\/\/blogsaverroes.juntadeandalucia.es\/colegiocorrales\/files\/2021\/02\/WhatsApp-Image-2021-02-25-at-08.58.49.jpeg\" alt=\"\" \/>\t\n\t\t\t\t\t\t\t\t\t\t\t\t\t<\/div>\n\t\t\t\t\t\t\t\t\t<\/div>\n\t\t\t\t<div class=\"wpaas-conf wpaas-hide\">{\"visible_panels\":\"4\",\"width\":\"900\",\"height\":\"300\",\"orientation\":\"horizontal\",\"panel_distance\":\"10\",\"max_openedaccordion_size\":\"80%\",\"open_panel_on\":\"hover\",\"shadow\":\"true\",\"autoplay\":\"true\",\"mouse_wheel\":\"true\"}<\/div><!-- end of-slider-conf -->\n\t\t\t<\/div><!-- end .msacwl-carousel -->\n\t\t<\/div><!-- end .msacwl-carousel-wrap -->\n\t<\/p>\n<p>&nbsp;<\/p>\n<p>El Servicio de Aula Matinal en nuestro centro es realizado por la empresa \u00abAulas Formativas\u00bb.<\/p>\n<p><a href=\"mailto:aulasformativas@gmail.com\">aulasformativas@gmail.com<\/a><\/p>\n<p>El horario de Servicio de Aula Matinal en nuestro centro es de 7:30 a 9 horas, de lunes a viernes.<\/p>\n<p>Las normas de funcionamiento para el curso escolar 23 &#8211; 24 son las que se indican:<\/p>\n<p><strong>USUARIOS DEL AULA MATINAL<\/strong><\/p>\n<p>Podr\u00e1n tener exclusivamente la condici\u00f3n de usuarios del Aula Matinal los alumnos matriculados en el centro, que hayan sido admitidos al servicio y est\u00e9n al corriente del pago de todos los recibos del servicio del curso escolar anterior.<br \/>\nLa solicitud del servicio se realiza en el mes de junio en el per\u00edodo de matr\u00edcula. Una vez admitido en las listas definitivas que se publican a finales de junio puede comenzar a hacer uso al comienzo del servicio en el mes de septiembre.<br \/>\nNo obstante, si no realiz\u00f3 la solicitud en el mes de junio puede hacerlo en cualquier momento del curso.<br \/>\nHa de tener en cuenta que, en el caso de que ambos padres o tutores\/as legales trabajen tiene garant\u00eda de plaza. Si no es as\u00ed habr\u00e1 de observarse la existencia de plazas en ese momento.<\/p>\n<p><strong>SOLICITUD DE ALTA<\/strong><\/p>\n<p>Se comunicar\u00e1 a la direcci\u00f3n del centro escolar la solicitud de uso del Aula Matinal rellenando el Anexo II de Solicitud de servicios PAF.<\/p>\n<p><strong>SOLICITUD DE BAJA DE SERVICIO<\/strong><\/p>\n<p>Las solicitudes de baja tambi\u00e9n deber\u00e1n enviarse al centro educativo al mail <a href=\"mailto:21000048.edu@juntadendalucia.es\">21000048.edu@juntadendalucia.es<\/a> y al correo electr\u00f3nico <a href=\"mailto:aulasformativas@gmail.com\">aulasformativas@gmail.com<\/a>, antes del d\u00eda 25 del mes anterior al que corresponda la baja.<\/p>\n<p><strong>USOS EN EL SERVICIO DE AULA MATINAL<\/strong><\/p>\n<p>A mes vencido se pasar\u00e1n al cobro los usos del servicio de aula matinal teniendo en cuenta el precio diario de <strong>1&#8217;33\u20ac por d\u00eda\/uso y un tope m\u00e1ximo mensual de 17,51\u20ac mensuales, tal y como se aprob\u00f3 en BOJA n\u00ba 150 el pasado 02\/08\/2024 por la Junta de Andaluc\u00eda<\/strong>.<br \/>\nA este precio se debe reducir la parte bonificada.<\/p>\n<p>Las faltas injustificadas de cinco o m\u00e1s d\u00edas pueden provocar la p\u00e9rdida de la plaza del servicio de aula matinal, tal y como indica el PPT de la Junta de Andaluc\u00eda.<\/p>\n","protected":false},"excerpt":{"rendered":"<p>&nbsp; El Servicio de Aula Matinal en nuestro centro es realizado por la empresa \u00abAulas Formativas\u00bb. aulasformativas@gmail.com El horario de Servicio de Aula Matinal en nuestro centro es de 7:30 a 9 horas, de&#46;&#46;&#46;<\/p>\n","protected":false},"author":1,"featured_media":0,"parent":0,"menu_order":0,"comment_status":"closed","ping_status":"open","template":"","meta":{"ngg_post_thumbnail":0,"footnotes":"","_mc_calendar":[]},"aioseo_notices":[],"_links":{"self":[{"href":"https:\/\/blogsaverroes.juntadeandalucia.es\/colegiocorrales\/wp-json\/wp\/v2\/pages\/870"}],"collection":[{"href":"https:\/\/blogsaverroes.juntadeandalucia.es\/colegiocorrales\/wp-json\/wp\/v2\/pages"}],"about":[{"href":"https:\/\/blogsaverroes.juntadeandalucia.es\/colegiocorrales\/wp-json\/wp\/v2\/types\/page"}],"author":[{"embeddable":true,"href":"https:\/\/blogsaverroes.juntadeandalucia.es\/colegiocorrales\/wp-json\/wp\/v2\/users\/1"}],"replies":[{"embeddable":true,"href":"https:\/\/blogsaverroes.juntadeandalucia.es\/colegiocorrales\/wp-json\/wp\/v2\/comments?post=870"}],"version-history":[{"count":17,"href":"https:\/\/blogsaverroes.juntadeandalucia.es\/colegiocorrales\/wp-json\/wp\/v2\/pages\/870\/revisions"}],"predecessor-version":[{"id":5159,"href":"https:\/\/blogsaverroes.juntadeandalucia.es\/colegiocorrales\/wp-json\/wp\/v2\/pages\/870\/revisions\/5159"}],"wp:attachment":[{"href":"https:\/\/blogsaverroes.juntadeandalucia.es\/colegiocorrales\/wp-json\/wp\/v2\/media?parent=870"}],"curies":[{"name":"wp","href":"https:\/\/api.w.org\/{rel}","templated":true}]}}

<p style="text-align: center">
		<div class="wpaas-accordion-wrap wpaas-row-clearfix">
			<div id="wpaas-accordion-1" class="wpos-tab-slider">
				<div class="as-wposslides">
											<div class="as-wposslide">
															<img decoding="async" class="as-wposbg" src="https://blogsaverroes.juntadeandalucia.es/colegiocorrales/files/2021/02/WhatsApp-Image-2021-02-25-at-08.57.45-1.jpeg" alt="" />	
													</div>
											<div class="as-wposslide">
															<img decoding="async" class="as-wposbg" src="https://blogsaverroes.juntadeandalucia.es/colegiocorrales/files/2021/02/WhatsApp-Image-2021-02-25-at-08.57.45-3.jpeg" alt="" />	
													</div>
											<div class="as-wposslide">
															<img decoding="async" class="as-wposbg" src="https://blogsaverroes.juntadeandalucia.es/colegiocorrales/files/2021/02/WhatsApp-Image-2021-02-25-at-08.57.45.jpeg" alt="" />	
													</div>
											<div class="as-wposslide">
															<img decoding="async" class="as-wposbg" src="https://blogsaverroes.juntadeandalucia.es/colegiocorrales/files/2021/02/WhatsApp-Image-2021-02-25-at-08.58.14-1.jpeg" alt="" />	
													</div>
											<div class="as-wposslide">
															<img decoding="async" class="as-wposbg" src="https://blogsaverroes.juntadeandalucia.es/colegiocorrales/files/2021/02/WhatsApp-Image-2021-02-25-at-08.58.14-2.jpeg" alt="" />	
													</div>
											<div class="as-wposslide">
															<img decoding="async" class="as-wposbg" src="https://blogsaverroes.juntadeandalucia.es/colegiocorrales/files/2021/02/WhatsApp-Image-2021-02-25-at-08.58.14-3.jpeg" alt="" />	
													</div>
											<div class="as-wposslide">
															<img decoding="async" class="as-wposbg" src="https://blogsaverroes.juntadeandalucia.es/colegiocorrales/files/2021/02/WhatsApp-Image-2021-02-25-at-08.58.14.jpeg" alt="" />	
													</div>
											<div class="as-wposslide">
															<img decoding="async" class="as-wposbg" src="https://blogsaverroes.juntadeandalucia.es/colegiocorrales/files/2021/02/WhatsApp-Image-2021-02-25-at-08.58.47.jpeg" alt="" />	
													</div>
											<div class="as-wposslide">
															<img decoding="async" class="as-wposbg" src="https://blogsaverroes.juntadeandalucia.es/colegiocorrales/files/2021/02/WhatsApp-Image-2021-02-25-at-08.58.51-2.jpeg" alt="" />	
													</div>
											<div class="as-wposslide">
															<img decoding="async" class="as-wposbg" src="https://blogsaverroes.juntadeandalucia.es/colegiocorrales/files/2021/02/WhatsApp-Image-2021-02-25-at-08.58.52-1.jpeg" alt="" />	
													</div>
											<div class="as-wposslide">
															<img decoding="async" class="as-wposbg" src="https://blogsaverroes.juntadeandalucia.es/colegiocorrales/files/2021/02/WhatsApp-Image-2021-02-25-at-08.58.51.jpeg" alt="" />	
													</div>
											<div class="as-wposslide">
															<img decoding="async" class="as-wposbg" src="https://blogsaverroes.juntadeandalucia.es/colegiocorrales/files/2021/02/WhatsApp-Image-2021-02-25-at-08.58.52.jpeg" alt="" />	
													</div>
											<div class="as-wposslide">
															<img decoding="async" class="as-wposbg" src="https://blogsaverroes.juntadeandalucia.es/colegiocorrales/files/2021/02/WhatsApp-Image-2021-02-25-at-08.58.51-1.jpeg" alt="" />	
													</div>
											<div class="as-wposslide">
															<img decoding="async" class="as-wposbg" src="https://blogsaverroes.juntadeandalucia.es/colegiocorrales/files/2021/02/WhatsApp-Image-2021-02-25-at-08.58.49.jpeg" alt="" />	
													</div>
									</div>
				<div class="wpaas-conf wpaas-hide">{"visible_panels":"4","width":"900","height":"300","orientation":"horizontal","panel_distance":"10","max_openedaccordion_size":"80%","open_panel_on":"hover","shadow":"true","autoplay":"true","mouse_wheel":"true"}</div><!-- end of-slider-conf -->
			</div><!-- end .msacwl-carousel -->
		</div><!-- end .msacwl-carousel-wrap -->
	</p>
<p>&nbsp;</p>
<p>El Servicio de Aula Matinal en nuestro centro es realizado por la empresa «Aulas Formativas».</p>
<p><a href="mailto:aulasformativas@gmail.com">aulasformativas@gmail.com</a></p>
<p>El horario de Servicio de Aula Matinal en nuestro centro es de 7:30 a 9 horas, de lunes a viernes.</p>
<p>Las normas de funcionamiento para el curso escolar 23 &#8211; 24 son las que se indican:</p>
<p><strong>USUARIOS DEL AULA MATINAL</strong></p>
<p>Podrán tener exclusivamente la condición de usuarios del Aula Matinal los alumnos matriculados en el centro, que hayan sido admitidos al servicio y estén al corriente del pago de todos los recibos del servicio del curso escolar anterior.<br />
La solicitud del servicio se realiza en el mes de junio en el período de matrícula. Una vez admitido en las listas definitivas que se publican a finales de junio puede comenzar a hacer uso al comienzo del servicio en el mes de septiembre.<br />
No obstante, si no realizó la solicitud en el mes de junio puede hacerlo en cualquier momento del curso.<br />
Ha de tener en cuenta que, en el caso de que ambos padres o tutores/as legales trabajen tiene garantía de plaza. Si no es así habrá de observarse la existencia de plazas en ese momento.</p>
<p><strong>SOLICITUD DE ALTA</strong></p>
<p>Se comunicará a la dirección del centro escolar la solicitud de uso del Aula Matinal rellenando el Anexo II de Solicitud de servicios PAF.</p>
<p><strong>SOLICITUD DE BAJA DE SERVICIO</strong></p>
<p>Las solicitudes de baja también deberán enviarse al centro educativo al mail <a href="mailto:21000048.edu@juntadendalucia.es">21000048.edu@juntadendalucia.es</a> y al correo electrónico <a href="mailto:aulasformativas@gmail.com">aulasformativas@gmail.com</a>, antes del día 25 del mes anterior al que corresponda la baja.</p>
<p><strong>USOS EN EL SERVICIO DE AULA MATINAL</strong></p>
<p>A mes vencido se pasarán al cobro los usos del servicio de aula matinal teniendo en cuenta el precio diario de <strong>1&#8217;33€ por día/uso y un tope máximo mensual de 17,51€ mensuales, tal y como se aprobó en BOJA nº 150 el pasado 02/08/2024 por la Junta de Andalucía</strong>.<br />
A este precio se debe reducir la parte bonificada.</p>
<p>Las faltas injustificadas de cinco o más días pueden provocar la pérdida de la plaza del servicio de aula matinal, tal y como indica el PPT de la Junta de Andalucía.</p>
