{"id":867,"date":"2020-12-18T08:55:13","date_gmt":"2020-12-18T07:55:13","guid":{"rendered":"https:\/\/blogsaverroes.juntadeandalucia.es\/pre\/plantilla-pencil\/?page_id=867"},"modified":"2023-01-25T12:13:43","modified_gmt":"2023-01-25T11:13:43","slug":"idiomas","status":"publish","type":"page","link":"https:\/\/blogsaverroes.juntadeandalucia.es\/colegiodehesasviejas\/idiomas\/","title":{"rendered":"Datos del centro"},"content":{"rendered":"<p><strong>BIENVENIDOS A LA P\u00c1GINA WEB OFICIAL DEL CEIP NTRA. SRA. DEL ROSARIO&nbsp;<\/strong><\/p>\n<p>Por medio del men\u00fa de navegaci\u00f3n podr\u00e1s desplazarte por esta y otras p\u00e1ginas enlazadas, cuyo objetivo es informar a la comunidad educativa, as\u00ed como difundir las pr\u00e1cticas y experiencias que desarrollamos en el centro.&nbsp;<\/p>\n<h4><span style=\"text-decoration: underline\">Datos de contacto<\/span><\/h4>\n<p>CEIP NTRA. SRA. DEL ROSARIO<\/p>\n<ul class=\"centro1\">\n<li><b>C\u00f3digo:<\/b>&nbsp;18002279<\/li>\n<li><b>Centro:<\/b>&nbsp;C.E.I.P.&nbsp;Ntra. Sra. del Rosario<\/li>\n<li><b>Domicilio:<\/b>&nbsp;C\/ Eras, s\/n<\/li>\n<li><b>Localidad:<\/b>&nbsp;Dehesas Viejas<\/li>\n<li><b>Provincia:<\/b>&nbsp;Granada<\/li>\n<li><b>C\u00f3digo postal:<\/b>&nbsp;18567<\/li>\n<li><b>Tel\u00e9fono:<\/b> <strong>671 592 625<\/strong> &#8211; 958 399 638.<\/li>\n<li><b>Tel\u00e9fono corp:<\/b>&nbsp;196638<\/li>\n<li><b>Fax:<\/b>&nbsp;958396639<\/li>\n<li><b>email:<\/b>&nbsp; 18002279.edu@juntadeandalucia.es<\/li>\n<\/ul>\n<h4><span style=\"text-decoration: underline\"><strong>Horarios<\/strong><\/span><\/h4>\n<p>INFANTIL Y PRIMARIA: 9,00 \u2013 14,00 horas.<\/p>\n<p>1\u00ba CICLO ESO: 8,00 \u2013 14,30 horas.&nbsp;<\/p>\n<p>AULA MATINAL: no disponible<\/p>\n<p>COMEDOR: 14,00 \u2013 16,00<\/p>\n<p><span style=\"text-decoration: underline\"><strong>Adscripciones<\/strong><\/span><\/p>\n<p>3.er curso de Educaci\u00f3n Secundaria Obligatoria (ESO):&nbsp;I.E.S. Montes Orientales, c\u00f3digo de centro&nbsp;18700475.<\/p>\n<p><span style=\"text-decoration: underline\"><strong>Ubicaci\u00f3n<\/strong><\/span><\/p>\n<p><iframe loading=\"lazy\" src=\"https:\/\/www.google.com\/maps\/embed?pb=!1m18!1m12!1m3!1d3166.4706512104285!2d-3.5548431844212294!3d37.47321848722412!2m3!1f0!2f0!3f0!3m2!1i1024!2i768!4f13.1!3m3!1m2!1s0xd6e11bb13c75e59%3A0xbed71c9ba0787c9!2sColegio%20Nuestra%20Se%C3%B1ora%20del%20Rosario!5e0!3m2!1ses!2ses!4v1640622136363!5m2!1ses!2ses\" width=\"600\" height=\"450\"><\/iframe><\/p>\n<p>&nbsp;<\/p>\n<p><img loading=\"lazy\" decoding=\"async\" class=\" wp-image-1337 aligncenter\" src=\"https:\/\/blogsaverroes.juntadeandalucia.es\/colegiodehesasviejas\/files\/2022\/09\/CEIP-Ntra.-Sra.-del-Rosario-Dehesas-Viejas-212x300.jpg\" alt=\"\" width=\"433\" height=\"613\" srcset=\"https:\/\/blogsaverroes.juntadeandalucia.es\/colegiodehesasviejas\/files\/2022\/09\/CEIP-Ntra.-Sra.-del-Rosario-Dehesas-Viejas-212x300.jpg 212w, https:\/\/blogsaverroes.juntadeandalucia.es\/colegiodehesasviejas\/files\/2022\/09\/CEIP-Ntra.-Sra.-del-Rosario-Dehesas-Viejas-724x1024.jpg 724w, https:\/\/blogsaverroes.juntadeandalucia.es\/colegiodehesasviejas\/files\/2022\/09\/CEIP-Ntra.-Sra.-del-Rosario-Dehesas-Viejas-768x1086.jpg 768w, https:\/\/blogsaverroes.juntadeandalucia.es\/colegiodehesasviejas\/files\/2022\/09\/CEIP-Ntra.-Sra.-del-Rosario-Dehesas-Viejas-1086x1536.jpg 1086w, https:\/\/blogsaverroes.juntadeandalucia.es\/colegiodehesasviejas\/files\/2022\/09\/CEIP-Ntra.-Sra.-del-Rosario-Dehesas-Viejas.jpg 1414w\" sizes=\"(max-width: 433px) 100vw, 433px\" \/><\/p>\n<p>&nbsp;<\/p>\n<p>&nbsp;<\/p>\n<p>&nbsp;<\/p>\n","protected":false},"excerpt":{"rendered":"<p>BIENVENIDOS A LA P\u00c1GINA WEB OFICIAL DEL CEIP NTRA. SRA. DEL ROSARIO&nbsp; Por medio del men\u00fa de navegaci\u00f3n podr\u00e1s desplazarte por esta y otras p\u00e1ginas enlazadas, cuyo objetivo es informar a la comunidad educativa,&#46;&#46;&#46;<\/p>\n","protected":false},"author":6522,"featured_media":0,"parent":0,"menu_order":0,"comment_status":"closed","ping_status":"closed","template":"","meta":{"ngg_post_thumbnail":0,"footnotes":""},"aioseo_notices":[],"_links":{"self":[{"href":"https:\/\/blogsaverroes.juntadeandalucia.es\/colegiodehesasviejas\/wp-json\/wp\/v2\/pages\/867"}],"collection":[{"href":"https:\/\/blogsaverroes.juntadeandalucia.es\/colegiodehesasviejas\/wp-json\/wp\/v2\/pages"}],"about":[{"href":"https:\/\/blogsaverroes.juntadeandalucia.es\/colegiodehesasviejas\/wp-json\/wp\/v2\/types\/page"}],"author":[{"embeddable":true,"href":"https:\/\/blogsaverroes.juntadeandalucia.es\/colegiodehesasviejas\/wp-json\/wp\/v2\/users\/6522"}],"replies":[{"embeddable":true,"href":"https:\/\/blogsaverroes.juntadeandalucia.es\/colegiodehesasviejas\/wp-json\/wp\/v2\/comments?post=867"}],"version-history":[{"count":9,"href":"https:\/\/blogsaverroes.juntadeandalucia.es\/colegiodehesasviejas\/wp-json\/wp\/v2\/pages\/867\/revisions"}],"predecessor-version":[{"id":1470,"href":"https:\/\/blogsaverroes.juntadeandalucia.es\/colegiodehesasviejas\/wp-json\/wp\/v2\/pages\/867\/revisions\/1470"}],"wp:attachment":[{"href":"https:\/\/blogsaverroes.juntadeandalucia.es\/colegiodehesasviejas\/wp-json\/wp\/v2\/media?parent=867"}],"curies":[{"name":"wp","href":"https:\/\/api.w.org\/{rel}","templated":true}]}}