{"id":2753,"date":"2016-09-13T08:44:13","date_gmt":"2016-09-13T08:44:13","guid":{"rendered":"http:\/\/blogsaverroes.juntadeandalucia.es\/colegiodepruna\/?page_id=2753"},"modified":"2016-09-13T08:53:41","modified_gmt":"2016-09-13T08:53:41","slug":"instalaciones","status":"publish","type":"page","link":"https:\/\/blogsaverroes.juntadeandalucia.es\/colegiodepruna\/instalaciones\/","title":{"rendered":"Instalaciones"},"content":{"rendered":"<p>Galer\u00eda de im\u00e1genes<br \/>\n<!-- index.php -->\n<div\n\tclass=\"ngg-galleryoverview\n\t ngg-ajax-pagination-none\t\"\n\tid=\"ngg-gallery-449bc216d63afdd7f910b825e7248bf7-1\">\n\n\t\t<div class=\"slideshowlink\">\n\t\t<a href='https:\/\/blogsaverroes.juntadeandalucia.es\/colegiodepruna\/instalaciones\/nggallery\/slideshow'>[Mostrar presentaci\u00f3n de diapositivas]<\/a>\n\n\t<\/div>\n\t\t\t<!-- Thumbnails -->\n\t\t\t\t<div id=\"ngg-image-0\" class=\"ngg-gallery-thumbnail-box\"\n\t\t\t\t\t\t\t\t\t\t\t>\n\t\t\t\t\t\t<div class=\"ngg-gallery-thumbnail\">\n\t\t\t<a href=\"https:\/\/blogsaverroes.juntadeandalucia.es\/colegiodepruna\/wp-content\/uploads\/sites\/2037\/nggallery\/Instalaciones\/salonUsosMultiples.jpg\"\n\t\t\t\ttitle=\"\"\n\t\t\t\tdata-src=\"https:\/\/blogsaverroes.juntadeandalucia.es\/colegiodepruna\/wp-content\/uploads\/sites\/2037\/nggallery\/Instalaciones\/salonUsosMultiples.jpg\"\n\t\t\t\tdata-thumbnail=\"https:\/\/blogsaverroes.juntadeandalucia.es\/colegiodepruna\/wp-content\/uploads\/sites\/2037\/nggallery\/Instalaciones\/thumbs\/thumbs_salonUsosMultiples.jpg\"\n\t\t\t\tdata-image-id=\"63\"\n\t\t\t\tdata-title=\"Sal\u00f3n de usos m\u00faltiples\"\n\t\t\t\tdata-description=\"\"\n\t\t\t\tdata-image-slug=\"salonusosmultiples\"\n\t\t\t\tclass=\"ngg-fancybox\" rel=\"449bc216d63afdd7f910b825e7248bf7\">\n\t\t\t\t<img\n\t\t\t\t\ttitle=\"Sal\u00f3n de usos m\u00faltiples\"\n\t\t\t\t\talt=\"Sal\u00f3n de usos m\u00faltiples\"\n\t\t\t\t\tsrc=\"https:\/\/blogsaverroes.juntadeandalucia.es\/colegiodepruna\/wp-content\/uploads\/sites\/2037\/nggallery\/Instalaciones\/thumbs\/thumbs_salonUsosMultiples.jpg\"\n\t\t\t\t\twidth=\"240\"\n\t\t\t\t\theight=\"160\"\n\t\t\t\t\tstyle=\"max-width:100%;\"\n\t\t\t\t\/>\n\t\t\t<\/a>\n\t\t<\/div>\n\t\t\t\t\t\t\t<\/div>\n\t\t\t\n\t\t\n\t\t\t\t<div id=\"ngg-image-1\" class=\"ngg-gallery-thumbnail-box\"\n\t\t\t\t\t\t\t\t\t\t\t>\n\t\t\t\t\t\t<div class=\"ngg-gallery-thumbnail\">\n\t\t\t<a href=\"https:\/\/blogsaverroes.juntadeandalucia.es\/colegiodepruna\/wp-content\/uploads\/sites\/2037\/nggallery\/Instalaciones\/Aula_Ciencia.jpg\"\n\t\t\t\ttitle=\"\"\n\t\t\t\tdata-src=\"https:\/\/blogsaverroes.juntadeandalucia.es\/colegiodepruna\/wp-content\/uploads\/sites\/2037\/nggallery\/Instalaciones\/Aula_Ciencia.jpg\"\n\t\t\t\tdata-thumbnail=\"https:\/\/blogsaverroes.juntadeandalucia.es\/colegiodepruna\/wp-content\/uploads\/sites\/2037\/nggallery\/Instalaciones\/thumbs\/thumbs_Aula_Ciencia.jpg\"\n\t\t\t\tdata-image-id=\"64\"\n\t\t\t\tdata-title=\"Aula de Ciencia\"\n\t\t\t\tdata-description=\"\"\n\t\t\t\tdata-image-slug=\"aula_ciencia\"\n\t\t\t\tclass=\"ngg-fancybox\" rel=\"449bc216d63afdd7f910b825e7248bf7\">\n\t\t\t\t<img\n\t\t\t\t\ttitle=\"Aula de Ciencia\"\n\t\t\t\t\talt=\"Aula de Ciencia\"\n\t\t\t\t\tsrc=\"https:\/\/blogsaverroes.juntadeandalucia.es\/colegiodepruna\/wp-content\/uploads\/sites\/2037\/nggallery\/Instalaciones\/thumbs\/thumbs_Aula_Ciencia.jpg\"\n\t\t\t\t\twidth=\"240\"\n\t\t\t\t\theight=\"160\"\n\t\t\t\t\tstyle=\"max-width:100%;\"\n\t\t\t\t\/>\n\t\t\t<\/a>\n\t\t<\/div>\n\t\t\t\t\t\t\t<\/div>\n\t\t\t\n\t\t\n\t\t\t\t<div id=\"ngg-image-2\" class=\"ngg-gallery-thumbnail-box\"\n\t\t\t\t\t\t\t\t\t\t\t>\n\t\t\t\t\t\t<div class=\"ngg-gallery-thumbnail\">\n\t\t\t<a href=\"https:\/\/blogsaverroes.juntadeandalucia.es\/colegiodepruna\/wp-content\/uploads\/sites\/2037\/nggallery\/Instalaciones\/Aula_informatica.jpg\"\n\t\t\t\ttitle=\"\"\n\t\t\t\tdata-src=\"https:\/\/blogsaverroes.juntadeandalucia.es\/colegiodepruna\/wp-content\/uploads\/sites\/2037\/nggallery\/Instalaciones\/Aula_informatica.jpg\"\n\t\t\t\tdata-thumbnail=\"https:\/\/blogsaverroes.juntadeandalucia.es\/colegiodepruna\/wp-content\/uploads\/sites\/2037\/nggallery\/Instalaciones\/thumbs\/thumbs_Aula_informatica.jpg\"\n\t\t\t\tdata-image-id=\"65\"\n\t\t\t\tdata-title=\"Aula de Inform\u00e1tica\"\n\t\t\t\tdata-description=\"\"\n\t\t\t\tdata-image-slug=\"aula_informatica\"\n\t\t\t\tclass=\"ngg-fancybox\" rel=\"449bc216d63afdd7f910b825e7248bf7\">\n\t\t\t\t<img\n\t\t\t\t\ttitle=\"Aula de Inform\u00e1tica\"\n\t\t\t\t\talt=\"Aula de Inform\u00e1tica\"\n\t\t\t\t\tsrc=\"https:\/\/blogsaverroes.juntadeandalucia.es\/colegiodepruna\/wp-content\/uploads\/sites\/2037\/nggallery\/Instalaciones\/thumbs\/thumbs_Aula_informatica.jpg\"\n\t\t\t\t\twidth=\"240\"\n\t\t\t\t\theight=\"160\"\n\t\t\t\t\tstyle=\"max-width:100%;\"\n\t\t\t\t\/>\n\t\t\t<\/a>\n\t\t<\/div>\n\t\t\t\t\t\t\t<\/div>\n\t\t\t\n\t\t\n\t\t\t\t<div id=\"ngg-image-3\" class=\"ngg-gallery-thumbnail-box\"\n\t\t\t\t\t\t\t\t\t\t\t>\n\t\t\t\t\t\t<div class=\"ngg-gallery-thumbnail\">\n\t\t\t<a href=\"https:\/\/blogsaverroes.juntadeandalucia.es\/colegiodepruna\/wp-content\/uploads\/sites\/2037\/nggallery\/Instalaciones\/Biblioteca.jpg\"\n\t\t\t\ttitle=\"\"\n\t\t\t\tdata-src=\"https:\/\/blogsaverroes.juntadeandalucia.es\/colegiodepruna\/wp-content\/uploads\/sites\/2037\/nggallery\/Instalaciones\/Biblioteca.jpg\"\n\t\t\t\tdata-thumbnail=\"https:\/\/blogsaverroes.juntadeandalucia.es\/colegiodepruna\/wp-content\/uploads\/sites\/2037\/nggallery\/Instalaciones\/thumbs\/thumbs_Biblioteca.jpg\"\n\t\t\t\tdata-image-id=\"66\"\n\t\t\t\tdata-title=\"Biblioteca\"\n\t\t\t\tdata-description=\"\"\n\t\t\t\tdata-image-slug=\"biblioteca\"\n\t\t\t\tclass=\"ngg-fancybox\" rel=\"449bc216d63afdd7f910b825e7248bf7\">\n\t\t\t\t<img\n\t\t\t\t\ttitle=\"Biblioteca\"\n\t\t\t\t\talt=\"Biblioteca\"\n\t\t\t\t\tsrc=\"https:\/\/blogsaverroes.juntadeandalucia.es\/colegiodepruna\/wp-content\/uploads\/sites\/2037\/nggallery\/Instalaciones\/thumbs\/thumbs_Biblioteca.jpg\"\n\t\t\t\t\twidth=\"240\"\n\t\t\t\t\theight=\"160\"\n\t\t\t\t\tstyle=\"max-width:100%;\"\n\t\t\t\t\/>\n\t\t\t<\/a>\n\t\t<\/div>\n\t\t\t\t\t\t\t<\/div>\n\t\t\t\n\t\t\n\t\t\t\t<div id=\"ngg-image-4\" class=\"ngg-gallery-thumbnail-box\"\n\t\t\t\t\t\t\t\t\t\t\t>\n\t\t\t\t\t\t<div class=\"ngg-gallery-thumbnail\">\n\t\t\t<a href=\"https:\/\/blogsaverroes.juntadeandalucia.es\/colegiodepruna\/wp-content\/uploads\/sites\/2037\/nggallery\/Instalaciones\/Comedor2.jpg\"\n\t\t\t\ttitle=\"\"\n\t\t\t\tdata-src=\"https:\/\/blogsaverroes.juntadeandalucia.es\/colegiodepruna\/wp-content\/uploads\/sites\/2037\/nggallery\/Instalaciones\/Comedor2.jpg\"\n\t\t\t\tdata-thumbnail=\"https:\/\/blogsaverroes.juntadeandalucia.es\/colegiodepruna\/wp-content\/uploads\/sites\/2037\/nggallery\/Instalaciones\/thumbs\/thumbs_Comedor2.jpg\"\n\t\t\t\tdata-image-id=\"67\"\n\t\t\t\tdata-title=\"Comedor\"\n\t\t\t\tdata-description=\"\"\n\t\t\t\tdata-image-slug=\"comedor2\"\n\t\t\t\tclass=\"ngg-fancybox\" rel=\"449bc216d63afdd7f910b825e7248bf7\">\n\t\t\t\t<img\n\t\t\t\t\ttitle=\"Comedor\"\n\t\t\t\t\talt=\"Comedor\"\n\t\t\t\t\tsrc=\"https:\/\/blogsaverroes.juntadeandalucia.es\/colegiodepruna\/wp-content\/uploads\/sites\/2037\/nggallery\/Instalaciones\/thumbs\/thumbs_Comedor2.jpg\"\n\t\t\t\t\twidth=\"240\"\n\t\t\t\t\theight=\"160\"\n\t\t\t\t\tstyle=\"max-width:100%;\"\n\t\t\t\t\/>\n\t\t\t<\/a>\n\t\t<\/div>\n\t\t\t\t\t\t\t<\/div>\n\t\t\t\n\t\t\n\t\t\t\t<div id=\"ngg-image-5\" class=\"ngg-gallery-thumbnail-box\"\n\t\t\t\t\t\t\t\t\t\t\t>\n\t\t\t\t\t\t<div class=\"ngg-gallery-thumbnail\">\n\t\t\t<a href=\"https:\/\/blogsaverroes.juntadeandalucia.es\/colegiodepruna\/wp-content\/uploads\/sites\/2037\/nggallery\/Instalaciones\/gimnasio.jpg\"\n\t\t\t\ttitle=\"\"\n\t\t\t\tdata-src=\"https:\/\/blogsaverroes.juntadeandalucia.es\/colegiodepruna\/wp-content\/uploads\/sites\/2037\/nggallery\/Instalaciones\/gimnasio.jpg\"\n\t\t\t\tdata-thumbnail=\"https:\/\/blogsaverroes.juntadeandalucia.es\/colegiodepruna\/wp-content\/uploads\/sites\/2037\/nggallery\/Instalaciones\/thumbs\/thumbs_gimnasio.jpg\"\n\t\t\t\tdata-image-id=\"68\"\n\t\t\t\tdata-title=\"Gimnasio\"\n\t\t\t\tdata-description=\"\"\n\t\t\t\tdata-image-slug=\"gimnasio\"\n\t\t\t\tclass=\"ngg-fancybox\" rel=\"449bc216d63afdd7f910b825e7248bf7\">\n\t\t\t\t<img\n\t\t\t\t\ttitle=\"Gimnasio\"\n\t\t\t\t\talt=\"Gimnasio\"\n\t\t\t\t\tsrc=\"https:\/\/blogsaverroes.juntadeandalucia.es\/colegiodepruna\/wp-content\/uploads\/sites\/2037\/nggallery\/Instalaciones\/thumbs\/thumbs_gimnasio.jpg\"\n\t\t\t\t\twidth=\"240\"\n\t\t\t\t\theight=\"160\"\n\t\t\t\t\tstyle=\"max-width:100%;\"\n\t\t\t\t\/>\n\t\t\t<\/a>\n\t\t<\/div>\n\t\t\t\t\t\t\t<\/div>\n\t\t\t\n\t\t\n\t\t\t\t<div id=\"ngg-image-6\" class=\"ngg-gallery-thumbnail-box\"\n\t\t\t\t\t\t\t\t\t\t\t>\n\t\t\t\t\t\t<div class=\"ngg-gallery-thumbnail\">\n\t\t\t<a href=\"https:\/\/blogsaverroes.juntadeandalucia.es\/colegiodepruna\/wp-content\/uploads\/sites\/2037\/nggallery\/Instalaciones\/patio_central.jpg\"\n\t\t\t\ttitle=\"\"\n\t\t\t\tdata-src=\"https:\/\/blogsaverroes.juntadeandalucia.es\/colegiodepruna\/wp-content\/uploads\/sites\/2037\/nggallery\/Instalaciones\/patio_central.jpg\"\n\t\t\t\tdata-thumbnail=\"https:\/\/blogsaverroes.juntadeandalucia.es\/colegiodepruna\/wp-content\/uploads\/sites\/2037\/nggallery\/Instalaciones\/thumbs\/thumbs_patio_central.jpg\"\n\t\t\t\tdata-image-id=\"69\"\n\t\t\t\tdata-title=\"Patio central\"\n\t\t\t\tdata-description=\"\"\n\t\t\t\tdata-image-slug=\"patio_central\"\n\t\t\t\tclass=\"ngg-fancybox\" rel=\"449bc216d63afdd7f910b825e7248bf7\">\n\t\t\t\t<img\n\t\t\t\t\ttitle=\"Patio central\"\n\t\t\t\t\talt=\"Patio central\"\n\t\t\t\t\tsrc=\"https:\/\/blogsaverroes.juntadeandalucia.es\/colegiodepruna\/wp-content\/uploads\/sites\/2037\/nggallery\/Instalaciones\/thumbs\/thumbs_patio_central.jpg\"\n\t\t\t\t\twidth=\"240\"\n\t\t\t\t\theight=\"160\"\n\t\t\t\t\tstyle=\"max-width:100%;\"\n\t\t\t\t\/>\n\t\t\t<\/a>\n\t\t<\/div>\n\t\t\t\t\t\t\t<\/div>\n\t\t\t\n\t\t\n\t\t\t\t<div id=\"ngg-image-7\" class=\"ngg-gallery-thumbnail-box\"\n\t\t\t\t\t\t\t\t\t\t\t>\n\t\t\t\t\t\t<div class=\"ngg-gallery-thumbnail\">\n\t\t\t<a href=\"https:\/\/blogsaverroes.juntadeandalucia.es\/colegiodepruna\/wp-content\/uploads\/sites\/2037\/nggallery\/Instalaciones\/Patio_infantil.jpg\"\n\t\t\t\ttitle=\"\"\n\t\t\t\tdata-src=\"https:\/\/blogsaverroes.juntadeandalucia.es\/colegiodepruna\/wp-content\/uploads\/sites\/2037\/nggallery\/Instalaciones\/Patio_infantil.jpg\"\n\t\t\t\tdata-thumbnail=\"https:\/\/blogsaverroes.juntadeandalucia.es\/colegiodepruna\/wp-content\/uploads\/sites\/2037\/nggallery\/Instalaciones\/thumbs\/thumbs_Patio_infantil.jpg\"\n\t\t\t\tdata-image-id=\"70\"\n\t\t\t\tdata-title=\"Patio de infantil\"\n\t\t\t\tdata-description=\"\"\n\t\t\t\tdata-image-slug=\"patio_infantil\"\n\t\t\t\tclass=\"ngg-fancybox\" rel=\"449bc216d63afdd7f910b825e7248bf7\">\n\t\t\t\t<img\n\t\t\t\t\ttitle=\"Patio de infantil\"\n\t\t\t\t\talt=\"Patio de infantil\"\n\t\t\t\t\tsrc=\"https:\/\/blogsaverroes.juntadeandalucia.es\/colegiodepruna\/wp-content\/uploads\/sites\/2037\/nggallery\/Instalaciones\/thumbs\/thumbs_Patio_infantil.jpg\"\n\t\t\t\t\twidth=\"240\"\n\t\t\t\t\theight=\"160\"\n\t\t\t\t\tstyle=\"max-width:100%;\"\n\t\t\t\t\/>\n\t\t\t<\/a>\n\t\t<\/div>\n\t\t\t\t\t\t\t<\/div>\n\t\t\t\n\t\t\n\t\t\n\t\t<!-- Pagination -->\n\t\t<div class='ngg-clear'><\/div>\t<\/div>\n<\/p>\n","protected":false},"excerpt":{"rendered":"<p>Galer\u00eda de im\u00e1genes [Mostrar presentaci\u00f3n de diapositivas]<\/p>\n","protected":false},"author":3853,"featured_media":0,"parent":0,"menu_order":0,"comment_status":"closed","ping_status":"open","template":"","meta":{"ngg_post_thumbnail":0,"footnotes":"","_mc_calendar":[]},"aioseo_notices":[],"post_mailing_queue_ids":[],"_links":{"self":[{"href":"https:\/\/blogsaverroes.juntadeandalucia.es\/colegiodepruna\/wp-json\/wp\/v2\/pages\/2753"}],"collection":[{"href":"https:\/\/blogsaverroes.juntadeandalucia.es\/colegiodepruna\/wp-json\/wp\/v2\/pages"}],"about":[{"href":"https:\/\/blogsaverroes.juntadeandalucia.es\/colegiodepruna\/wp-json\/wp\/v2\/types\/page"}],"author":[{"embeddable":true,"href":"https:\/\/blogsaverroes.juntadeandalucia.es\/colegiodepruna\/wp-json\/wp\/v2\/users\/3853"}],"replies":[{"embeddable":true,"href":"https:\/\/blogsaverroes.juntadeandalucia.es\/colegiodepruna\/wp-json\/wp\/v2\/comments?post=2753"}],"version-history":[{"count":3,"href":"https:\/\/blogsaverroes.juntadeandalucia.es\/colegiodepruna\/wp-json\/wp\/v2\/pages\/2753\/revisions"}],"predecessor-version":[{"id":2783,"href":"https:\/\/blogsaverroes.juntadeandalucia.es\/colegiodepruna\/wp-json\/wp\/v2\/pages\/2753\/revisions\/2783"}],"wp:attachment":[{"href":"https:\/\/blogsaverroes.juntadeandalucia.es\/colegiodepruna\/wp-json\/wp\/v2\/media?parent=2753"}],"curies":[{"name":"wp","href":"https:\/\/api.w.org\/{rel}","templated":true}]}}