{"id":3908,"date":"2021-02-28T18:05:40","date_gmt":"2021-02-28T18:05:40","guid":{"rendered":"https:\/\/blogsaverroes.juntadeandalucia.es\/colegiodepruna\/?page_id=3908"},"modified":"2021-02-28T18:05:40","modified_gmt":"2021-02-28T18:05:40","slug":"menu-comedor","status":"publish","type":"page","link":"https:\/\/blogsaverroes.juntadeandalucia.es\/colegiodepruna\/menu-comedor\/","title":{"rendered":"MEN\u00da COMEDOR"},"content":{"rendered":"<p><a href=\"https:\/\/blogsaverroes.juntadeandalucia.es\/colegiodepruna\/files\/2021\/02\/MEN\u00da-ESCOLAR-CEIP-LA-INMACULADA-1-y-2.pdf\">MEN\u00da ESCOLAR CEIP LA INMACULADA 1 y 2<\/a><\/p>\n<p><a href=\"https:\/\/blogsaverroes.juntadeandalucia.es\/colegiodepruna\/files\/2021\/02\/MEN\u00da-ESCOLAR-CEIP-LA-INMACULADA-3-y-4.pdf\">MEN\u00da ESCOLAR CEIP LA INMACULADA 3 y 4<\/a><\/p>\n<p><a href=\"https:\/\/blogsaverroes.juntadeandalucia.es\/colegiodepruna\/files\/2021\/02\/MEN\u00da-ESCOLAR-CEIP-LA-INMACULADA-5-y-6.pdf\">MEN\u00da ESCOLAR CEIP LA INMACULADA 5 y 6<\/a><\/p>\n<p><a href=\"https:\/\/blogsaverroes.juntadeandalucia.es\/colegiodepruna\/files\/2021\/02\/MEN\u00da-ESCOLAR-CEIP-LA-INMACULADA-7-y-8.pdf\">MEN\u00da ESCOLAR CEIP LA INMACULADA 7 y 8<\/a><\/p>\n<p><a href=\"https:\/\/blogsaverroes.juntadeandalucia.es\/colegiodepruna\/files\/2021\/02\/Cenas-complementarias.-Colegio-La-Inmaculada.pdf\">CENAS COMPLEMENTARIAS. CEIP LA INMACULADA<\/a><\/p>\n","protected":false},"excerpt":{"rendered":"<p>MEN\u00da ESCOLAR CEIP LA INMACULADA 1 y 2 MEN\u00da ESCOLAR CEIP LA INMACULADA 3 y 4 MEN\u00da ESCOLAR CEIP LA INMACULADA 5 y 6 MEN\u00da ESCOLAR CEIP LA INMACULADA 7 y 8 CENAS COMPLEMENTARIAS.&#46;&#46;&#46;<\/p>\n","protected":false},"author":3853,"featured_media":0,"parent":0,"menu_order":0,"comment_status":"closed","ping_status":"closed","template":"","meta":{"ngg_post_thumbnail":0,"footnotes":"","_mc_calendar":[]},"aioseo_notices":[],"post_mailing_queue_ids":[],"_links":{"self":[{"href":"https:\/\/blogsaverroes.juntadeandalucia.es\/colegiodepruna\/wp-json\/wp\/v2\/pages\/3908"}],"collection":[{"href":"https:\/\/blogsaverroes.juntadeandalucia.es\/colegiodepruna\/wp-json\/wp\/v2\/pages"}],"about":[{"href":"https:\/\/blogsaverroes.juntadeandalucia.es\/colegiodepruna\/wp-json\/wp\/v2\/types\/page"}],"author":[{"embeddable":true,"href":"https:\/\/blogsaverroes.juntadeandalucia.es\/colegiodepruna\/wp-json\/wp\/v2\/users\/3853"}],"replies":[{"embeddable":true,"href":"https:\/\/blogsaverroes.juntadeandalucia.es\/colegiodepruna\/wp-json\/wp\/v2\/comments?post=3908"}],"version-history":[{"count":2,"href":"https:\/\/blogsaverroes.juntadeandalucia.es\/colegiodepruna\/wp-json\/wp\/v2\/pages\/3908\/revisions"}],"predecessor-version":[{"id":5888,"href":"https:\/\/blogsaverroes.juntadeandalucia.es\/colegiodepruna\/wp-json\/wp\/v2\/pages\/3908\/revisions\/5888"}],"wp:attachment":[{"href":"https:\/\/blogsaverroes.juntadeandalucia.es\/colegiodepruna\/wp-json\/wp\/v2\/media?parent=3908"}],"curies":[{"name":"wp","href":"https:\/\/api.w.org\/{rel}","templated":true}]}}