{"id":4201,"date":"2021-11-28T21:12:07","date_gmt":"2021-11-28T21:12:07","guid":{"rendered":"https:\/\/blogsaverroes.juntadeandalucia.es\/colegiodepruna\/?page_id=4201"},"modified":"2025-04-06T10:06:44","modified_gmt":"2025-04-06T10:06:44","slug":"modificaciones","status":"publish","type":"page","link":"https:\/\/blogsaverroes.juntadeandalucia.es\/colegiodepruna\/modificaciones\/","title":{"rendered":"MODIFICACIONES"},"content":{"rendered":"<p><a href=\"https:\/\/blogsaverroes.juntadeandalucia.es\/colegiodepruna\/files\/2022\/11\/Introducci\u00f3n.pdf\">Introducci\u00f3n<\/a><\/p>\n<p><a href=\"https:\/\/blogsaverroes.juntadeandalucia.es\/colegiodepruna\/files\/2024\/04\/A-Objetivos-propios-para-la-mejora-del-rendimiento-escolar.-1.pdf\">A) Objetivos propios para la mejora del rendimiento escolar.<\/a><\/p>\n<p><a href=\"https:\/\/blogsaverroes.juntadeandalucia.es\/colegiodepruna\/files\/2024\/04\/B-Lineas-de-actuaci\u00f3n-pedagogica.-1.pdf\">B) L\u00edneas de actuaci\u00f3n pedag\u00f3gica.<\/a><\/p>\n<p><a href=\"https:\/\/blogsaverroes.juntadeandalucia.es\/colegiodepruna\/files\/2024\/04\/E-Los-procedimientos-y-criterios-de-evaluaci\u00f3n-1.pdf\">E) Los procedimientos y criterios de evaluaci\u00f3n y promoci\u00f3n del alumnado<\/a><\/p>\n<p><a href=\"https:\/\/blogsaverroes.juntadeandalucia.es\/colegiodepruna\/files\/2021\/11\/Apartado-F-Proyecto-Educativo-Plan-de-atenci\u00f3n-a-la-diversidad.pdf\">F) Plan de atenci\u00f3n a la diversidad<\/a><\/p>\n<p><a href=\"https:\/\/blogsaverroes.juntadeandalucia.es\/colegiodepruna\/files\/2024\/04\/H-Plan-de-orientaci\u00f3n.pdf\">H) Plan de orientaci\u00f3n y acci\u00f3n tutorial<\/a><\/p>\n<p><a href=\"https:\/\/blogsaverroes.juntadeandalucia.es\/colegiodepruna\/files\/2020\/11\/J-Plan-de-convivencia.pdf\">J) Plan de convivencia<\/a><\/p>\n<p><a href=\"https:\/\/blogsaverroes.juntadeandalucia.es\/colegiodepruna\/files\/2022\/11\/N-Criterios-para-establecer-los-agrupamientos.pdf\">N) Criterios para establecer los agrupamientos<\/a><\/p>\n<p><a href=\"https:\/\/blogsaverroes.juntadeandalucia.es\/colegiodepruna\/files\/2020\/11\/R-Los-Planes-estrat\u00e9gicos-que-se-est\u00e1n-desarrollando-en-el-Centro.pdf\">R) Los Planes estrat\u00e9gicos que se est\u00e1n desarrollando en el Centro (2020)<\/a><\/p>\n<p><a href=\"https:\/\/blogsaverroes.juntadeandalucia.es\/colegiodepruna\/files\/2021\/11\/Apartado-R-Proyecto-Educativo-Los-planes-estrat\u00e9gicos-que-se-estan-desarrollando-en-el-Centro.pdf\">R) Los planes estrat\u00e9gicos que se est\u00e1n desarrollando en el Centro (2021)<\/a><\/p>\n<p><a href=\"https:\/\/blogsaverroes.juntadeandalucia.es\/colegiodepruna\/files\/2025\/04\/Calendario-de-reuniones-24-25.pdf\">Anexo apartado D del Proyecto Educativo (Planificaci\u00f3n de reuniones de coordinaci\u00f3n)<\/a><\/p>\n<p><a href=\"https:\/\/blogsaverroes.juntadeandalucia.es\/colegiodepruna\/files\/2025\/04\/Anexo-apartado-K-Proyecto-Educativo-Plan-de-formacion-curso-2024-2025.pdf\">Anexo apartado K Proyecto Educativo (Plan de formaci\u00f3n curso 2024-2025)<\/a><\/p>\n<p><a href=\"https:\/\/blogsaverroes.juntadeandalucia.es\/colegiodepruna\/files\/2025\/04\/Plan-de-Actuacion-Digital.pdf\">Anexo apartado R Proyecto Educativo (Plan de Transformaci\u00f3n Digital)<\/a><\/p>\n<p><a href=\"https:\/\/blogsaverroes.juntadeandalucia.es\/colegiodepruna\/files\/2024\/04\/Plan-de-Transformaci\u00f3n-Digital.pdf\">Anexo apartado R Proyecto Educativo (<\/a><a href=\"https:\/\/blogsaverroes.juntadeandalucia.es\/colegiodepruna\/files\/2024\/04\/Plan-de-Lectura-del-CEIP-La-Inmaculada-Pruna.-3.pdf\">Plan de Lectura )<\/a><\/p>\n<p><a href=\"https:\/\/blogsaverroes.juntadeandalucia.es\/colegiodepruna\/files\/2022\/11\/Anexo-I-T\u00edtulo-VII-ROF-Plan-de-autoprotecci\u00f3n.pdf\">Anexo I T\u00edtulo VII ROF (Plan de autoprotecci\u00f3n)<\/a><\/p>\n<p><a href=\"https:\/\/blogsaverroes.juntadeandalucia.es\/colegiodepruna\/files\/2022\/11\/ANEXO-T\u00cdTULO-IX-ROF-otros-aspectos-sobre-organizaci\u00f3n-y-funcionamiento-del-centro.pdf\">ANEXO T\u00cdTULO IX ROF (otros aspectos sobre organizaci\u00f3n y funcionamiento del centro)<\/a><\/p>\n<p><a href=\"https:\/\/blogsaverroes.juntadeandalucia.es\/colegiodepruna\/programaciones\/\">Anexo apartado \u00d1 Proyecto Educativo ( Programaciones Did\u00e1cticas)<\/a><\/p>\n<p>&nbsp;<\/p>\n<p>&nbsp;<\/p>\n","protected":false},"excerpt":{"rendered":"<p>Introducci\u00f3n A) Objetivos propios para la mejora del rendimiento escolar. B) L\u00edneas de actuaci\u00f3n pedag\u00f3gica. E) Los procedimientos y criterios de evaluaci\u00f3n y promoci\u00f3n del alumnado F) Plan de atenci\u00f3n a la diversidad H)&#46;&#46;&#46;<\/p>\n","protected":false},"author":3853,"featured_media":0,"parent":0,"menu_order":0,"comment_status":"closed","ping_status":"closed","template":"","meta":{"ngg_post_thumbnail":0,"footnotes":"","_mc_calendar":[]},"aioseo_notices":[],"post_mailing_queue_ids":[],"_links":{"self":[{"href":"https:\/\/blogsaverroes.juntadeandalucia.es\/colegiodepruna\/wp-json\/wp\/v2\/pages\/4201"}],"collection":[{"href":"https:\/\/blogsaverroes.juntadeandalucia.es\/colegiodepruna\/wp-json\/wp\/v2\/pages"}],"about":[{"href":"https:\/\/blogsaverroes.juntadeandalucia.es\/colegiodepruna\/wp-json\/wp\/v2\/types\/page"}],"author":[{"embeddable":true,"href":"https:\/\/blogsaverroes.juntadeandalucia.es\/colegiodepruna\/wp-json\/wp\/v2\/users\/3853"}],"replies":[{"embeddable":true,"href":"https:\/\/blogsaverroes.juntadeandalucia.es\/colegiodepruna\/wp-json\/wp\/v2\/comments?post=4201"}],"version-history":[{"count":13,"href":"https:\/\/blogsaverroes.juntadeandalucia.es\/colegiodepruna\/wp-json\/wp\/v2\/pages\/4201\/revisions"}],"predecessor-version":[{"id":6518,"href":"https:\/\/blogsaverroes.juntadeandalucia.es\/colegiodepruna\/wp-json\/wp\/v2\/pages\/4201\/revisions\/6518"}],"wp:attachment":[{"href":"https:\/\/blogsaverroes.juntadeandalucia.es\/colegiodepruna\/wp-json\/wp\/v2\/media?parent=4201"}],"curies":[{"name":"wp","href":"https:\/\/api.w.org\/{rel}","templated":true}]}}