{"id":2604,"date":"2019-03-03T23:34:55","date_gmt":"2019-03-03T23:34:55","guid":{"rendered":"https:\/\/blogsaverroes.juntadeandalucia.es\/colegioelpilar\/?page_id=2604"},"modified":"2019-03-10T11:47:44","modified_gmt":"2019-03-10T11:47:44","slug":"aldea","status":"publish","type":"page","link":"https:\/\/blogsaverroes.juntadeandalucia.es\/colegioelpilar\/aldea\/","title":{"rendered":"Aldea"},"content":{"rendered":"<p style=\"text-align: justify\">&nbsp; &nbsp; &nbsp; &nbsp; &nbsp; &nbsp; &nbsp; &nbsp; &nbsp;Todo el alumnado del Centro participa en este Programa de educaci\u00f3n ambiental, con el que se pretende concienciar a la comunidad de la conservaci\u00f3n del medio natural, desde su conocimiento y la visi\u00f3n de la necesidad de su mantenimiento, potenciando la necesidad del Reciclado y disminuci\u00f3n del consumo de materiales&nbsp; no biodegradables.&nbsp;&nbsp;<\/p>\n<p style=\"text-align: center\">&nbsp;<a href=\"http:\/\/www.juntadeandalucia.es\/educacion\/webportal\/web\/planes-y-programas\/educacion-ambiental\"><img loading=\"lazy\" decoding=\"async\" class=\"alignnone size-medium wp-image-2606\" src=\"https:\/\/blogsaverroes.juntadeandalucia.es\/colegioelpilar\/files\/2019\/03\/Aldea-300x194.jpg\" alt=\"\" width=\"300\" height=\"194\" srcset=\"https:\/\/blogsaverroes.juntadeandalucia.es\/colegioelpilar\/files\/2019\/03\/Aldea-300x194.jpg 300w, https:\/\/blogsaverroes.juntadeandalucia.es\/colegioelpilar\/files\/2019\/03\/Aldea-24x16.jpg 24w, https:\/\/blogsaverroes.juntadeandalucia.es\/colegioelpilar\/files\/2019\/03\/Aldea-36x23.jpg 36w, https:\/\/blogsaverroes.juntadeandalucia.es\/colegioelpilar\/files\/2019\/03\/Aldea-48x31.jpg 48w, https:\/\/blogsaverroes.juntadeandalucia.es\/colegioelpilar\/files\/2019\/03\/Aldea.jpg 402w\" sizes=\"(max-width: 300px) 100vw, 300px\" \/><\/a><\/p>\n<p style=\"text-align: justify\">&nbsp; &nbsp; &nbsp; &nbsp;Aldea, Educaci\u00f3n Ambiental para la Comunidad Educativa se configura como una herramienta para favorecer el desarrollo de las competencias clave del alumnado, el intercambio de experiencias educativas, el trabajo en equipo, la creaci\u00f3n de redes profesionales, el trabajo por proyectos u otras metodolog\u00edas activas e innovadoras que propicien, en definitiva, un cambio en conductas ambientales con nuestro entorno y que incida en la pr\u00e1ctica educativa diaria.<\/p>\n","protected":false},"excerpt":{"rendered":"<p>&nbsp; &nbsp; &nbsp; &nbsp; &nbsp; &nbsp; &nbsp; &nbsp; &nbsp;Todo el alumnado del Centro participa en este Programa de educaci\u00f3n ambiental, con el que se pretende concienciar a la comunidad de la conservaci\u00f3n del medio natural, desde su conocimiento y la visi\u00f3n de la necesidad de su mantenimiento, potenciando la necesidad del Reciclado y disminuci\u00f3n del &hellip; <a href=\"https:\/\/blogsaverroes.juntadeandalucia.es\/colegioelpilar\/aldea\/\" class=\"more-link\">Sigue leyendo <span class=\"screen-reader-text\">Aldea<\/span><\/a><\/p>\n","protected":false},"author":6891,"featured_media":0,"parent":0,"menu_order":0,"comment_status":"closed","ping_status":"closed","template":"page-templates\/child-menu.php","meta":{"ngg_post_thumbnail":0,"footnotes":"","_mc_calendar":[]},"aioseo_notices":[],"_links":{"self":[{"href":"https:\/\/blogsaverroes.juntadeandalucia.es\/colegioelpilar\/wp-json\/wp\/v2\/pages\/2604"}],"collection":[{"href":"https:\/\/blogsaverroes.juntadeandalucia.es\/colegioelpilar\/wp-json\/wp\/v2\/pages"}],"about":[{"href":"https:\/\/blogsaverroes.juntadeandalucia.es\/colegioelpilar\/wp-json\/wp\/v2\/types\/page"}],"author":[{"embeddable":true,"href":"https:\/\/blogsaverroes.juntadeandalucia.es\/colegioelpilar\/wp-json\/wp\/v2\/users\/6891"}],"replies":[{"embeddable":true,"href":"https:\/\/blogsaverroes.juntadeandalucia.es\/colegioelpilar\/wp-json\/wp\/v2\/comments?post=2604"}],"version-history":[{"count":4,"href":"https:\/\/blogsaverroes.juntadeandalucia.es\/colegioelpilar\/wp-json\/wp\/v2\/pages\/2604\/revisions"}],"predecessor-version":[{"id":2674,"href":"https:\/\/blogsaverroes.juntadeandalucia.es\/colegioelpilar\/wp-json\/wp\/v2\/pages\/2604\/revisions\/2674"}],"wp:attachment":[{"href":"https:\/\/blogsaverroes.juntadeandalucia.es\/colegioelpilar\/wp-json\/wp\/v2\/media?parent=2604"}],"curies":[{"name":"wp","href":"https:\/\/api.w.org\/{rel}","templated":true}]}}

<p style="text-align: justify">&nbsp; &nbsp; &nbsp; &nbsp; &nbsp; &nbsp; &nbsp; &nbsp; &nbsp;Todo el alumnado del Centro participa en este Programa de educación ambiental, con el que se pretende concienciar a la comunidad de la conservación del medio natural, desde su conocimiento y la visión de la necesidad de su mantenimiento, potenciando la necesidad del Reciclado y disminución del consumo de materiales&nbsp; no biodegradables.&nbsp;&nbsp;</p>
<p style="text-align: center">&nbsp;<a href="http://www.juntadeandalucia.es/educacion/webportal/web/planes-y-programas/educacion-ambiental"><img loading="lazy" decoding="async" class="alignnone size-medium wp-image-2606" src="https://blogsaverroes.juntadeandalucia.es/colegioelpilar/files/2019/03/Aldea-300x194.jpg" alt="" width="300" height="194" srcset="https://blogsaverroes.juntadeandalucia.es/colegioelpilar/files/2019/03/Aldea-300x194.jpg 300w, https://blogsaverroes.juntadeandalucia.es/colegioelpilar/files/2019/03/Aldea-24x16.jpg 24w, https://blogsaverroes.juntadeandalucia.es/colegioelpilar/files/2019/03/Aldea-36x23.jpg 36w, https://blogsaverroes.juntadeandalucia.es/colegioelpilar/files/2019/03/Aldea-48x31.jpg 48w, https://blogsaverroes.juntadeandalucia.es/colegioelpilar/files/2019/03/Aldea.jpg 402w" sizes="(max-width: 300px) 100vw, 300px" /></a></p>
<p style="text-align: justify">&nbsp; &nbsp; &nbsp; &nbsp;Aldea, Educación Ambiental para la Comunidad Educativa se configura como una herramienta para favorecer el desarrollo de las competencias clave del alumnado, el intercambio de experiencias educativas, el trabajo en equipo, la creación de redes profesionales, el trabajo por proyectos u otras metodologías activas e innovadoras que propicien, en definitiva, un cambio en conductas ambientales con nuestro entorno y que incida en la práctica educativa diaria.</p>

<p>&nbsp; &nbsp; &nbsp; &nbsp; &nbsp; &nbsp; &nbsp; &nbsp; &nbsp;Todo el alumnado del Centro participa en este Programa de educación ambiental, con el que se pretende concienciar a la comunidad de la conservación del medio natural, desde su conocimiento y la visión de la necesidad de su mantenimiento, potenciando la necesidad del Reciclado y disminución del &hellip; <a href="https://blogsaverroes.juntadeandalucia.es/colegioelpilar/aldea/" class="more-link">Sigue leyendo <span class="screen-reader-text">Aldea</span></a></p>
