{"id":42,"date":"2020-09-01T08:40:47","date_gmt":"2020-09-01T08:40:47","guid":{"rendered":"http:\/\/blogsaverroes.juntadeandalucia.es\/pre\/ceip\/?page_id=42"},"modified":"2025-01-07T16:18:46","modified_gmt":"2025-01-07T16:18:46","slug":"equipo-humano","status":"publish","type":"page","link":"https:\/\/blogsaverroes.juntadeandalucia.es\/colegioelpilar\/equipo-humano\/","title":{"rendered":"Equipo Humano"},"content":{"rendered":"<h3 style=\"text-align: center\"><span style=\"text-decoration: underline\"><strong>Consejo Escolar<\/strong><\/span><\/h3>\n<p>&nbsp;<\/p>\n<p><strong>Presidente: <\/strong><span style=\"color: #313131\"><span style=\"font-family: Karla, Verdana, Geneva, sans-serif\"><span style=\"font-size: medium\">M\u00aa \u00c1ngeles Barros V\u00e1zquez<br \/>\n<\/span><\/span><\/span><strong>Secretaria: <\/strong><span style=\"color: #313131\"><span style=\"font-family: Karla, Verdana, Geneva, sans-serif\"><span style=\"font-size: medium\">M\u00aa Jos\u00e9 Ortega Mancilla<br \/>\n<\/span><\/span><\/span><\/p>\n<p><strong>Representantes Profesorado<\/strong>:<strong>&nbsp;<\/strong><\/p>\n<ul>\n<li>&nbsp; &nbsp; &nbsp; &nbsp; M\u00aa Teresa Feixas Barros<\/li>\n<li>&nbsp; &nbsp; &nbsp; &nbsp; Bego\u00f1a Guzm\u00e1n Herrero<\/li>\n<li>&nbsp; &nbsp; &nbsp; &nbsp; Javier Rivas Lorenzo<\/li>\n<li>&nbsp; &nbsp; &nbsp; &nbsp; Samuel Serrano Alcalde<\/li>\n<\/ul>\n<p><strong>Representantes Madres\/Padres\/Tutores<\/strong>:<strong>&nbsp;<\/strong>&nbsp; &nbsp; &nbsp; &nbsp;<\/p>\n<ul>\n<li>&nbsp; &nbsp; &nbsp; &nbsp; Antonio Carrascosa Hern\u00e1ndez<\/li>\n<li>&nbsp; &nbsp; &nbsp; &nbsp; Ana Bel\u00e9n D\u00edaz Palomares<\/li>\n<li>&nbsp; &nbsp; &nbsp; &nbsp; Alicia Rodr\u00edguez Rodr\u00edguez<\/li>\n<li>&nbsp; &nbsp; &nbsp; &nbsp; Antonio Manuel Rubi\u00f1o Camacho &nbsp; &nbsp;<\/li>\n<\/ul>\n<p><strong>Representantes Alumnado<\/strong>:<strong>&nbsp;<\/strong><\/p>\n<ul>\n<li>&nbsp; &nbsp; &nbsp; &nbsp; Isabel Fern\u00e1ndez Costela<\/li>\n<li>&nbsp; &nbsp; &nbsp; &nbsp; Luc\u00eda S\u00e1nchez V\u00e1zquez<\/li>\n<\/ul>\n<p><strong>Representantes Administraci\u00f3n y Servicios:<\/strong><\/p>\n<p>&nbsp; &nbsp; &nbsp; &nbsp; Mar\u00eda Rodr\u00edguez Garc\u00eda<\/p>\n<p><strong>Representantes Ayuntamiento<\/strong>:<strong>&nbsp;<\/strong><\/p>\n<p>&nbsp; &nbsp; &nbsp; &nbsp; Jos\u00e9 Miguel Pe\u00f1a Lozano<\/p>\n<p><strong>Representantes Titular Centro<\/strong>:<strong>&nbsp;<\/strong><\/p>\n<ul>\n<li>&nbsp; &nbsp; &nbsp;&nbsp; Irene Mart\u00edn Mart\u00edn<\/li>\n<li>&nbsp; &nbsp; &nbsp;&nbsp; Davinia Padial Sances<\/li>\n<li>&nbsp; &nbsp; &nbsp;&nbsp; Jorge Prados Prados<\/li>\n<\/ul>\n<p>&nbsp; <strong>Impulsora de medidas de igualdad:<\/strong><\/p>\n<p>&nbsp; &nbsp; &nbsp; &nbsp;Mari\u00e1ngeles Prados Bacas<\/p>\n<hr>\n<h3 style=\"text-align: center\"><strong>Equipo directivo<\/strong><\/h3>\n<p><strong>Direcci\u00f3n: <\/strong><span style=\"color: #313131\"><span style=\"font-family: Karla, Verdana, Geneva, sans-serif\"><span style=\"font-size: medium\">M\u00aa \u00c1ngeles Barros V\u00e1zquez<br \/>\n<\/span><\/span><\/span><\/p>\n<p><strong>Jefatura de estudios: <\/strong><span style=\"color: #313131\"><span style=\"font-family: Karla, Verdana, Geneva, sans-serif\"><span style=\"font-size: medium\">Jorge Prados Prados<br \/>\n<\/span><\/span><\/span><\/p>\n<p><strong>Secretar\u00eda: <\/strong><span style=\"color: #313131\"><span style=\"font-family: Karla, Verdana, Geneva, sans-serif\"><span style=\"font-size: medium\">M\u00aa Jos\u00e9 Ortega Mancilla<br \/>\n<\/span><\/span><\/span><\/p>\n<hr>\n<h3 style=\"text-align: center\"><strong>Profesorado<\/strong><\/h3>\n<ul>\n<li><strong>M\u00aa Jos\u00e9 L\u00f3pez Ortega (Educaci\u00f3n Infantil)<\/strong><\/li>\n<li><strong>M\u00aa Soledad L\u00f3pez G\u00f3mez (Educaci\u00f3n Infantil)<\/strong><\/li>\n<li><strong>M\u00aa Teresa Feixas Barros (Educaci\u00f3n Infantil)<\/strong><\/li>\n<li><strong>Laura Guti\u00e9rrez Mu\u00f1oz (Ingl\u00e9s Biling\u00fcismo)<\/strong><\/li>\n<li><strong>M\u00aa \u00c1ngeles Barros V\u00e1zquez (Educaci\u00f3n Primaria)<\/strong><\/li>\n<li><strong>M\u00aa Jos\u00e9 Ortega Mancilla (Educaci\u00f3n Primaria)<\/strong><\/li>\n<li><strong>Samuel Serrano Alcalde (Educaci\u00f3n Primaria)<\/strong><\/li>\n<li><strong>Jorge Prados Prados (Educaci\u00f3n Primaria)<\/strong><\/li>\n<li><strong>Rosa Jim\u00e9nez Lorenzo (Educaci\u00f3n Primaria)<\/strong><\/li>\n<li><strong>Antonio Rivas Mu\u00f1oz (Educaci\u00f3n Primaria)<\/strong><\/li>\n<li><strong>Javier Rivas Lorenzo (Educaci\u00f3n Primaria)<\/strong><\/li>\n<li><strong>Irene Mart\u00edn Mart\u00edn (Educaci\u00f3n Primaria)<\/strong><\/li>\n<li><strong>Roc\u00edo P\u00e9rez Moreno (Franc\u00e9s y Lengua Castellana)<\/strong><\/li>\n<li><strong>Pedro Mart\u00edn Garc\u00eda (Matem\u00e1ticas y F\u00edsica y Qu\u00edmica)<\/strong><\/li>\n<li><strong>Magdalena \u00c1lvarez L\u00f3pez (Geograf\u00eda e Historia y Eduaci\u00f3n Pl\u00e1stica y Visual)<\/strong><\/li>\n<li><strong>M\u00aa Luisa V\u00e1zquez Abarca (Biolog\u00eda y Geolog\u00eda, Matem\u00e1ticas y Ciencias Aplicadas)<\/strong><\/li>\n<li><strong>Bego\u00f1a Guzm\u00e1n Herrero (Educaci\u00f3n F\u00edsica y Valores)<\/strong><\/li>\n<li><strong>Eduardo Nocete Prados (Ingl\u00e9s, Lengua Castellana y Lat\u00edn)<\/strong><\/li>\n<li><strong>Carmen M\u00aa Burell B\u00e9jar (Geograf\u00eda e Historia, Educaci\u00f3n Pl\u00e1stica)<\/strong><\/li>\n<li><strong>Mar\u00eda Garc\u00eda S\u00e1nchez (Matem\u00e1ticas, F\u00edsica y Qu\u00edmica)<\/strong><\/li>\n<li><strong>M\u00aa \u00c1ngeles Prados Bacas (Apoyo a la integraci\u00f3n)<\/strong><\/li>\n<li><strong>Davinia Padial Sances (Apoyo a la integraci\u00f3n)<\/strong><\/li>\n<li><strong>Sebastiana Soria Alonso (Orientaci\u00f3n)<\/strong><\/li>\n<li><strong>Jos\u00e9 Manuel Oca\u00f1a Santiago (Logopeda)<\/strong><\/li>\n<\/ul>\n","protected":false},"excerpt":{"rendered":"<p>Consejo Escolar &nbsp; Presidente: M\u00aa \u00c1ngeles Barros V\u00e1zquez Secretaria: M\u00aa Jos\u00e9 Ortega Mancilla Representantes Profesorado:&nbsp; &nbsp; &nbsp; &nbsp; &nbsp; M\u00aa Teresa Feixas Barros &nbsp; &nbsp; &nbsp; &nbsp; Bego\u00f1a Guzm\u00e1n Herrero &nbsp; &nbsp; &nbsp; &nbsp; Javier Rivas Lorenzo &nbsp; &nbsp; &nbsp; &nbsp; Samuel Serrano Alcalde Representantes Madres\/Padres\/Tutores:&nbsp;&nbsp; &nbsp; &nbsp; &nbsp; &nbsp; &nbsp; &nbsp; &nbsp; Antonio Carrascosa &hellip; <a href=\"https:\/\/blogsaverroes.juntadeandalucia.es\/colegioelpilar\/equipo-humano\/\" class=\"more-link\">Sigue leyendo <span class=\"screen-reader-text\">Equipo Humano<\/span><\/a><\/p>\n","protected":false},"author":1,"featured_media":0,"parent":0,"menu_order":0,"comment_status":"open","ping_status":"closed","template":"page-templates\/child-menu.php","meta":{"ngg_post_thumbnail":0,"footnotes":"","_mc_calendar":[]},"aioseo_notices":[],"_links":{"self":[{"href":"https:\/\/blogsaverroes.juntadeandalucia.es\/colegioelpilar\/wp-json\/wp\/v2\/pages\/42"}],"collection":[{"href":"https:\/\/blogsaverroes.juntadeandalucia.es\/colegioelpilar\/wp-json\/wp\/v2\/pages"}],"about":[{"href":"https:\/\/blogsaverroes.juntadeandalucia.es\/colegioelpilar\/wp-json\/wp\/v2\/types\/page"}],"author":[{"embeddable":true,"href":"https:\/\/blogsaverroes.juntadeandalucia.es\/colegioelpilar\/wp-json\/wp\/v2\/users\/1"}],"replies":[{"embeddable":true,"href":"https:\/\/blogsaverroes.juntadeandalucia.es\/colegioelpilar\/wp-json\/wp\/v2\/comments?post=42"}],"version-history":[{"count":23,"href":"https:\/\/blogsaverroes.juntadeandalucia.es\/colegioelpilar\/wp-json\/wp\/v2\/pages\/42\/revisions"}],"predecessor-version":[{"id":3269,"href":"https:\/\/blogsaverroes.juntadeandalucia.es\/colegioelpilar\/wp-json\/wp\/v2\/pages\/42\/revisions\/3269"}],"wp:attachment":[{"href":"https:\/\/blogsaverroes.juntadeandalucia.es\/colegioelpilar\/wp-json\/wp\/v2\/media?parent=42"}],"curies":[{"name":"wp","href":"https:\/\/api.w.org\/{rel}","templated":true}]}}