{"id":41,"date":"2020-01-09T12:45:03","date_gmt":"2020-01-09T11:45:03","guid":{"rendered":"http:\/\/blogsaverroes.juntadeandalucia.es\/pre\/nuevoceip2v2\/?page_id=41"},"modified":"2026-03-20T13:36:56","modified_gmt":"2026-03-20T12:36:56","slug":"el-centro","status":"publish","type":"page","link":"https:\/\/blogsaverroes.juntadeandalucia.es\/colegioelrecreo\/el-centro\/","title":{"rendered":"El centro"},"content":{"rendered":"<p>[et_pb_section fb_built=&#8221;1&#8243; _builder_version=&#8221;4.16&#8243; _module_preset=&#8221;default&#8221; global_colors_info=&#8221;{}&#8221;][et_pb_row _builder_version=&#8221;4.24.2&#8243; _module_preset=&#8221;default&#8221; custom_padding=&#8221;|25px||||&#8221; collapsed=&#8221;off&#8221; global_colors_info=&#8221;{}&#8221;][et_pb_column type=&#8221;4_4&#8243; _builder_version=&#8221;4.16&#8243; _module_preset=&#8221;default&#8221; global_colors_info=&#8221;{}&#8221;][et_pb_image src=&#8221;https:\/\/blogsaverroes.juntadeandalucia.es\/colegioelrecreo\/files\/2020\/02\/elcentro.png&#8221; title_text=&#8221;elcentro&#8221; admin_label=&#8221;Imagen&#8221; _builder_version=&#8221;4.16&#8243; _module_preset=&#8221;default&#8221; min_height=&#8221;177px&#8221; global_colors_info=&#8221;{}&#8221;][\/et_pb_image][et_pb_text admin_label=&#8221;Texto&#8221; _builder_version=&#8221;4.24.2&#8243; _module_preset=&#8221;default&#8221; custom_padding=&#8221;||0px|||&#8221; hover_enabled=&#8221;0&#8243; global_colors_info=&#8221;{}&#8221; sticky_enabled=&#8221;0&#8243;]<\/p>\n<p><span style=\"font-size: 18pt\"><strong>NUESTRO COLE<\/strong><\/span><\/p>\n<p>[\/et_pb_text][et_pb_text _builder_version=&#8221;4.24.2&#8243; _module_preset=&#8221;default&#8221; hover_enabled=&#8221;0&#8243; global_colors_info=&#8221;{}&#8221; sticky_enabled=&#8221;0&#8243;]<\/p>\n<p data-start=\"121\" data-end=\"342\"><span style=\"font-size: 14pt\">El <strong data-start=\"124\" data-end=\"142\">CEIP El Recreo<\/strong>, ubicado en <strong data-start=\"155\" data-end=\"166\">Lebrija<\/strong>, es un centro p\u00fablico que trabaja para ofrecer una educaci\u00f3n de calidad basada en la igualdad de oportunidades, el respeto y la atenci\u00f3n a las necesidades de todo el alumnado.<\/span><\/p>\n<p data-start=\"344\" data-end=\"680\"><span style=\"font-size: 14pt\">Nuestro proyecto educativo se apoya en la implicaci\u00f3n de un equipo docente comprometido, que apuesta por la formaci\u00f3n continua y por metodolog\u00edas que favorecen el aprendizaje, el desarrollo personal y la convivencia.<\/span><\/p>\n<p data-start=\"344\" data-end=\"680\"><span style=\"font-size: 14pt\">Desde nuestro centro buscamos crear un entorno educativo cercano, inclusivo y motivador para toda la comunidad escolar.<\/span><\/p>\n<p>[\/et_pb_text][\/et_pb_column][\/et_pb_row][et_pb_row _builder_version=&#8221;4.24.2&#8243; _module_preset=&#8221;default&#8221; global_colors_info=&#8221;{}&#8221;][et_pb_column type=&#8221;4_4&#8243; _builder_version=&#8221;4.24.2&#8243; _module_preset=&#8221;default&#8221; global_colors_info=&#8221;{}&#8221;][et_pb_text _builder_version=&#8221;4.24.2&#8243; _module_preset=&#8221;default&#8221; hover_enabled=&#8221;0&#8243; global_colors_info=&#8221;{}&#8221; sticky_enabled=&#8221;0&#8243;]<\/p>\n<p><span style=\"font-size: 18pt\">INSTALACIONES<\/span><\/p>\n<p>[\/et_pb_text][et_pb_gallery gallery_ids=&#8221;824,825,826,827,843,844,845,832,833,834,835,838,837,836&#8243; _builder_version=&#8221;4.24.2&#8243; _module_preset=&#8221;default&#8221; global_colors_info=&#8221;{}&#8221;][\/et_pb_gallery][\/et_pb_column][\/et_pb_row][\/et_pb_section]<\/p>\n","protected":false},"excerpt":{"rendered":"<p>NUESTRO COLEEl CEIP El Recreo, ubicado en Lebrija, es un centro p\u00fablico que trabaja para ofrecer una educaci\u00f3n de calidad basada en la igualdad de oportunidades, el respeto y la atenci\u00f3n a las necesidades de todo el alumnado. Nuestro proyecto educativo se apoya en la implicaci\u00f3n de un equipo docente comprometido, que apuesta por la [&hellip;]<\/p>\n","protected":false},"author":15376,"featured_media":0,"parent":0,"menu_order":0,"comment_status":"closed","ping_status":"closed","template":"","meta":{"_et_pb_use_builder":"on","_et_pb_old_content":"","_et_gb_content_width":"","ngg_post_thumbnail":0,"footnotes":""},"aioseo_notices":[],"_links":{"self":[{"href":"https:\/\/blogsaverroes.juntadeandalucia.es\/colegioelrecreo\/wp-json\/wp\/v2\/pages\/41"}],"collection":[{"href":"https:\/\/blogsaverroes.juntadeandalucia.es\/colegioelrecreo\/wp-json\/wp\/v2\/pages"}],"about":[{"href":"https:\/\/blogsaverroes.juntadeandalucia.es\/colegioelrecreo\/wp-json\/wp\/v2\/types\/page"}],"author":[{"embeddable":true,"href":"https:\/\/blogsaverroes.juntadeandalucia.es\/colegioelrecreo\/wp-json\/wp\/v2\/users\/15376"}],"replies":[{"embeddable":true,"href":"https:\/\/blogsaverroes.juntadeandalucia.es\/colegioelrecreo\/wp-json\/wp\/v2\/comments?post=41"}],"version-history":[{"count":19,"href":"https:\/\/blogsaverroes.juntadeandalucia.es\/colegioelrecreo\/wp-json\/wp\/v2\/pages\/41\/revisions"}],"predecessor-version":[{"id":874,"href":"https:\/\/blogsaverroes.juntadeandalucia.es\/colegioelrecreo\/wp-json\/wp\/v2\/pages\/41\/revisions\/874"}],"wp:attachment":[{"href":"https:\/\/blogsaverroes.juntadeandalucia.es\/colegioelrecreo\/wp-json\/wp\/v2\/media?parent=41"}],"curies":[{"name":"wp","href":"https:\/\/api.w.org\/{rel}","templated":true}]}}

<p>[et_pb_section fb_built=&#8221;1&#8243; _builder_version=&#8221;4.16&#8243; _module_preset=&#8221;default&#8221; global_colors_info=&#8221;{}&#8221;][et_pb_row _builder_version=&#8221;4.24.2&#8243; _module_preset=&#8221;default&#8221; custom_padding=&#8221;|25px||||&#8221; collapsed=&#8221;off&#8221; global_colors_info=&#8221;{}&#8221;][et_pb_column type=&#8221;4_4&#8243; _builder_version=&#8221;4.16&#8243; _module_preset=&#8221;default&#8221; global_colors_info=&#8221;{}&#8221;][et_pb_image src=&#8221;https://blogsaverroes.juntadeandalucia.es/colegioelrecreo/files/2020/02/elcentro.png&#8221; title_text=&#8221;elcentro&#8221; admin_label=&#8221;Imagen&#8221; _builder_version=&#8221;4.16&#8243; _module_preset=&#8221;default&#8221; min_height=&#8221;177px&#8221; global_colors_info=&#8221;{}&#8221;][/et_pb_image][et_pb_text admin_label=&#8221;Texto&#8221; _builder_version=&#8221;4.24.2&#8243; _module_preset=&#8221;default&#8221; custom_padding=&#8221;||0px|||&#8221; hover_enabled=&#8221;0&#8243; global_colors_info=&#8221;{}&#8221; sticky_enabled=&#8221;0&#8243;]</p>
<p><span style="font-size: 18pt"><strong>NUESTRO COLE</strong></span></p>
<p>[/et_pb_text][et_pb_text _builder_version=&#8221;4.24.2&#8243; _module_preset=&#8221;default&#8221; hover_enabled=&#8221;0&#8243; global_colors_info=&#8221;{}&#8221; sticky_enabled=&#8221;0&#8243;]</p>
<p data-start="121" data-end="342"><span style="font-size: 14pt">El <strong data-start="124" data-end="142">CEIP El Recreo</strong>, ubicado en <strong data-start="155" data-end="166">Lebrija</strong>, es un centro público que trabaja para ofrecer una educación de calidad basada en la igualdad de oportunidades, el respeto y la atención a las necesidades de todo el alumnado.</span></p>
<p data-start="344" data-end="680"><span style="font-size: 14pt">Nuestro proyecto educativo se apoya en la implicación de un equipo docente comprometido, que apuesta por la formación continua y por metodologías que favorecen el aprendizaje, el desarrollo personal y la convivencia.</span></p>
<p data-start="344" data-end="680"><span style="font-size: 14pt">Desde nuestro centro buscamos crear un entorno educativo cercano, inclusivo y motivador para toda la comunidad escolar.</span></p>
<p>[/et_pb_text][/et_pb_column][/et_pb_row][et_pb_row _builder_version=&#8221;4.24.2&#8243; _module_preset=&#8221;default&#8221; global_colors_info=&#8221;{}&#8221;][et_pb_column type=&#8221;4_4&#8243; _builder_version=&#8221;4.24.2&#8243; _module_preset=&#8221;default&#8221; global_colors_info=&#8221;{}&#8221;][et_pb_text _builder_version=&#8221;4.24.2&#8243; _module_preset=&#8221;default&#8221; hover_enabled=&#8221;0&#8243; global_colors_info=&#8221;{}&#8221; sticky_enabled=&#8221;0&#8243;]</p>
<p><span style="font-size: 18pt">INSTALACIONES</span></p>
<p>[/et_pb_text][et_pb_gallery gallery_ids=&#8221;824,825,826,827,843,844,845,832,833,834,835,838,837,836&#8243; _builder_version=&#8221;4.24.2&#8243; _module_preset=&#8221;default&#8221; global_colors_info=&#8221;{}&#8221;][/et_pb_gallery][/et_pb_column][/et_pb_row][/et_pb_section]</p>

<p>NUESTRO COLEEl CEIP El Recreo, ubicado en Lebrija, es un centro público que trabaja para ofrecer una educación de calidad basada en la igualdad de oportunidades, el respeto y la atención a las necesidades de todo el alumnado. Nuestro proyecto educativo se apoya en la implicación de un equipo docente comprometido, que apuesta por la [&hellip;]</p>
