{"id":1013,"date":"2021-02-01T16:40:24","date_gmt":"2021-02-01T15:40:24","guid":{"rendered":"https:\/\/blogsaverroes.juntadeandalucia.es\/colegioesperanza\/?page_id=1013"},"modified":"2021-02-09T17:14:58","modified_gmt":"2021-02-09T16:14:58","slug":"taller-formajoven","status":"publish","type":"page","link":"https:\/\/blogsaverroes.juntadeandalucia.es\/colegioesperanza\/taller-formajoven\/","title":{"rendered":"Taller Forma Joven"},"content":{"rendered":"<p>La Asociaci\u00f3n San Jos\u00e9 se ha adherido a Red de puntos Forma Joven, dependientes de la Consejer\u00eda de Salud, a fin de proporcionar especialmente a la poblaci\u00f3n juvenil informaci\u00f3n y asesoramiento sobre temas en materia de salud que susciten su inter\u00e9s, entre ellos prevenci\u00f3n de consumos, uso responsable de las TICs, estilos de vida saludables, entre otros,&nbsp;liderado por un equipo multiprofesional.<\/p>\n<p>Una iniciativa que supone un beneficio para las personas con discapacidad intelectual ya que incide en atender sus necesidades, favorece su integraci\u00f3n en la comunidad y potencia la comunicaci\u00f3n con los distintos agentes de la comunidad en la que nos encontramos.<\/p>\n<p>Much@s de nuestros\/as alumn@s participan en estos talleres.<\/p>\n<p>M\u00e1s informaci\u00f3n en: <span style=\"color: #00ff00\"><strong><a style=\"color: #00ff00\" href=\"http:\/\/www.formajoven.org\/\">http:\/\/www.formajoven.org\/<\/a><\/strong><\/span><\/p>\n","protected":false},"excerpt":{"rendered":"<p>La Asociaci\u00f3n San Jos\u00e9 se ha adherido a Red de puntos Forma Joven, dependientes de la Consejer\u00eda de Salud, a fin de proporcionar especialmente a la poblaci\u00f3n juvenil informaci\u00f3n y asesoramiento sobre temas en materia de salud que susciten su inter\u00e9s, entre ellos prevenci\u00f3n de consumos, uso responsable de las TICs, estilos de vida saludables, [&hellip;]<\/p>\n","protected":false},"author":12096,"featured_media":0,"parent":0,"menu_order":0,"comment_status":"closed","ping_status":"closed","template":"","meta":{"_et_pb_use_builder":"","_et_pb_old_content":"","_et_gb_content_width":"","ngg_post_thumbnail":0,"footnotes":""},"aioseo_notices":[],"_links":{"self":[{"href":"https:\/\/blogsaverroes.juntadeandalucia.es\/colegioesperanza\/wp-json\/wp\/v2\/pages\/1013"}],"collection":[{"href":"https:\/\/blogsaverroes.juntadeandalucia.es\/colegioesperanza\/wp-json\/wp\/v2\/pages"}],"about":[{"href":"https:\/\/blogsaverroes.juntadeandalucia.es\/colegioesperanza\/wp-json\/wp\/v2\/types\/page"}],"author":[{"embeddable":true,"href":"https:\/\/blogsaverroes.juntadeandalucia.es\/colegioesperanza\/wp-json\/wp\/v2\/users\/12096"}],"replies":[{"embeddable":true,"href":"https:\/\/blogsaverroes.juntadeandalucia.es\/colegioesperanza\/wp-json\/wp\/v2\/comments?post=1013"}],"version-history":[{"count":6,"href":"https:\/\/blogsaverroes.juntadeandalucia.es\/colegioesperanza\/wp-json\/wp\/v2\/pages\/1013\/revisions"}],"predecessor-version":[{"id":1456,"href":"https:\/\/blogsaverroes.juntadeandalucia.es\/colegioesperanza\/wp-json\/wp\/v2\/pages\/1013\/revisions\/1456"}],"wp:attachment":[{"href":"https:\/\/blogsaverroes.juntadeandalucia.es\/colegioesperanza\/wp-json\/wp\/v2\/media?parent=1013"}],"curies":[{"name":"wp","href":"https:\/\/api.w.org\/{rel}","templated":true}]}}

<p>La Asociación San José se ha adherido a Red de puntos Forma Joven, dependientes de la Consejería de Salud, a fin de proporcionar especialmente a la población juvenil información y asesoramiento sobre temas en materia de salud que susciten su interés, entre ellos prevención de consumos, uso responsable de las TICs, estilos de vida saludables, entre otros,&nbsp;liderado por un equipo multiprofesional.</p>
<p>Una iniciativa que supone un beneficio para las personas con discapacidad intelectual ya que incide en atender sus necesidades, favorece su integración en la comunidad y potencia la comunicación con los distintos agentes de la comunidad en la que nos encontramos.</p>
<p>Much@s de nuestros/as alumn@s participan en estos talleres.</p>
<p>Más información en: <span style="color: #00ff00"><strong><a style="color: #00ff00" href="http://www.formajoven.org/">http://www.formajoven.org/</a></strong></span></p>

<p>La Asociación San José se ha adherido a Red de puntos Forma Joven, dependientes de la Consejería de Salud, a fin de proporcionar especialmente a la población juvenil información y asesoramiento sobre temas en materia de salud que susciten su interés, entre ellos prevención de consumos, uso responsable de las TICs, estilos de vida saludables, [&hellip;]</p>
