{"id":1347,"date":"2021-02-05T20:52:57","date_gmt":"2021-02-05T19:52:57","guid":{"rendered":"https:\/\/blogsaverroes.juntadeandalucia.es\/colegioesperanza\/?page_id=1347"},"modified":"2021-02-05T20:52:57","modified_gmt":"2021-02-05T19:52:57","slug":"proyecto-afectivo-sexual","status":"publish","type":"page","link":"https:\/\/blogsaverroes.juntadeandalucia.es\/colegioesperanza\/proyecto-afectivo-sexual\/","title":{"rendered":"Proyecto Afectivo- sexual"},"content":{"rendered":"<p>Mejorar la calidad de vida de las personas discapacidad intelectual y\/o del desarrollo. Las personas tienen derecho a una educaci\u00f3n integral; \u00e9sto conlleva una educaci\u00f3n en todos los \u00e1mbitos que compone a la persona; la afectividad y la sexualidad nos acompa\u00f1a desde el primer d\u00eda de vida, es un derecho y debemos de dar una respuesta adecuada.<\/p>\n","protected":false},"excerpt":{"rendered":"<p>Mejorar la calidad de vida de las personas discapacidad intelectual y\/o del desarrollo. Las personas tienen derecho a una educaci\u00f3n integral; \u00e9sto conlleva una educaci\u00f3n en todos los \u00e1mbitos que compone a la persona; la afectividad y la sexualidad nos acompa\u00f1a desde el primer d\u00eda de vida, es un derecho y debemos de dar una [&hellip;]<\/p>\n","protected":false},"author":12096,"featured_media":0,"parent":0,"menu_order":0,"comment_status":"closed","ping_status":"closed","template":"","meta":{"_et_pb_use_builder":"","_et_pb_old_content":"","_et_gb_content_width":"","ngg_post_thumbnail":0,"footnotes":""},"aioseo_notices":[],"_links":{"self":[{"href":"https:\/\/blogsaverroes.juntadeandalucia.es\/colegioesperanza\/wp-json\/wp\/v2\/pages\/1347"}],"collection":[{"href":"https:\/\/blogsaverroes.juntadeandalucia.es\/colegioesperanza\/wp-json\/wp\/v2\/pages"}],"about":[{"href":"https:\/\/blogsaverroes.juntadeandalucia.es\/colegioesperanza\/wp-json\/wp\/v2\/types\/page"}],"author":[{"embeddable":true,"href":"https:\/\/blogsaverroes.juntadeandalucia.es\/colegioesperanza\/wp-json\/wp\/v2\/users\/12096"}],"replies":[{"embeddable":true,"href":"https:\/\/blogsaverroes.juntadeandalucia.es\/colegioesperanza\/wp-json\/wp\/v2\/comments?post=1347"}],"version-history":[{"count":1,"href":"https:\/\/blogsaverroes.juntadeandalucia.es\/colegioesperanza\/wp-json\/wp\/v2\/pages\/1347\/revisions"}],"predecessor-version":[{"id":1348,"href":"https:\/\/blogsaverroes.juntadeandalucia.es\/colegioesperanza\/wp-json\/wp\/v2\/pages\/1347\/revisions\/1348"}],"wp:attachment":[{"href":"https:\/\/blogsaverroes.juntadeandalucia.es\/colegioesperanza\/wp-json\/wp\/v2\/media?parent=1347"}],"curies":[{"name":"wp","href":"https:\/\/api.w.org\/{rel}","templated":true}]}}