{"id":853,"date":"2020-12-18T08:50:47","date_gmt":"2020-12-18T07:50:47","guid":{"rendered":"https:\/\/blogsaverroes.juntadeandalucia.es\/pre\/plantilla-pencil\/?page_id=853"},"modified":"2021-03-19T08:23:09","modified_gmt":"2021-03-19T07:23:09","slug":"nuestra-historia","status":"publish","type":"page","link":"https:\/\/blogsaverroes.juntadeandalucia.es\/colegioesperanza\/nuestra-historia\/","title":{"rendered":"Nuestra Historia"},"content":{"rendered":"<p>[et_pb_section fb_built=&#8221;1&#8243; _builder_version=&#8221;3.22&#8243; collapsed=&#8221;off&#8221;][et_pb_row _builder_version=&#8221;3.25&#8243; background_size=&#8221;initial&#8221; background_position=&#8221;top_left&#8221; background_repeat=&#8221;repeat&#8221;][et_pb_column type=&#8221;4_4&#8243; _builder_version=&#8221;3.25&#8243; custom_padding=&#8221;|||&#8221; custom_padding__hover=&#8221;|||&#8221;][et_pb_image src=&#8221;https:\/\/blogsaverroes.juntadeandalucia.es\/colegioesperanza\/files\/2021\/02\/esperanza-e1612190474264.jpg&#8221; title_text=&#8221;esperanza&#8221; admin_label=&#8221;Imagen de la portada&#8221; _builder_version=&#8221;4.5.0&#8243; z_index_tablet=&#8221;500&#8243; box_shadow_horizontal_tablet=&#8221;0px&#8221; box_shadow_vertical_tablet=&#8221;0px&#8221; box_shadow_blur_tablet=&#8221;40px&#8221; box_shadow_spread_tablet=&#8221;0px&#8221;][\/et_pb_image][et_pb_text admin_label=&#8221;Texto descriptivo&#8221; _builder_version=&#8221;4.5.0&#8243; hover_enabled=&#8221;0&#8243; z_index_tablet=&#8221;500&#8243; text_text_shadow_horizontal_length_tablet=&#8221;0px&#8221; text_text_shadow_vertical_length_tablet=&#8221;0px&#8221; text_text_shadow_blur_strength_tablet=&#8221;1px&#8221; link_text_shadow_horizontal_length_tablet=&#8221;0px&#8221; link_text_shadow_vertical_length_tablet=&#8221;0px&#8221; link_text_shadow_blur_strength_tablet=&#8221;1px&#8221; ul_text_shadow_horizontal_length_tablet=&#8221;0px&#8221; ul_text_shadow_vertical_length_tablet=&#8221;0px&#8221; ul_text_shadow_blur_strength_tablet=&#8221;1px&#8221; ol_text_shadow_horizontal_length_tablet=&#8221;0px&#8221; ol_text_shadow_vertical_length_tablet=&#8221;0px&#8221; ol_text_shadow_blur_strength_tablet=&#8221;1px&#8221; quote_text_shadow_horizontal_length_tablet=&#8221;0px&#8221; quote_text_shadow_vertical_length_tablet=&#8221;0px&#8221; quote_text_shadow_blur_strength_tablet=&#8221;1px&#8221; header_text_shadow_horizontal_length_tablet=&#8221;0px&#8221; header_text_shadow_vertical_length_tablet=&#8221;0px&#8221; header_text_shadow_blur_strength_tablet=&#8221;1px&#8221; header_2_text_shadow_horizontal_length_tablet=&#8221;0px&#8221; header_2_text_shadow_vertical_length_tablet=&#8221;0px&#8221; header_2_text_shadow_blur_strength_tablet=&#8221;1px&#8221; header_3_text_shadow_horizontal_length_tablet=&#8221;0px&#8221; header_3_text_shadow_vertical_length_tablet=&#8221;0px&#8221; header_3_text_shadow_blur_strength_tablet=&#8221;1px&#8221; header_4_text_shadow_horizontal_length_tablet=&#8221;0px&#8221; header_4_text_shadow_vertical_length_tablet=&#8221;0px&#8221; header_4_text_shadow_blur_strength_tablet=&#8221;1px&#8221; header_5_text_shadow_horizontal_length_tablet=&#8221;0px&#8221; header_5_text_shadow_vertical_length_tablet=&#8221;0px&#8221; header_5_text_shadow_blur_strength_tablet=&#8221;1px&#8221; header_6_text_shadow_horizontal_length_tablet=&#8221;0px&#8221; header_6_text_shadow_vertical_length_tablet=&#8221;0px&#8221; header_6_text_shadow_blur_strength_tablet=&#8221;1px&#8221; box_shadow_horizontal_tablet=&#8221;0px&#8221; box_shadow_vertical_tablet=&#8221;0px&#8221; box_shadow_blur_tablet=&#8221;40px&#8221; box_shadow_spread_tablet=&#8221;0px&#8221;]<\/p>\n<h2>&nbsp; Nuestra Historia<\/h2>\n<p>&nbsp;<\/p>\n<p style=\"padding-left: 30px\">Bien podr\u00eda empezar as\u00ed la historia:&nbsp;<strong>\u201dErase una vez\u2026\u201d<\/strong>, porque as\u00ed comienzan los cuentos con los que algunas madres duermen a sus hijos y porque as\u00ed, es como nos ense\u00f1an&nbsp; a so\u00f1ar\u2026<\/p>\n<p style=\"padding-left: 30px\">Esta historia comienza con&nbsp;<strong>un sue\u00f1o<\/strong>, el sue\u00f1o de Rosa, una&nbsp;madre de Guadix que, en su deseo de conseguir una escuela para Miguel \u00c1ngel, su hijo, un hijo muy especial, cre\u00f3 en la comarca una obra social insospechada, destinada a la atenci\u00f3n y asistencia de personas con discapacidad intelectual y que hoy, m\u00e1s de 40 a\u00f1os despu\u00e9s, engloba en una superficie de m\u00e1s de 40.000 metros cuadrados, un centro de atenci\u00f3n e intervenci\u00f3n temprana, un centro de educaci\u00f3n infantil, un colegio de educaci\u00f3n especial, una residencia escolar, dos residencias de adultos, dos residencias para personas con necesidades de apoyo generalizado, una unidad de estancia diurna con terapia ocupacional, una unidad de estancia diurna, un centro especial de empleo y una fundaci\u00f3n tutelar.<\/p>\n<p style=\"padding-left: 30px\">Hablamos un sue\u00f1o que tuvo su inicio all\u00e1 por los a\u00f1os 70 en Guadix, provincia de Granada, una ciudad cargada de historia y blasones. Un pueblo donde en aquellos a\u00f1os las condiciones sociales, econ\u00f3micas y culturales de la zona eran profundamente precarias, con una m\u00ednima clase acomodada y con una mayor\u00eda dedicada a&nbsp; tareas agr\u00edcolas que, para subsistir, se ve\u00eda obligada a emigrar a otras zonas m\u00e1s industrializadas.<\/p>\n<p style=\"padding-left: 30px\">Con semejante \u201cpanorama\u201d, uno puede imaginar lo que supon\u00eda para una familia y para unos padres, tener un hijo con discapacidad, un hijo al que en muchos casos se le escond\u00eda o simplemente se le ignoraba impidi\u00e9ndole el desarrollo de sus capacidades.<\/p>\n<p style=\"padding-left: 30px\">Ese es el contexto contra el que Rosa tuvo que luchar (adem\u00e1s de ser mujer en la \u00e9poca). Sin embargo, la angustia por resolver el problema de su hijo gravemente afectado le hizo concebir una utop\u00eda y hacerla realidad. Le impuls\u00f3 a buscar respuestas y, como no, soluciones a sus necesidades- que entonces no exist\u00edan-, tanto para aquel presente como para el futuro de su hijo cuando sus padres faltaran.<\/p>\n<p style=\"padding-left: 30px\">Las circunstancias de amparo normalizado y de sensibilizaci\u00f3n social sobre este tema, eran en aquel tiempo casi nulas. Mucho son\u00f3 por su popularidad televisiva la llamada \u201c<em>mam\u00e1 del mill\u00f3n\u201d<\/em>: fue como una an\u00e9cdota llamativa, indicativa de que no exist\u00edan cauces ordinarios de soluci\u00f3n efectiva del problema por parte del Estado; tampoco colaboraban en su soluci\u00f3n los mismos padres y familiares de las personas con discapacidad intelectual que como hemos escrito anteriormente, los ocultaban con celo por ser considerados como un estigma familiar.<\/p>\n<p style=\"padding-left: 30px\"><strong><em>&nbsp;<\/em><\/strong><strong><em>Visto del lado humano, la pretensi\u00f3n de aquellos dos padres de construir un lugar que acogiera a su hijo era empresa&nbsp;<\/em><\/strong><em><strong>casi imposible,&nbsp;<\/strong><\/em><strong><em>pero lo imposible se puede ver convertido en realidad cuando empuja la fe y el amor.<\/em><\/strong><\/p>\n<p style=\"padding-left: 30px\">Aquella primera corazonada de esos dos padres, les hizo movilizar el inter\u00e9s y la esperanza de alg\u00fan buen amigo que prontamente se interes\u00f3 con la&nbsp;<em>utop\u00eda<\/em>&nbsp;e igualmente contagiaron a otros padres afectados que poco a poco \u2013ante la noticia- fueron surgiendo.<\/p>\n<p style=\"padding-left: 30px\">Ante lo imposible o muy dif\u00edcil de la situaci\u00f3n, se plantearon un trabajo esperanzado bajo el lema de que&nbsp;<em><strong>\u201cLo que no se empieza no se termina\u201d<\/strong><\/em><strong>&nbsp;<\/strong>puesto que, ante una empresa noble, lo que haya de hacerse, se hace (se hizo) y&nbsp;<strong>adelante<\/strong>.<\/p>\n<p style=\"padding-left: 30px\">Prontamente se constituyeron como Asociaci\u00f3n Legal, aprobada por las Autoridades y se pusieron con entusiasmo al trabajo:&nbsp;<strong>nace la Junta Directiva (marzo 1973)<\/strong>.<\/p>\n<p style=\"padding-left: 30px\"><strong>El sue\u00f1o comienza a hacerse realidad<\/strong><\/p>\n<p style=\"padding-left: 30px\">Una intensa y extensa campa\u00f1a de sensibilizaci\u00f3n por los pueblos, clubes, institutos y otros centros de estudios, parroquias, centros sociales, etc. destinada a<strong>&nbsp;\u201cromper\u201d con los prejuicios<\/strong>, dio como resultado 3.000 socios protectores y voluntarios, pilar b\u00e1sico de colaboraci\u00f3n y cuya labor en este tiempo era la de hacer de enlaces entre Asociaci\u00f3n y padres: informaban, asesoraban, difund\u00edan, etc. Lo que hiciese falta para salir adelante.<\/p>\n<p style=\"padding-left: 30px\">Se buscaron amigos en organizaciones oficiales que tuviesen alguna relaci\u00f3n con el objetivo y para comenzar a andar, la Delegaci\u00f3n Provincial de Ense\u00f1anza concedi\u00f3, en 1973, &nbsp;la creaci\u00f3n de cinco unidades de&nbsp;<em>Educaci\u00f3n Especial<\/em>&nbsp;en r\u00e9gimen de concierto, que se instalaron en un viejo palacio perteneciente a un Patronato, cuyo representante legal cedi\u00f3, pero que contaba con tales carencias que hizo necesaria una importante reforma.<\/p>\n<p style=\"padding-left: 30px\">Tras muchas gestiones y un ilusionante proyecto, Rosa construy\u00f3 un colegio para su hijo: en noviembre de 1978, se inauguraron las nuevas instalaciones del&nbsp;<strong>Colegio Psicopedag\u00f3gico \u201cNuestra Se\u00f1ora de la Esperanza\u201d<\/strong>, el cual permiti\u00f3 gozar de atenci\u00f3n escolar a m\u00e1s de cien ni\u00f1os y ni\u00f1as con discapacidad intelectual. (En la actualidad en las mismas instalaciones del Colegio, se encuentra ubicada una Residencia Escolar que da alojamiento a los ni\u00f1@s de las distintas provincias que asisten al Colegio).<\/p>\n<p style=\"padding-left: 30px\">Hoy en d\u00eda nuestro centro cuenta con 15 unidades de EBE y 3 de P.F.T.V.A.L<\/p>\n<p style=\"padding-left: 30px\"><strong>&nbsp;&nbsp;&nbsp;&nbsp;&nbsp;&nbsp;&nbsp;&nbsp;&nbsp;&nbsp;&nbsp;&nbsp;&nbsp;<\/strong><\/p>\n<p style=\"padding-left: 30px\">&nbsp;<\/p>\n<p style=\"padding-left: 30px\">&nbsp;<\/p>\n<p>[\/et_pb_text][\/et_pb_column][\/et_pb_row][et_pb_row column_structure=&#8221;1_4,1_4,1_4,1_4&#8243; _builder_version=&#8221;3.25&#8243; background_size=&#8221;initial&#8221; background_position=&#8221;top_left&#8221; background_repeat=&#8221;repeat&#8221;][et_pb_column type=&#8221;1_4&#8243; _builder_version=&#8221;3.25&#8243; custom_padding=&#8221;|||&#8221; custom_padding__hover=&#8221;|||&#8221;][\/et_pb_column][et_pb_column type=&#8221;1_4&#8243; _builder_version=&#8221;4.5.0&#8243; _module_preset=&#8221;default&#8221;][et_pb_blurb title=&#8221;Innovaci\u00f3n&#8221; use_icon=&#8221;on&#8221; font_icon=&#8221;%%121%%&#8221; use_circle=&#8221;on&#8221; circle_color=&#8221;#5d58ef&#8221; admin_label=&#8221;Informaci\u00f3n innovaci\u00f3n (icono, titulo y texto)&#8221; _builder_version=&#8221;3.23.3&#8243; text_orientation=&#8221;center&#8221; z_index_tablet=&#8221;500&#8243; header_text_shadow_horizontal_length_tablet=&#8221;0px&#8221; header_text_shadow_vertical_length_tablet=&#8221;0px&#8221; header_text_shadow_blur_strength_tablet=&#8221;1px&#8221; body_text_shadow_horizontal_length_tablet=&#8221;0px&#8221; body_text_shadow_vertical_length_tablet=&#8221;0px&#8221; body_text_shadow_blur_strength_tablet=&#8221;1px&#8221; body_link_text_shadow_horizontal_length_tablet=&#8221;0px&#8221; body_link_text_shadow_vertical_length_tablet=&#8221;0px&#8221; body_link_text_shadow_blur_strength_tablet=&#8221;1px&#8221; body_ul_text_shadow_horizontal_length_tablet=&#8221;0px&#8221; body_ul_text_shadow_vertical_length_tablet=&#8221;0px&#8221; body_ul_text_shadow_blur_strength_tablet=&#8221;1px&#8221; body_ol_text_shadow_horizontal_length_tablet=&#8221;0px&#8221; body_ol_text_shadow_vertical_length_tablet=&#8221;0px&#8221; body_ol_text_shadow_blur_strength_tablet=&#8221;1px&#8221; body_quote_text_shadow_horizontal_length_tablet=&#8221;0px&#8221; body_quote_text_shadow_vertical_length_tablet=&#8221;0px&#8221; body_quote_text_shadow_blur_strength_tablet=&#8221;1px&#8221; box_shadow_horizontal_tablet=&#8221;0px&#8221; box_shadow_vertical_tablet=&#8221;0px&#8221; box_shadow_blur_tablet=&#8221;40px&#8221; box_shadow_spread_tablet=&#8221;0px&#8221; box_shadow_horizontal_image_tablet=&#8221;0px&#8221; box_shadow_vertical_image_tablet=&#8221;0px&#8221; box_shadow_blur_image_tablet=&#8221;40px&#8221; box_shadow_spread_image_tablet=&#8221;0px&#8221; text_shadow_horizontal_length_tablet=&#8221;0px&#8221; text_shadow_vertical_length_tablet=&#8221;0px&#8221; text_shadow_blur_strength_tablet=&#8221;1px&#8221;]<\/p>\n<p>Nuevas tecnolog\u00edas en el centro<\/p>\n<p>[\/et_pb_blurb][\/et_pb_column][et_pb_column type=&#8221;1_4&#8243; _builder_version=&#8221;3.25&#8243; custom_padding=&#8221;|||&#8221; custom_padding__hover=&#8221;|||&#8221;][et_pb_blurb title=&#8221;Contacta&#8221; use_icon=&#8221;on&#8221; font_icon=&#8221;%%153%%&#8221; use_circle=&#8221;on&#8221; circle_color=&#8221;#ffc259&#8243; admin_label=&#8221;Informaci\u00f3n de contacto (icono, titulo y texto)&#8221; _builder_version=&#8221;3.23.3&#8243; text_orientation=&#8221;center&#8221; z_index_tablet=&#8221;500&#8243; header_text_shadow_horizontal_length_tablet=&#8221;0px&#8221; header_text_shadow_vertical_length_tablet=&#8221;0px&#8221; header_text_shadow_blur_strength_tablet=&#8221;1px&#8221; body_text_shadow_horizontal_length_tablet=&#8221;0px&#8221; body_text_shadow_vertical_length_tablet=&#8221;0px&#8221; body_text_shadow_blur_strength_tablet=&#8221;1px&#8221; body_link_text_shadow_horizontal_length_tablet=&#8221;0px&#8221; body_link_text_shadow_vertical_length_tablet=&#8221;0px&#8221; body_link_text_shadow_blur_strength_tablet=&#8221;1px&#8221; body_ul_text_shadow_horizontal_length_tablet=&#8221;0px&#8221; body_ul_text_shadow_vertical_length_tablet=&#8221;0px&#8221; body_ul_text_shadow_blur_strength_tablet=&#8221;1px&#8221; body_ol_text_shadow_horizontal_length_tablet=&#8221;0px&#8221; body_ol_text_shadow_vertical_length_tablet=&#8221;0px&#8221; body_ol_text_shadow_blur_strength_tablet=&#8221;1px&#8221; body_quote_text_shadow_horizontal_length_tablet=&#8221;0px&#8221; body_quote_text_shadow_vertical_length_tablet=&#8221;0px&#8221; body_quote_text_shadow_blur_strength_tablet=&#8221;1px&#8221; box_shadow_horizontal_tablet=&#8221;0px&#8221; box_shadow_vertical_tablet=&#8221;0px&#8221; box_shadow_blur_tablet=&#8221;40px&#8221; box_shadow_spread_tablet=&#8221;0px&#8221; box_shadow_horizontal_image_tablet=&#8221;0px&#8221; box_shadow_vertical_image_tablet=&#8221;0px&#8221; box_shadow_blur_image_tablet=&#8221;40px&#8221; box_shadow_spread_image_tablet=&#8221;0px&#8221; text_shadow_horizontal_length_tablet=&#8221;0px&#8221; text_shadow_vertical_length_tablet=&#8221;0px&#8221; text_shadow_blur_strength_tablet=&#8221;1px&#8221;]<\/p>\n<p>Tenemos abierto nuestro buz\u00f3n de sugerencias<\/p>\n<p>[\/et_pb_blurb][\/et_pb_column][et_pb_column type=&#8221;1_4&#8243; _builder_version=&#8221;3.25&#8243; custom_padding=&#8221;|||&#8221; custom_padding__hover=&#8221;|||&#8221;][\/et_pb_column][\/et_pb_row][\/et_pb_section]<\/p>\n","protected":false},"excerpt":{"rendered":"<p>&nbsp; Nuestra Historia &nbsp; Bien podr\u00eda empezar as\u00ed la historia:&nbsp;\u201dErase una vez\u2026\u201d, porque as\u00ed comienzan los cuentos con los que algunas madres duermen a sus hijos y porque as\u00ed, es como nos ense\u00f1an&nbsp; a so\u00f1ar\u2026 Esta historia comienza con&nbsp;un sue\u00f1o, el sue\u00f1o de Rosa, una&nbsp;madre de Guadix que, en su deseo de conseguir una escuela [&hellip;]<\/p>\n","protected":false},"author":7051,"featured_media":0,"parent":0,"menu_order":0,"comment_status":"closed","ping_status":"closed","template":"","meta":{"_et_pb_use_builder":"on","_et_pb_old_content":"","_et_gb_content_width":"","ngg_post_thumbnail":0,"footnotes":""},"aioseo_notices":[],"_links":{"self":[{"href":"https:\/\/blogsaverroes.juntadeandalucia.es\/colegioesperanza\/wp-json\/wp\/v2\/pages\/853"}],"collection":[{"href":"https:\/\/blogsaverroes.juntadeandalucia.es\/colegioesperanza\/wp-json\/wp\/v2\/pages"}],"about":[{"href":"https:\/\/blogsaverroes.juntadeandalucia.es\/colegioesperanza\/wp-json\/wp\/v2\/types\/page"}],"author":[{"embeddable":true,"href":"https:\/\/blogsaverroes.juntadeandalucia.es\/colegioesperanza\/wp-json\/wp\/v2\/users\/7051"}],"replies":[{"embeddable":true,"href":"https:\/\/blogsaverroes.juntadeandalucia.es\/colegioesperanza\/wp-json\/wp\/v2\/comments?post=853"}],"version-history":[{"count":8,"href":"https:\/\/blogsaverroes.juntadeandalucia.es\/colegioesperanza\/wp-json\/wp\/v2\/pages\/853\/revisions"}],"predecessor-version":[{"id":1593,"href":"https:\/\/blogsaverroes.juntadeandalucia.es\/colegioesperanza\/wp-json\/wp\/v2\/pages\/853\/revisions\/1593"}],"wp:attachment":[{"href":"https:\/\/blogsaverroes.juntadeandalucia.es\/colegioesperanza\/wp-json\/wp\/v2\/media?parent=853"}],"curies":[{"name":"wp","href":"https:\/\/api.w.org\/{rel}","templated":true}]}}