{"id":2874,"date":"2020-03-29T18:23:07","date_gmt":"2020-03-29T18:23:07","guid":{"rendered":"https:\/\/blogsaverroes.juntadeandalucia.es\/colegioginesmorata\/?page_id=2874"},"modified":"2021-03-15T16:41:33","modified_gmt":"2021-03-15T16:41:33","slug":"nuestros-blogs-our-blogs","status":"publish","type":"page","link":"https:\/\/blogsaverroes.juntadeandalucia.es\/colegioginesmorata\/?page_id=2874","title":{"rendered":"NUESTROS BLOGS\/OUR BLOGS"},"content":{"rendered":"<h3><a href=\"https:\/\/ceipginesmorata-weareabilingualschool.blogspot.com\/\" target=\"_blank\" rel=\"noopener noreferrer\">Blog biling\u00fcismo<\/a><\/h3>\n<p><a href=\"https:\/\/blogsaverroes.juntadeandalucia.es\/colegioginesmorata\/files\/2021\/03\/descarga-14.png\"><img loading=\"lazy\" decoding=\"async\" class=\"alignnone size-medium wp-image-3469\" src=\"https:\/\/blogsaverroes.juntadeandalucia.es\/colegioginesmorata\/files\/2021\/03\/descarga-14-300x63.png\" alt=\"\" width=\"300\" height=\"63\" srcset=\"https:\/\/blogsaverroes.juntadeandalucia.es\/colegioginesmorata\/files\/2021\/03\/descarga-14-300x63.png 300w, https:\/\/blogsaverroes.juntadeandalucia.es\/colegioginesmorata\/files\/2021\/03\/descarga-14-1024x214.png 1024w, https:\/\/blogsaverroes.juntadeandalucia.es\/colegioginesmorata\/files\/2021\/03\/descarga-14-768x160.png 768w, https:\/\/blogsaverroes.juntadeandalucia.es\/colegioginesmorata\/files\/2021\/03\/descarga-14.png 1393w\" sizes=\"(max-width: 300px) 100vw, 300px\" \/><\/a><\/p>\n<h3><a href=\"https:\/\/miauladeingless.blogspot.com\/\" target=\"_blank\" rel=\"noopener noreferrer\">Blog de ingl\u00e9s. Teacher Nuria<\/a><\/h3>\n<h3><a href=\"https:\/\/blogsaverroes.juntadeandalucia.es\/colegioginesmorata\/files\/2020\/10\/nur.png\"><img loading=\"lazy\" decoding=\"async\" class=\"alignnone size-medium wp-image-3259\" src=\"https:\/\/blogsaverroes.juntadeandalucia.es\/colegioginesmorata\/files\/2020\/10\/nur-300x52.png\" alt=\"\" width=\"300\" height=\"52\" srcset=\"https:\/\/blogsaverroes.juntadeandalucia.es\/colegioginesmorata\/files\/2020\/10\/nur-300x52.png 300w, https:\/\/blogsaverroes.juntadeandalucia.es\/colegioginesmorata\/files\/2020\/10\/nur-1024x177.png 1024w, https:\/\/blogsaverroes.juntadeandalucia.es\/colegioginesmorata\/files\/2020\/10\/nur-768x133.png 768w, https:\/\/blogsaverroes.juntadeandalucia.es\/colegioginesmorata\/files\/2020\/10\/nur-1536x265.png 1536w, https:\/\/blogsaverroes.juntadeandalucia.es\/colegioginesmorata\/files\/2020\/10\/nur-24x4.png 24w, https:\/\/blogsaverroes.juntadeandalucia.es\/colegioginesmorata\/files\/2020\/10\/nur-36x6.png 36w, https:\/\/blogsaverroes.juntadeandalucia.es\/colegioginesmorata\/files\/2020\/10\/nur-48x8.png 48w, https:\/\/blogsaverroes.juntadeandalucia.es\/colegioginesmorata\/files\/2020\/10\/nur.png 1600w\" sizes=\"(max-width: 300px) 100vw, 300px\" \/><\/a>&nbsp; &nbsp;<\/h3>\n<h3><a href=\"https:\/\/marialuisacarrillo.blogspot.com\/\" target=\"_blank\" rel=\"noopener noreferrer\">Blog del aula de apoyo a la integraci\u00f3n<\/a><\/h3>\n<h3><a href=\"https:\/\/blogsaverroes.juntadeandalucia.es\/colegioginesmorata\/files\/2020\/03\/blog1-1.png\"><img loading=\"lazy\" decoding=\"async\" class=\"wp-image-2876 alignleft\" src=\"https:\/\/blogsaverroes.juntadeandalucia.es\/colegioginesmorata\/files\/2020\/03\/blog1-1-300x83.png\" alt=\"\" width=\"238\" height=\"65\" srcset=\"https:\/\/blogsaverroes.juntadeandalucia.es\/colegioginesmorata\/files\/2020\/03\/blog1-1-300x83.png 300w, https:\/\/blogsaverroes.juntadeandalucia.es\/colegioginesmorata\/files\/2020\/03\/blog1-1-24x7.png 24w, https:\/\/blogsaverroes.juntadeandalucia.es\/colegioginesmorata\/files\/2020\/03\/blog1-1-36x10.png 36w, https:\/\/blogsaverroes.juntadeandalucia.es\/colegioginesmorata\/files\/2020\/03\/blog1-1-48x13.png 48w, https:\/\/blogsaverroes.juntadeandalucia.es\/colegioginesmorata\/files\/2020\/03\/blog1-1.png 558w\" sizes=\"(max-width: 238px) 100vw, 238px\" \/><\/a><\/h3>\n<p>&nbsp;<\/p>\n<p>&nbsp;<\/p>\n<p>&nbsp;<\/p>\n<h3>Blogs de ingl\u00e9s. Teacher Mar Jurado<\/h3>\n<p><a href=\"https:\/\/gladtoteach.blogspot.com\/\" target=\"_blank\" rel=\"noopener noreferrer\">Blog con actividades para trabajar<\/a><\/p>\n<p><img loading=\"lazy\" decoding=\"async\" class=\" wp-image-2880 alignnone\" src=\"https:\/\/blogsaverroes.juntadeandalucia.es\/colegioginesmorata\/files\/2020\/03\/blog2-300x103.png\" alt=\"\" width=\"207\" height=\"71\" srcset=\"https:\/\/blogsaverroes.juntadeandalucia.es\/colegioginesmorata\/files\/2020\/03\/blog2-300x103.png 300w, https:\/\/blogsaverroes.juntadeandalucia.es\/colegioginesmorata\/files\/2020\/03\/blog2-24x8.png 24w, https:\/\/blogsaverroes.juntadeandalucia.es\/colegioginesmorata\/files\/2020\/03\/blog2-36x12.png 36w, https:\/\/blogsaverroes.juntadeandalucia.es\/colegioginesmorata\/files\/2020\/03\/blog2-48x16.png 48w, https:\/\/blogsaverroes.juntadeandalucia.es\/colegioginesmorata\/files\/2020\/03\/blog2.png 681w\" sizes=\"(max-width: 207px) 100vw, 207px\" \/><\/p>\n<p><a href=\"https:\/\/expresate6.blogspot.com\/\" target=\"_blank\" rel=\"noopener noreferrer\">Diario de clase con las tareas realizadas por el alumnado<\/a><\/p>\n<p><a href=\"https:\/\/blogsaverroes.juntadeandalucia.es\/colegioginesmorata\/files\/2020\/03\/blog1-2.png\"><img loading=\"lazy\" decoding=\"async\" class=\"alignnone size-medium wp-image-2879\" src=\"https:\/\/blogsaverroes.juntadeandalucia.es\/colegioginesmorata\/files\/2020\/03\/blog1-2-300x54.png\" alt=\"\" width=\"300\" height=\"54\" srcset=\"https:\/\/blogsaverroes.juntadeandalucia.es\/colegioginesmorata\/files\/2020\/03\/blog1-2-300x54.png 300w, https:\/\/blogsaverroes.juntadeandalucia.es\/colegioginesmorata\/files\/2020\/03\/blog1-2-768x137.png 768w, https:\/\/blogsaverroes.juntadeandalucia.es\/colegioginesmorata\/files\/2020\/03\/blog1-2-1024x183.png 1024w, https:\/\/blogsaverroes.juntadeandalucia.es\/colegioginesmorata\/files\/2020\/03\/blog1-2-24x4.png 24w, https:\/\/blogsaverroes.juntadeandalucia.es\/colegioginesmorata\/files\/2020\/03\/blog1-2-36x6.png 36w, https:\/\/blogsaverroes.juntadeandalucia.es\/colegioginesmorata\/files\/2020\/03\/blog1-2-48x9.png 48w, https:\/\/blogsaverroes.juntadeandalucia.es\/colegioginesmorata\/files\/2020\/03\/blog1-2.png 1036w\" sizes=\"(max-width: 300px) 100vw, 300px\" \/><\/a><\/p>\n<h3><a href=\"http:\/\/ginesinblog.blogspot.com\/\">Blog de la biblioteca Gines\u00edn<\/a><\/h3>\n<p><a href=\"https:\/\/blogsaverroes.juntadeandalucia.es\/colegioginesmorata\/files\/2020\/09\/blog.png\"><img loading=\"lazy\" decoding=\"async\" class=\"alignnone size-medium wp-image-3221\" src=\"https:\/\/blogsaverroes.juntadeandalucia.es\/colegioginesmorata\/files\/2020\/09\/blog-300x33.png\" alt=\"\" width=\"300\" height=\"33\" srcset=\"https:\/\/blogsaverroes.juntadeandalucia.es\/colegioginesmorata\/files\/2020\/09\/blog-300x33.png 300w, https:\/\/blogsaverroes.juntadeandalucia.es\/colegioginesmorata\/files\/2020\/09\/blog-1024x114.png 1024w, https:\/\/blogsaverroes.juntadeandalucia.es\/colegioginesmorata\/files\/2020\/09\/blog-768x85.png 768w, https:\/\/blogsaverroes.juntadeandalucia.es\/colegioginesmorata\/files\/2020\/09\/blog-1536x171.png 1536w, https:\/\/blogsaverroes.juntadeandalucia.es\/colegioginesmorata\/files\/2020\/09\/blog-24x3.png 24w, https:\/\/blogsaverroes.juntadeandalucia.es\/colegioginesmorata\/files\/2020\/09\/blog-36x4.png 36w, https:\/\/blogsaverroes.juntadeandalucia.es\/colegioginesmorata\/files\/2020\/09\/blog-48x5.png 48w, https:\/\/blogsaverroes.juntadeandalucia.es\/colegioginesmorata\/files\/2020\/09\/blog.png 1600w\" sizes=\"(max-width: 300px) 100vw, 300px\" \/><\/a><\/p>\n","protected":false},"excerpt":{"rendered":"<p>Blog biling\u00fcismo Blog de ingl\u00e9s. Teacher Nuria &nbsp; &nbsp; Blog del aula de apoyo a la integraci\u00f3n &nbsp; &nbsp; &nbsp; Blogs de ingl\u00e9s. Teacher Mar&hellip;<\/p>\n","protected":false},"author":600,"featured_media":0,"parent":0,"menu_order":0,"comment_status":"closed","ping_status":"closed","template":"","meta":{"ngg_post_thumbnail":0,"footnotes":"","_mc_calendar":[]},"aioseo_notices":[],"_links":{"self":[{"href":"https:\/\/blogsaverroes.juntadeandalucia.es\/colegioginesmorata\/index.php?rest_route=\/wp\/v2\/pages\/2874"}],"collection":[{"href":"https:\/\/blogsaverroes.juntadeandalucia.es\/colegioginesmorata\/index.php?rest_route=\/wp\/v2\/pages"}],"about":[{"href":"https:\/\/blogsaverroes.juntadeandalucia.es\/colegioginesmorata\/index.php?rest_route=\/wp\/v2\/types\/page"}],"author":[{"embeddable":true,"href":"https:\/\/blogsaverroes.juntadeandalucia.es\/colegioginesmorata\/index.php?rest_route=\/wp\/v2\/users\/600"}],"replies":[{"embeddable":true,"href":"https:\/\/blogsaverroes.juntadeandalucia.es\/colegioginesmorata\/index.php?rest_route=%2Fwp%2Fv2%2Fcomments&post=2874"}],"version-history":[{"count":9,"href":"https:\/\/blogsaverroes.juntadeandalucia.es\/colegioginesmorata\/index.php?rest_route=\/wp\/v2\/pages\/2874\/revisions"}],"predecessor-version":[{"id":3470,"href":"https:\/\/blogsaverroes.juntadeandalucia.es\/colegioginesmorata\/index.php?rest_route=\/wp\/v2\/pages\/2874\/revisions\/3470"}],"wp:attachment":[{"href":"https:\/\/blogsaverroes.juntadeandalucia.es\/colegioginesmorata\/index.php?rest_route=%2Fwp%2Fv2%2Fmedia&parent=2874"}],"curies":[{"name":"wp","href":"https:\/\/api.w.org\/{rel}","templated":true}]}}