{"id":3174,"date":"2020-09-07T19:59:17","date_gmt":"2020-09-07T19:59:17","guid":{"rendered":"https:\/\/blogsaverroes.juntadeandalucia.es\/colegioginesmorata\/?page_id=3174"},"modified":"2024-11-19T09:58:30","modified_gmt":"2024-11-19T09:58:30","slug":"scomp","status":"publish","type":"page","link":"https:\/\/blogsaverroes.juntadeandalucia.es\/colegioginesmorata\/?page_id=3174","title":{"rendered":"SERVICIOS COMPLEMENTARIOS\/BEFORE&amp;AFTER SCHOOL HOUR"},"content":{"rendered":"<h2>SERVICIOS COMPLEMENTARIOS DEL CENTRO<\/h2>\n<div style=\"width: 100%\">\n<div style=\"padding-bottom: 56.25%;padding-top: 0;height: 0\"><iframe loading=\"lazy\" src=\"https:\/\/view.genial.ly\/65100f40504ecb00115512bd\" width=\"1200\" height=\"675\" frameborder=\"0\" scrolling=\"yes\"><\/iframe><\/div>\n<\/div>\n<p>&nbsp;<\/p>\n<p>&nbsp;<\/p>\n<p>&nbsp;<\/p>\n<p>&nbsp;<\/p>\n<p>&nbsp;<\/p>\n<p>&nbsp;<\/p>\n<p>&nbsp;<\/p>\n<p>&nbsp;<\/p>\n<p><a href=\"https:\/\/www.juntadeandalucia.es\/eboja\/2017\/78\/BOJA17-078-00027-7095-01_00112396.pdf\">Normativa que regula servicios complementarios. Orden 17 de abril de 2017<\/a><\/p>\n<h2><img loading=\"lazy\" decoding=\"async\" class=\" wp-image-6511 alignright\" src=\"https:\/\/blogsaverroes.juntadeandalucia.es\/colegioginesmorata\/files\/2023\/09\/SERVICIOS-COMPLEMENTARIOS-283x400.jpg\" alt=\"\" width=\"294\" height=\"416\" srcset=\"https:\/\/blogsaverroes.juntadeandalucia.es\/colegioginesmorata\/files\/2023\/09\/SERVICIOS-COMPLEMENTARIOS-283x400.jpg 283w, https:\/\/blogsaverroes.juntadeandalucia.es\/colegioginesmorata\/files\/2023\/09\/SERVICIOS-COMPLEMENTARIOS-724x1024.jpg 724w, https:\/\/blogsaverroes.juntadeandalucia.es\/colegioginesmorata\/files\/2023\/09\/SERVICIOS-COMPLEMENTARIOS-768x1086.jpg 768w, https:\/\/blogsaverroes.juntadeandalucia.es\/colegioginesmorata\/files\/2023\/09\/SERVICIOS-COMPLEMENTARIOS-1086x1536.jpg 1086w, https:\/\/blogsaverroes.juntadeandalucia.es\/colegioginesmorata\/files\/2023\/09\/SERVICIOS-COMPLEMENTARIOS.jpg 1131w\" sizes=\"(max-width: 294px) 100vw, 294px\" \/><\/h2>\n<p><strong>1.-SERVICIOS CONTEMPLADOS DENTRO DEL PLAN DE FAMILIAS.<\/strong><\/p>\n<p><a href=\"https:\/\/blogsaverroes.juntadeandalucia.es\/colegioginesmorata\/aula-matinal\/\">Aula Matinal <\/a>17,51 \u20ac mensuales o 1,33 \u20ac por d\u00eda<\/p>\n<p><a href=\"https:\/\/blogsaverroes.juntadeandalucia.es\/colegioginesmorata\/comedor-escolar\/\">Comedor Escolar <\/a>4.98 \u20ac por d\u00eda<\/p>\n<p><a href=\"https:\/\/blogsaverroes.juntadeandalucia.es\/colegioginesmorata\/actividades-extraescolares\/\">Actividades extraescolares <\/a>17,51 \u20ac mensuales cada actividad<\/p>\n<p><strong>&nbsp;*PRECIOS CURSO 23-24&nbsp;<\/strong><strong>&nbsp;<\/strong><a href=\"https:\/\/blogsaverroes.juntadeandalucia.es\/colegioginesmorata\/files\/2023\/09\/2023-07-27-Precio-publico-Servicios-Complementarios.pdf\" target=\"_blank\" rel=\"noopener noreferrer\">Normativa sobre precios- Acuerdo de 27 de julio de 2023,<\/a><\/p>\n<p><strong>2.-OTRAS ACTIVIDADES AUTORIZADAS<\/strong><\/p>\n<p><strong>Ludoteca de mediod\u00eda,<\/strong> (para alumnado que no utiliza el servicio de comedor y son recogidos entre las 14.00 y las 15.0 horas autorizada al CB ALMERIA para m\u00e1s informaci\u00f3n contacten con el&nbsp; club <a href=\"mailto:cbalmeria@gmail.com\" target=\"_blank\" rel=\"noopener noreferrer\">cbalmeria@gmail.com<\/a><\/p>\n<p><strong>Actividades deportivas<\/strong>, autorizadas a diferentes club:<\/p>\n<ul>\n<li>Baloncesto -CB ALMERIA, <a href=\"mailto:cbalmeria@gmail.com\" target=\"_blank\" rel=\"noopener noreferrer\">cbalmeria@gmail.com<\/a><\/li>\n<li>Balonmano -CD URCI ALMERIA <a href=\"mailto:cdurcialmeria@hotmail.com\">cdurcialmeria@hotmail.com<\/a>,&nbsp;<\/li>\n<li>Voleybol &#8211; MINTONETTE <a href=\"mintonettealmeria@gmail.com\"><u>mintonettealmer\u00eda@gmail.com<\/u><\/a>&nbsp;<\/li>\n<li>Badminton -MERCAPINTURAS<\/li>\n<\/ul>\n<p><a href=\"https:\/\/blogsaverroes.juntadeandalucia.es\/colegioginesmorata\/files\/2024\/05\/SOLICITUD-COMEDOR.pdf\">Formulario para inscripci\u00f3n en servicios complementarios<\/a><\/p>\n<p><a href=\"https:\/\/blogsaverroes.juntadeandalucia.es\/colegioginesmorata\/files\/2019\/12\/BAJA-SERVICOS-COMPL.pdf\">Formulario para baja en servicios complementarios<\/a><\/p>\n<p><a href=\"https:\/\/blogsaverroes.juntadeandalucia.es\/colegioginesmorata\/files\/2019\/12\/0025631A05DR.pdf\">Formulario para bonificaci\u00f3n en servicios complementarios<\/a><\/p>\n<p>El impago de recibos en cualquiera de los servicios del Plan de familia dar\u00e1 lugar a la imposibilidad de utilizar cualquier servicio.<\/p>\n<p>Art\u00edculo 22. Orden 17 de abril de 2017- Adquisici\u00f3n y p\u00e9rdida de la condici\u00f3n de usuario.<br \/>\n1. Para la adquisici\u00f3n de la condici\u00f3n de usuario, el alumnado admitido deber\u00e1 estar al corriente del pago de todos los recibos de los servicios complementarios de los que fuera usuario durante el curso escolar anterior.<br \/>\n2. El alumnado causar\u00e1 baja en alguno de los servicios complementarios cuando se produzca el impago de dos recibos del mismo, cuando no se utilice un determinado servicio durante cinco d\u00edas consecutivos sin causa justificada<\/p>\n<p>&nbsp;<\/p>\n<p>&nbsp;<\/p>\n","protected":false},"excerpt":{"rendered":"<p>SERVICIOS COMPLEMENTARIOS DEL CENTRO &nbsp; &nbsp; &nbsp; &nbsp; &nbsp; &nbsp; &nbsp; &nbsp; Normativa que regula servicios complementarios. Orden 17 de abril de 2017 1.-SERVICIOS CONTEMPLADOS&hellip;<\/p>\n","protected":false},"author":600,"featured_media":0,"parent":0,"menu_order":0,"comment_status":"closed","ping_status":"closed","template":"","meta":{"ngg_post_thumbnail":0,"footnotes":"","_mc_calendar":[]},"aioseo_notices":[],"_links":{"self":[{"href":"https:\/\/blogsaverroes.juntadeandalucia.es\/colegioginesmorata\/index.php?rest_route=\/wp\/v2\/pages\/3174"}],"collection":[{"href":"https:\/\/blogsaverroes.juntadeandalucia.es\/colegioginesmorata\/index.php?rest_route=\/wp\/v2\/pages"}],"about":[{"href":"https:\/\/blogsaverroes.juntadeandalucia.es\/colegioginesmorata\/index.php?rest_route=\/wp\/v2\/types\/page"}],"author":[{"embeddable":true,"href":"https:\/\/blogsaverroes.juntadeandalucia.es\/colegioginesmorata\/index.php?rest_route=\/wp\/v2\/users\/600"}],"replies":[{"embeddable":true,"href":"https:\/\/blogsaverroes.juntadeandalucia.es\/colegioginesmorata\/index.php?rest_route=%2Fwp%2Fv2%2Fcomments&post=3174"}],"version-history":[{"count":30,"href":"https:\/\/blogsaverroes.juntadeandalucia.es\/colegioginesmorata\/index.php?rest_route=\/wp\/v2\/pages\/3174\/revisions"}],"predecessor-version":[{"id":9070,"href":"https:\/\/blogsaverroes.juntadeandalucia.es\/colegioginesmorata\/index.php?rest_route=\/wp\/v2\/pages\/3174\/revisions\/9070"}],"wp:attachment":[{"href":"https:\/\/blogsaverroes.juntadeandalucia.es\/colegioginesmorata\/index.php?rest_route=%2Fwp%2Fv2%2Fmedia&parent=3174"}],"curies":[{"name":"wp","href":"https:\/\/api.w.org\/{rel}","templated":true}]}}