{"id":428,"date":"2015-03-20T07:06:21","date_gmt":"2015-03-20T07:06:21","guid":{"rendered":"http:\/\/blogsaverroes.juntadeandalucia.es\/pre\/ceip\/?page_id=428"},"modified":"2025-10-21T20:15:49","modified_gmt":"2025-10-21T20:15:49","slug":"ed-primaria-1o-ciclo","status":"publish","type":"page","link":"https:\/\/blogsaverroes.juntadeandalucia.es\/colegioginesmorata\/?page_id=428","title":{"rendered":"Ed. Primaria. 1\u00ba ciclo"},"content":{"rendered":"<p><a href=\"http:\/\/blogsaverroes.juntadeandalucia.es\/temapinboard\/files\/2015\/03\/educacion1.jpg\"><img loading=\"lazy\" decoding=\"async\" class=\"wp-image-1615 size-medium aligncenter\" src=\"http:\/\/blogsaverroes.juntadeandalucia.es\/temapinboard\/files\/2015\/03\/educacion1-300x183.jpg\" alt=\"\" width=\"300\" height=\"183\" srcset=\"https:\/\/blogsaverroes.juntadeandalucia.es\/colegioginesmorata\/files\/2015\/03\/educacion1-300x183.jpg 300w, https:\/\/blogsaverroes.juntadeandalucia.es\/colegioginesmorata\/files\/2015\/03\/educacion1-332x202.jpg 332w, https:\/\/blogsaverroes.juntadeandalucia.es\/colegioginesmorata\/files\/2015\/03\/educacion1-268x164.jpg 268w, https:\/\/blogsaverroes.juntadeandalucia.es\/colegioginesmorata\/files\/2015\/03\/educacion1.jpg 512w\" sizes=\"(max-width: 300px) 100vw, 300px\" \/><\/a><\/p>\n<h2>El primer ciclo de educaci\u00f3n primaria incluye los niveles&nbsp; de 1\u00ba y 2\u00ba con los que se inicia la etapa.<\/h2>\n<p>En nuestro centro hay dos unidades de cada&nbsp; nivel&nbsp; con una ratio de 25 alumnos\/as en cada uno de los grupos de clase. Se intenta que el profesorado imparta la mayor parte del per\u00edodo lectivo en el grupo de clase del que es tutor\/a, especialmente las \u00e1reas de lengua y matem\u00e1ticas,&nbsp; y que el resto de horario lo imparta tambi\u00e9n en el ciclo.&nbsp;<\/p>\n<h3>Materias que se imparten:<\/h3>\n<p style=\"text-align: justify\"><strong>Seg\u00fan se establece en la&nbsp; Orden de 30 de Mayo de 2023<\/strong><\/p>\n<p><strong>Primero<\/strong><\/p>\n<ul>\n<li>Lengua castellana- 6 horas semanales<\/li>\n<li>Matem\u00e1ticas- 5 horas semanales<\/li>\n<li>Lengua extranjera ingl\u00e9s &#8211; 2 horas y media semanales<\/li>\n<li>Conocimiento del medio (biling\u00fce ingles) &#8211; 2 horas y media semanales<\/li>\n<li>Educaci\u00f3n F\u00edsica (biling\u00fce ingl\u00e9s) &#8211; 3 horas semanales<\/li>\n<li>Educaci\u00f3n Art\u00edstica- Pl\u00e1stica (biling\u00fce ingl\u00e9s) &#8211; 1 hora&nbsp; semanal<\/li>\n<li>Educaci\u00f3n Art\u00edstica- M\u00fasica &#8211; 1 hora&nbsp; &nbsp;semanal<\/li>\n<li>Religi\u00f3n cat\u00f3lica o Atenci\u00f3n Educativa &#8211; 1 hora y media semanal<\/li>\n<\/ul>\n<p><b>&nbsp;Segundo<\/b><\/p>\n<ul>\n<li>Lengua castellana- 5 horas y media semanales<\/li>\n<li>Matem\u00e1ticas- 6&nbsp; horas semanales<\/li>\n<li>Lengua extranjera ingl\u00e9s &#8211; 2 horas y media semanales<\/li>\n<li>Conocimiento del medio (biling\u00fce ingl\u00e9s) &#8211;&nbsp; 2 horas y media semanales<\/li>\n<li>Educaci\u00f3n F\u00edsica (biling\u00fce ingl\u00e9s) &#8211; 3 horas semanales<\/li>\n<li>Educaci\u00f3n Art\u00edstica- Pl\u00e1stica (biling\u00fce ingl\u00e9s) &#8211; 45 minutos semanales<\/li>\n<li>Educaci\u00f3n Art\u00edstica- M\u00fasica -45 minutos semanales<\/li>\n<li>Religi\u00f3n cat\u00f3lica o Atenci\u00f3n Educativa &#8211; 1 hora y media semanal<\/li>\n<\/ul>\n<h3>Criterios de calificaci\u00f3n,&nbsp; evaluaci\u00f3n y promoci\u00f3n &#8211; <a href=\"https:\/\/blogsaverroes.juntadeandalucia.es\/colegioginesmorata\/?page_id=6931\">consultar en el enlace<\/a><\/h3>\n<p>&nbsp;<\/p>\n<p>&nbsp;<\/p>\n<p>&nbsp;<\/p>\n","protected":false},"excerpt":{"rendered":"<p>El primer ciclo de educaci\u00f3n primaria incluye los niveles&nbsp; de 1\u00ba y 2\u00ba con los que se inicia la etapa. En nuestro centro hay dos&hellip;<\/p>\n","protected":false},"author":1,"featured_media":0,"parent":0,"menu_order":0,"comment_status":"closed","ping_status":"open","template":"","meta":{"ngg_post_thumbnail":0,"footnotes":"","_mc_calendar":[]},"aioseo_notices":[],"_links":{"self":[{"href":"https:\/\/blogsaverroes.juntadeandalucia.es\/colegioginesmorata\/index.php?rest_route=\/wp\/v2\/pages\/428"}],"collection":[{"href":"https:\/\/blogsaverroes.juntadeandalucia.es\/colegioginesmorata\/index.php?rest_route=\/wp\/v2\/pages"}],"about":[{"href":"https:\/\/blogsaverroes.juntadeandalucia.es\/colegioginesmorata\/index.php?rest_route=\/wp\/v2\/types\/page"}],"author":[{"embeddable":true,"href":"https:\/\/blogsaverroes.juntadeandalucia.es\/colegioginesmorata\/index.php?rest_route=\/wp\/v2\/users\/1"}],"replies":[{"embeddable":true,"href":"https:\/\/blogsaverroes.juntadeandalucia.es\/colegioginesmorata\/index.php?rest_route=%2Fwp%2Fv2%2Fcomments&post=428"}],"version-history":[{"count":24,"href":"https:\/\/blogsaverroes.juntadeandalucia.es\/colegioginesmorata\/index.php?rest_route=\/wp\/v2\/pages\/428\/revisions"}],"predecessor-version":[{"id":11150,"href":"https:\/\/blogsaverroes.juntadeandalucia.es\/colegioginesmorata\/index.php?rest_route=\/wp\/v2\/pages\/428\/revisions\/11150"}],"wp:attachment":[{"href":"https:\/\/blogsaverroes.juntadeandalucia.es\/colegioginesmorata\/index.php?rest_route=%2Fwp%2Fv2%2Fmedia&parent=428"}],"curies":[{"name":"wp","href":"https:\/\/api.w.org\/{rel}","templated":true}]}}