{"id":49,"date":"2015-03-13T08:47:05","date_gmt":"2015-03-13T08:47:05","guid":{"rendered":"http:\/\/blogsaverroes.juntadeandalucia.es\/pre\/ceip\/?page_id=49"},"modified":"2025-11-20T21:49:05","modified_gmt":"2025-11-20T21:49:05","slug":"proyecto-educativo","status":"publish","type":"page","link":"https:\/\/blogsaverroes.juntadeandalucia.es\/colegioginesmorata\/?page_id=49","title":{"rendered":"Proyecto Educativo\/ Educational Project"},"content":{"rendered":"<h2>PROYECTO EDUCATIVO&nbsp; <img loading=\"lazy\" decoding=\"async\" class=\" wp-image-1662 alignleft\" src=\"http:\/\/blogsaverroes.juntadeandalucia.es\/temapinboard\/files\/2015\/03\/proyecto-300x266.png\" alt=\"proyecto\" width=\"350\" height=\"310\" srcset=\"https:\/\/blogsaverroes.juntadeandalucia.es\/colegioginesmorata\/files\/2015\/03\/proyecto-300x266.png 300w, https:\/\/blogsaverroes.juntadeandalucia.es\/colegioginesmorata\/files\/2015\/03\/proyecto-332x295.png 332w, https:\/\/blogsaverroes.juntadeandalucia.es\/colegioginesmorata\/files\/2015\/03\/proyecto.png 640w\" sizes=\"(max-width: 350px) 100vw, 350px\" \/><\/h2>\n<p>El proyecto educativo de centro plasma nuestro modelo educativo y la concreci\u00f3n de la normativa que&nbsp; realizamos. Se definen aspectos tales como las finales educativas, objetivos, atenci\u00f3n a la diversidad, evaluaci\u00f3n, etc.<\/p>\n<p>El proyecto educativo es un documento que forma parte del Plan de Centro junto al Reglamento de Organizaci\u00f3n y Funcionamiento (R.O.F.) y al Proyecto de gesti\u00f3n.&nbsp;<\/p>\n<p>Revisado durante el mes de Octubre de 2025, aprobado por claustro y consejo escolar en sesiones del 27 de octubre&nbsp; de 2025<\/p>\n<p>Todos los documentos pueden ser consultados en estos enlaces:&nbsp;<\/p>\n<p>&nbsp;<\/p>\n<ul>\n<li><a href=\"https:\/\/blogsaverroes.juntadeandalucia.es\/colegioginesmorata\/files\/2025\/11\/PLAN-DE-CENTRO-25-26.pdf\">PLAN DE CENTRO 25-26.<\/a><\/li>\n<\/ul>\n<p>&nbsp;<\/p>\n<p>Documentos anexos al plan de centro:&nbsp;<\/p>\n<ol>\n<li><a href=\"https:\/\/blogsaverroes.juntadeandalucia.es\/colegioginesmorata\/?page_id=8913\">ANEXO 1-Programaciones de las \u00e1reas de Educaci\u00f3n Primaria<\/a><\/li>\n<li><a href=\"https:\/\/blogsaverroes.juntadeandalucia.es\/colegioginesmorata\/?page_id=8913\">ANEXO 2-Propuesta pedag\u00f3gica de los niveles de Educaci\u00f3n Infantil<\/a><\/li>\n<li><a href=\"https:\/\/blogsaverroes.juntadeandalucia.es\/colegioginesmorata\/?page_id=6931\">ANEXO 3-Criterios de evaluaci\u00f3n de Educaci\u00f3n Primaria<\/a><\/li>\n<li><a href=\"https:\/\/blogsaverroes.juntadeandalucia.es\/colegioginesmorata\/?page_id=6931\">ANEXO 4-Criterios de evaluaci\u00f3n de Educaci\u00f3n Infantil&nbsp;<\/a><\/li>\n<li><a href=\"https:\/\/blogsaverroes.juntadeandalucia.es\/colegioginesmorata\/files\/2025\/11\/ANEXO-5-PLANTILLAS-PARA-RECLAMACIONES-EN-EVALUACION.pdf\">ANEXO 5- Plantillas para reclamaciones en evaluaci\u00f3n<\/a><\/li>\n<li><a href=\"https:\/\/blogsaverroes.juntadeandalucia.es\/colegioginesmorata\/files\/2025\/11\/ANEXO-6-COMPROMISO-EDUCATIVO.pdf\">ANEXO 6-Compromiso educativo<\/a><\/li>\n<li><a href=\"https:\/\/blogsaverroes.juntadeandalucia.es\/colegioginesmorata\/files\/2025\/11\/ANEXO-7-COMPROMISO-CONVIVENCIA.pdf\">ANEXO 7-Compromiso de convivencia<\/a><\/li>\n<li><a href=\"https:\/\/blogsaverroes.juntadeandalucia.es\/colegioginesmorata\/files\/2025\/11\/ANEXO-8-PLAN-DE-MEJORA.pdf\">ANEXO 8 -Plan de mejora<\/a><\/li>\n<li><a href=\"https:\/\/blogsaverroes.juntadeandalucia.es\/colegioginesmorata\/files\/2025\/11\/ANEXO-9-CRTERIOS-PARTICIPACION-ERASMUS.pdf\">ANEXO 9-Criterios de participaci\u00f3n en proyectos Erasmus<\/a><\/li>\n<li><a href=\"https:\/\/blogsaverroes.juntadeandalucia.es\/colegioginesmorata\/files\/2025\/11\/ANEXO-10-PLAN-GENERAL-REUNIONES-Y-ACTUACIONES.pdf\">ANEXO 10-Plan general de reuniones y actuaciones<\/a><\/li>\n<li><a href=\"https:\/\/blogsaverroes.juntadeandalucia.es\/colegioginesmorata\/files\/2025\/11\/ANEXO-11-PLAN-TRABAJO-EOE.pdf\">ANEXO 11-Plan de trabajo del EOE<\/a><\/li>\n<\/ol>\n<p>Todos estos documentos&nbsp; se pueden consultar de forma impresa en el colegio<\/p>\n<p>&nbsp;<\/p>\n<p>&nbsp;<\/p>\n","protected":false},"excerpt":{"rendered":"<p>PROYECTO EDUCATIVO&nbsp; El proyecto educativo de centro plasma nuestro modelo educativo y la concreci\u00f3n de la normativa que&nbsp; realizamos. Se definen aspectos tales como las&hellip;<\/p>\n","protected":false},"author":1,"featured_media":0,"parent":0,"menu_order":0,"comment_status":"closed","ping_status":"open","template":"","meta":{"ngg_post_thumbnail":0,"footnotes":"","_mc_calendar":[]},"aioseo_notices":[],"_links":{"self":[{"href":"https:\/\/blogsaverroes.juntadeandalucia.es\/colegioginesmorata\/index.php?rest_route=\/wp\/v2\/pages\/49"}],"collection":[{"href":"https:\/\/blogsaverroes.juntadeandalucia.es\/colegioginesmorata\/index.php?rest_route=\/wp\/v2\/pages"}],"about":[{"href":"https:\/\/blogsaverroes.juntadeandalucia.es\/colegioginesmorata\/index.php?rest_route=\/wp\/v2\/types\/page"}],"author":[{"embeddable":true,"href":"https:\/\/blogsaverroes.juntadeandalucia.es\/colegioginesmorata\/index.php?rest_route=\/wp\/v2\/users\/1"}],"replies":[{"embeddable":true,"href":"https:\/\/blogsaverroes.juntadeandalucia.es\/colegioginesmorata\/index.php?rest_route=%2Fwp%2Fv2%2Fcomments&post=49"}],"version-history":[{"count":50,"href":"https:\/\/blogsaverroes.juntadeandalucia.es\/colegioginesmorata\/index.php?rest_route=\/wp\/v2\/pages\/49\/revisions"}],"predecessor-version":[{"id":11362,"href":"https:\/\/blogsaverroes.juntadeandalucia.es\/colegioginesmorata\/index.php?rest_route=\/wp\/v2\/pages\/49\/revisions\/11362"}],"wp:attachment":[{"href":"https:\/\/blogsaverroes.juntadeandalucia.es\/colegioginesmorata\/index.php?rest_route=%2Fwp%2Fv2%2Fmedia&parent=49"}],"curies":[{"name":"wp","href":"https:\/\/api.w.org\/{rel}","templated":true}]}}