{"id":99,"date":"2015-03-16T07:22:54","date_gmt":"2015-03-16T07:22:54","guid":{"rendered":"http:\/\/blogsaverroes.juntadeandalucia.es\/pre\/ceip\/?page_id=99"},"modified":"2025-10-23T19:14:17","modified_gmt":"2025-10-23T19:14:17","slug":"comedor-escolar","status":"publish","type":"page","link":"https:\/\/blogsaverroes.juntadeandalucia.es\/colegioginesmorata\/?page_id=99","title":{"rendered":"Comedor escolar"},"content":{"rendered":"<h4><a href=\"http:\/\/blogsaverroes.juntadeandalucia.es\/temapinboard\/files\/2015\/03\/comida.jpg\"><img loading=\"lazy\" decoding=\"async\" class=\"wp-image-238 alignleft\" src=\"http:\/\/blogsaverroes.juntadeandalucia.es\/temapinboard\/files\/2015\/03\/comida.jpg\" alt=\"\" width=\"297\" height=\"172\" srcset=\"https:\/\/blogsaverroes.juntadeandalucia.es\/colegioginesmorata\/files\/2015\/03\/comida.jpg 709w, https:\/\/blogsaverroes.juntadeandalucia.es\/colegioginesmorata\/files\/2015\/03\/comida-300x174.jpg 300w, https:\/\/blogsaverroes.juntadeandalucia.es\/colegioginesmorata\/files\/2015\/03\/comida-700x406.jpg 700w, https:\/\/blogsaverroes.juntadeandalucia.es\/colegioginesmorata\/files\/2015\/03\/comida-332x192.jpg 332w\" sizes=\"(max-width: 297px) 100vw, 297px\" \/><\/a><strong>Informaci\u00f3n sobre el comedor escolar<\/strong><\/h4>\n<p style=\"text-align: justify\">El comedor escolar es&nbsp; un servicio complementario que resulta de gran utilidad a padres y madres para ayudarles a conciliar la vida laboral y familiar. Tienen una duraci\u00f3n de hasta dos horas desde que acaba la jornada escolar de la ma\u00f1ana (de 14.00 a 16.00 horas). Para el curso 2025-26 tiene un precio de 5,54 \u20ac al d\u00eda.<\/p>\n<p style=\"text-align: justify\">Tambi\u00e9n se ofrece de 14,00 a 15,15 horas el servicio de ludoteca de mediod\u00eda para que el alumnado que no usa el servicio de comedor pueda permanecer en el centro hasta una hora m\u00e1s facilitando la conciliaci\u00f3n a las familias.&nbsp;<\/p>\n<p style=\"text-align: justify\">Los comedores son adem\u00e1s una pieza importante&nbsp;en todas las medidas dirigidas a mejorar los h\u00e1bitos alimenticios de los ni\u00f1os y ni\u00f1as y prevenir problemas de salud como la obesidad.<\/p>\n<p>Actualmente el colegio dispone de un servicio de comedor con cocina in situ- todos los platos son cocinados en las cocinas-&nbsp; gestionado por ARAMARK, para cualquier consulta sobre el servicio pueden dirigirse al correo&nbsp; rubi-noelia@aramark.es<\/p>\n<p>Tambi\u00e9n dispone de una plataforma en la que pueden realizar consultas sobre men\u00fas y otros aspectos. En este documento pueden encontrar las instrucciones para darse de alta.<\/p>\n<p>&nbsp;<\/p>\n<p>&nbsp;<\/p>\n<p>&nbsp;<\/p>\n<p><strong>INFORMACI\u00d3N SOBRE H\u00c1BITOS ALIMENTICIOS DEL ALUMNADO USUARIO DE COMEDOR ESCOLAR<\/strong><\/p>\n<p>La familia recibir\u00e1 informaci\u00f3n sobre los h\u00e1bitos alimenticios de sus hijos para ello el comedor establece un sistema de tarjetas de colores que se emplea con el alumnado de educaci\u00f3n infantil y primer ciclo de educaci\u00f3n primaria. Las tarjetas responde a este c\u00f3digo:<img loading=\"lazy\" decoding=\"async\" class=\"size-full wp-image-6551 aligncenter\" src=\"https:\/\/blogsaverroes.juntadeandalucia.es\/colegioginesmorata\/files\/2023\/09\/Captura-de-pantalla-2023-09-24-203922.png\" alt=\"\" width=\"383\" height=\"205\"><\/p>\n<p>Podr\u00e1n consultar directamente a los monitoras que atienden al alumnado usuario todos los d\u00edas desde &nbsp;las 15.45 hasta las 16.00 horas.<\/p>\n<p><strong>VISITAS DE OBSERVACI\u00d3N DE FAMILIAS USUARIAS A LAS INSTALACIONES<\/strong><\/p>\n<p>Una vez al mes se organizar\u00e1n visitas de observaci\u00f3n de aquellas familias cuyos hijos\/as sean usuarios del servicio y est\u00e9n interesados en conocer su funcionamiento de forma directa. Se enviar\u00e1 informaci\u00f3n sobre fechas e inscripciones al inicio de cada curso escolar.&nbsp;<\/p>\n<p><strong>COMPROMISO PARA UN BUEN USO DE COMEDOR<\/strong><\/p>\n<p>Las normas de uso del comedor escolar se encuentran recogidas en el REGLAMENTO DE ORGANIZACI\u00d3N Y FUNCIONAMIENTO (ROF) del centro<\/p>\n<p><a href=\"https:\/\/blogsaverroes.juntadeandalucia.es\/colegioginesmorata\/files\/2023\/09\/ROF-COMEDOR.pdf\" target=\"_blank\" rel=\"noopener noreferrer\">NORMAS DE USO DEL COMEDOR<\/a><\/p>\n<p>Hemos de tener en cuenta que el comedor, como todas las actividades del centro, tiene un car\u00e1cter educativo adem\u00e1s de atender a las necesidades de conciliaci\u00f3n familiar. Por tal motivo se anima a todos los comensales a probar los diferentes platos que se sirven y a tener una conducta y h\u00e1bitos de uso del servicio correctos. En las ocasiones en que alg\u00fan comensal presente conductas inapropiadas de forma reiterada se informar\u00e1 a sus familias para que colaboren en el buen uso del comedor con la firma y cumplimiento del compromiso. Pueden consultarlo en el enlace.&nbsp;<\/p>\n<p><a href=\"https:\/\/blogsaverroes.juntadeandalucia.es\/colegioginesmorata\/files\/2023\/09\/COMPROMISO-COMEDOR-1.pdf\" target=\"_blank\" rel=\"noopener noreferrer\">COMPROMISO COMEDOR<\/a><\/p>\n<p>&nbsp;<\/p>\n<p><strong>MENUS<\/strong><\/p>\n<p style=\"text-align: justify\">Los men\u00fas que se sirven en los comedores escolares p\u00fablicos siguen las recomendaciones de los organismos responsables en materia de sanidad en cuanto a alimentaci\u00f3n saludable, y est\u00e1n supervisados por nutricionistas y se caracteriza por:<\/p>\n<p>Una mayor proporci\u00f3n de verdura en los men\u00fas<\/p>\n<p>Fruta fresca como postre al menos cuatro d\u00edas a la semana<\/p>\n<p>Uso de aceite de oliva virgen extra<\/p>\n<p>M\u00e1s pescado que carne, que debe ser magra<\/p>\n<p>Prohibici\u00f3n de los alimentos precocinados y limitaci\u00f3n de los fritos<\/p>\n<p>Apuesta por la dieta mediterr\u00e1nea y los productos ecol\u00f3gicos<\/p>\n<p>Se publican mensualmente en los tablones de anuncios del centro (real&nbsp; y virtual) y se comunican a las familias de los usuarios\/as.&nbsp;<\/p>\n<p style=\"text-align: justify\"><strong>INSCRIPCIONES<\/strong> Para solicitar admisi\u00f3n en este servicio se requiere &nbsp;inscripci\u00f3n y domicializaci\u00f3n bancaria. Es necesario aportar documentaci\u00f3n sobre vida laboral y certificado de horario de ambos progenitores.<\/p>\n<p style=\"text-align: justify\">Descargue <a href=\"https:\/\/blogsaverroes.juntadeandalucia.es\/colegioginesmorata\/files\/2024\/05\/SOLICITUD-COMEDOR.pdf\">aqui el impreso<\/a>, rell\u00e9nelo y pres\u00e9ntelo a trav\u00e9s del <a href=\"https:\/\/www.juntadeandalucia.es\/educacion\/secretariavirtual\/accesoTramite\/462\/\" target=\"_blank\" rel=\"noopener noreferrer\">registro electr\u00f3nico del centro<\/a> o envi\u00e9nlo por email a 04006446.edu@juntadeandalucia.es o entr\u00e9galo en la secretar\u00eda del Colegio ( es necesaria cita previa).<\/p>\n<p style=\"text-align: justify\">Para darse de baja rellene el <a href=\"https:\/\/blogsaverroes.juntadeandalucia.es\/colegioginesmorata\/files\/2019\/12\/BAJA-SERVICOS-COMPL.pdf\" target=\"_blank\" rel=\"noopener noreferrer\">siguiente formulario<\/a> y presentelo tal y como se ha indicado anteriormente.<\/p>\n<p>&nbsp;<\/p>\n<p style=\"text-align: justify\">&nbsp;<\/p>\n","protected":false},"excerpt":{"rendered":"<p>Informaci\u00f3n sobre el comedor escolar El comedor escolar es&nbsp; un servicio complementario que resulta de gran utilidad a padres y madres para ayudarles a conciliar&hellip;<\/p>\n","protected":false},"author":1,"featured_media":0,"parent":0,"menu_order":0,"comment_status":"closed","ping_status":"open","template":"","meta":{"ngg_post_thumbnail":0,"footnotes":"","_mc_calendar":[]},"aioseo_notices":[],"_links":{"self":[{"href":"https:\/\/blogsaverroes.juntadeandalucia.es\/colegioginesmorata\/index.php?rest_route=\/wp\/v2\/pages\/99"}],"collection":[{"href":"https:\/\/blogsaverroes.juntadeandalucia.es\/colegioginesmorata\/index.php?rest_route=\/wp\/v2\/pages"}],"about":[{"href":"https:\/\/blogsaverroes.juntadeandalucia.es\/colegioginesmorata\/index.php?rest_route=\/wp\/v2\/types\/page"}],"author":[{"embeddable":true,"href":"https:\/\/blogsaverroes.juntadeandalucia.es\/colegioginesmorata\/index.php?rest_route=\/wp\/v2\/users\/1"}],"replies":[{"embeddable":true,"href":"https:\/\/blogsaverroes.juntadeandalucia.es\/colegioginesmorata\/index.php?rest_route=%2Fwp%2Fv2%2Fcomments&post=99"}],"version-history":[{"count":26,"href":"https:\/\/blogsaverroes.juntadeandalucia.es\/colegioginesmorata\/index.php?rest_route=\/wp\/v2\/pages\/99\/revisions"}],"predecessor-version":[{"id":11157,"href":"https:\/\/blogsaverroes.juntadeandalucia.es\/colegioginesmorata\/index.php?rest_route=\/wp\/v2\/pages\/99\/revisions\/11157"}],"wp:attachment":[{"href":"https:\/\/blogsaverroes.juntadeandalucia.es\/colegioginesmorata\/index.php?rest_route=%2Fwp%2Fv2%2Fmedia&parent=99"}],"curies":[{"name":"wp","href":"https:\/\/api.w.org\/{rel}","templated":true}]}}