{"id":2314,"date":"2015-11-14T21:11:12","date_gmt":"2015-11-14T21:11:12","guid":{"rendered":"http:\/\/blogsaverroes.juntadeandalucia.es\/colegiohermanospinzon\/?page_id=2314"},"modified":"2020-12-09T17:45:00","modified_gmt":"2020-12-09T17:45:00","slug":"asi-somos","status":"publish","type":"page","link":"https:\/\/blogsaverroes.juntadeandalucia.es\/colegiohermanospinzon\/asi-somos\/","title":{"rendered":"As\u00ed somos"},"content":{"rendered":"<h1><strong>Contexto:<\/strong><\/h1>\n<p><a href=\"http:\/\/blogsaverroes.juntadeandalucia.es\/colegiohermanospinzon\/files\/2015\/11\/escudo.jpg\"><img decoding=\"async\" class=\"alignleft wp-image-2627 size-full\" src=\"http:\/\/blogsaverroes.juntadeandalucia.es\/colegiohermanospinzon\/files\/2015\/11\/escudo.jpg\" alt=\"escudo\" width=\"176\" height=\"260\"\/><\/a>Palos de la Frontera se encuentra situada en el Suroeste de la Pen\u00ednsula Ib\u00e9rica, concretamente en la llamada Tierra Llana de Huelva, la provincia m\u00e1s occidental de Andaluc\u00eda (Espa\u00f1a), fronteriza con el Sur de Portugal, en el margen izquierdo del rio Tinto, a 4 Km. de su desembocadura en el Atl\u00e1ntico. Tiene una poblaci\u00f3n de hecho superior a los 9.500 habitantes, aunque esta cantidad se ve notablemente aumentada con la poblaci\u00f3n inmigrante que, en el primer semestre de cada a\u00f1o, acude <img fetchpriority=\"high\" decoding=\"async\" class=\"alignright wp-image-2617 size-full\" src=\"http:\/\/blogsaverroes.juntadeandalucia.es\/colegiohermanospinzon\/files\/2015\/11\/carabela.jpg\" alt=\"carabela\" width=\"386\" height=\"130\" srcset=\"https:\/\/blogsaverroes.juntadeandalucia.es\/colegiohermanospinzon\/files\/2015\/11\/carabela.jpg 386w, https:\/\/blogsaverroes.juntadeandalucia.es\/colegiohermanospinzon\/files\/2015\/11\/carabela-300x101.jpg 300w\" sizes=\"(max-width: 386px) 100vw, 386px\" \/>a la recolecci\u00f3n de.En cuanto a la econom\u00eda resaltar que el producto de especial relevancia es el \u201cFres\u00f3n de Palos\u201d, que se ha convertido durante las \u00faltimas d\u00e9cadas en el motor econ\u00f3mico de la localidad, y del cual depende, directa o indirectamente, una gran parte de la poblaci\u00f3n.<\/p>\n<h2 style=\"text-align: left\"><span style=\"text-decoration: underline\"><em><strong>Caracter\u00edsticas del Centro<\/strong><\/em><\/span><\/h2>\n<p><img decoding=\"async\" class=\" wp-image-2616 alignleft\" src=\"http:\/\/blogsaverroes.juntadeandalucia.es\/colegiohermanospinzon\/files\/2015\/11\/cabecera-300x80.jpg\" alt=\"cabecera\" width=\"444\" height=\"125\"\/>Actualmente, el colegio \u201dHermanos Pinz\u00f3n\u201d, es un centro p\u00fablico dependiente de la Consejer\u00eda de Educaci\u00f3n y Ciencia de la Junta de Andaluc\u00eda, en el que se imparten ense\u00f1anzas de educaci\u00f3n infantil, educaci\u00f3n primaria y educaci\u00f3n especial. Est\u00e1 situado en la zona centro-bajo del pueblo.<br \/>\nA d\u00eda de hoy, en el curso 2020\/2021, el Centro cuenta con tres l\u00edneas completas, exceptuando el curso de infantil de cuatro a\u00f1os, con dos l\u00edneas.<br \/>\nEl Centro consta de dos edificios dentro del mismo recinto escolar:<br \/>\nUn edificio principal que alberga todos los niveles de educaci\u00f3n primaria, dividido en dos plantas, en la planta baja encontramos algunas aulas de Infantil, aula del AMPA que en cursos anteriores ha sido compartida con el aula matinal por cuesti\u00f3n de espacio, aunque este a\u00f1o s\u00f3lo se utiliza como aula matinal, debido a la situaci\u00f3n de pandemia,&nbsp; aula de pedagog\u00eda terap\u00e9utica, biblioteca, cocina, comedor, sala de profesores, conserjer\u00eda, direcci\u00f3n, jefatura de estudios, secretar\u00eda y diversas aulas de primaria; en la planta alta encontramos entre otras el aula de A.L., aula de Ingl\u00e9s, aula de refuerzo educativo, aula de m\u00fasica y diversas aulas de primaria.<br \/>\n<img loading=\"lazy\" decoding=\"async\" class=\" wp-image-2588 alignleft\" src=\"http:\/\/blogsaverroes.juntadeandalucia.es\/colegiohermanospinzon\/files\/2015\/11\/COLE03.jpg\" alt=\"COLE03\" width=\"269\" height=\"204\"\/>El otro edificio es el de educaci\u00f3n Infantil, contiguo del principal con las pistas deportivas. Aqu\u00ed nos encontramos con 6 aulas, correspondientes a dos niveles, este curso de 3 y 5 a\u00f1os,&nbsp; junto con servicio de docentes y dos de alumnado. En el patio de Infantil se encuentra el pabell\u00f3n deportivo.<br \/>\nLa zona donde se ubica el colegio est\u00e1 en la zona centro-bajo. Tiene colindante la Casa de Cultura Vicente Aleixandre, la Biblioteca P\u00fablica Municipal Antonio Gala, la Carpa de la Juventud y la Escuela de M\u00fasica de reciente construcci\u00f3n, lo que permite su utilizaci\u00f3n por parte del alumnado del centro. Adem\u00e1s de contar tambi\u00e9n en sus alrededores con la Avda. de Am\u00e9rica, Centro de Salud Don Manuel Leiva, Guarder\u00eda Do\u00f1a Oria, Instituto Carabelas, Plaza de Toros, parque infantil,\u2026<br \/>\nEn el presente curso acad\u00e9mico, el Centro cuenta con alrededor de 600 alumnos\/as.<br \/>\nNuestro Centro acoge ni\u00f1os\/as de edades comprendidas entre tres y doce a\u00f1os. As\u00ed mismo, est\u00e1n escolarizados ni\u00f1os\/as con necesidades espec\u00edficas de apoyo educativo.<\/p>\n","protected":false},"excerpt":{"rendered":"<p>Contexto: Palos de la Frontera se encuentra situada en el Suroeste de la Pen\u00ednsula Ib\u00e9rica, concretamente en la llamada Tierra Llana de Huelva, la provincia&hellip;<\/p>\n","protected":false},"author":2166,"featured_media":0,"parent":0,"menu_order":0,"comment_status":"closed","ping_status":"closed","template":"","meta":{"ngg_post_thumbnail":0,"footnotes":"","_mc_calendar":[]},"aioseo_notices":[],"_links":{"self":[{"href":"https:\/\/blogsaverroes.juntadeandalucia.es\/colegiohermanospinzon\/wp-json\/wp\/v2\/pages\/2314"}],"collection":[{"href":"https:\/\/blogsaverroes.juntadeandalucia.es\/colegiohermanospinzon\/wp-json\/wp\/v2\/pages"}],"about":[{"href":"https:\/\/blogsaverroes.juntadeandalucia.es\/colegiohermanospinzon\/wp-json\/wp\/v2\/types\/page"}],"author":[{"embeddable":true,"href":"https:\/\/blogsaverroes.juntadeandalucia.es\/colegiohermanospinzon\/wp-json\/wp\/v2\/users\/2166"}],"replies":[{"embeddable":true,"href":"https:\/\/blogsaverroes.juntadeandalucia.es\/colegiohermanospinzon\/wp-json\/wp\/v2\/comments?post=2314"}],"version-history":[{"count":8,"href":"https:\/\/blogsaverroes.juntadeandalucia.es\/colegiohermanospinzon\/wp-json\/wp\/v2\/pages\/2314\/revisions"}],"predecessor-version":[{"id":10131,"href":"https:\/\/blogsaverroes.juntadeandalucia.es\/colegiohermanospinzon\/wp-json\/wp\/v2\/pages\/2314\/revisions\/10131"}],"wp:attachment":[{"href":"https:\/\/blogsaverroes.juntadeandalucia.es\/colegiohermanospinzon\/wp-json\/wp\/v2\/media?parent=2314"}],"curies":[{"name":"wp","href":"https:\/\/api.w.org\/{rel}","templated":true}]}}