{"id":2490,"date":"2016-05-26T10:15:08","date_gmt":"2016-05-26T08:15:08","guid":{"rendered":"http:\/\/blogsaverroes.juntadeandalucia.es\/colegiojuanvalera\/?page_id=2490"},"modified":"2021-06-03T10:39:06","modified_gmt":"2021-06-03T08:39:06","slug":"villancicos","status":"publish","type":"page","link":"https:\/\/blogsaverroes.juntadeandalucia.es\/colegiojuanvalera\/actividades\/50-aniversario\/villancicos\/","title":{"rendered":"Muestra de Villancicos"},"content":{"rendered":"<p><b>El colegio \u201cJuan Valera\u201d celebr\u00f3 su Muestra de Villancicos por su 50 aniversario<\/b><\/p>\n<div id=\"imPage\">\n<div id=\"imContent\">\n<div>\n<div id=\"imCell_1\" class=\"imGrid[0, 1]\">\n<div id=\"imCellStyle_1\">\n<div id=\"imTextObject_1\">\n<div id=\"imTextObject_1_tab0\" class=\"text-tab-content\">\n<div class=\"text-inner\">\n<p><span class=\"fs28 cf3 ff1\"><b>Actuaron en El Jardinito, grupos de mochileros de Cabra, Gaena y Llano del Espinar, la pastorada de Algar y la zambomba de Luque <\/b><\/span><\/p>\n<p>Con pr\u00e1cticamente un lleno de p\u00fablico, el teatro \u201cEl Jardinito\u201d acogi\u00f3 el pasado mi\u00e9rcoles 21 de diciembre la Muestra de Villancicos \u201cPastoriles y Mochileros\u201d, que organizada por el colegio \u201cJuan Valera\u201d con la colaboraci\u00f3n de la delegaci\u00f3n de Cultura, dentro de los actos que con motivo del 50 aniversario de la creaci\u00f3n del centro se han programado para este a\u00f1o que finaliza y el pr\u00f3ximo 2012.<\/p>\n<p><span class=\"ff1 fs20\">La Muestra, que cont\u00f3 con la participaci\u00f3n de los mochileros de Cabra, Gaena y Llano del Espinar, la pastorada de Algar y la zambomba de Luque, est\u00e1 vinculada al Seminario Permanente de la Tradici\u00f3n Oral que desde hace m\u00e1s de treinta a\u00f1os se viene desarrollando en el centro.<\/span><\/p>\n<p><span class=\"ff1 fs20\">Jos\u00e9 Moreno \u00a0CABRA@informaci\u00f3n<br \/>\n<\/span><\/p>\n<\/div>\n<\/div>\n<\/div>\n<\/div>\n<\/div>\n<\/div>\n<p><a href=\"http:\/\/blogsaverroes.juntadeandalucia.es\/colegiojuanvalera\/files\/2016\/05\/zambomba.jpg\"><img loading=\"lazy\" decoding=\"async\" class=\"  wp-image-2496 alignright\" src=\"http:\/\/blogsaverroes.juntadeandalucia.es\/colegiojuanvalera\/files\/2016\/05\/zambomba-300x226.jpg\" alt=\"zambomba\" width=\"240\" height=\"181\" srcset=\"https:\/\/blogsaverroes.juntadeandalucia.es\/colegiojuanvalera\/files\/2016\/05\/zambomba-300x226.jpg 300w, https:\/\/blogsaverroes.juntadeandalucia.es\/colegiojuanvalera\/files\/2016\/05\/zambomba.jpg 327w\" sizes=\"(max-width: 240px) 100vw, 240px\" \/><\/a> <a href=\"http:\/\/blogsaverroes.juntadeandalucia.es\/colegiojuanvalera\/files\/2016\/05\/gaena1.jpg\"><img loading=\"lazy\" decoding=\"async\" class=\" size-medium wp-image-2491 alignleft\" src=\"http:\/\/blogsaverroes.juntadeandalucia.es\/colegiojuanvalera\/files\/2016\/05\/gaena1-300x181.jpg\" alt=\"gaena1\" width=\"300\" height=\"181\" srcset=\"https:\/\/blogsaverroes.juntadeandalucia.es\/colegiojuanvalera\/files\/2016\/05\/gaena1-300x181.jpg 300w, https:\/\/blogsaverroes.juntadeandalucia.es\/colegiojuanvalera\/files\/2016\/05\/gaena1.jpg 407w\" sizes=\"(max-width: 300px) 100vw, 300px\" \/><\/a><\/p>\n<\/div>\n<\/div>\n<p>&nbsp;<\/p>\n<p>&nbsp;<\/p>\n<p>&nbsp;<\/p>\n<p>&nbsp;<\/p>\n","protected":false},"excerpt":{"rendered":"<p>El colegio \u201cJuan Valera\u201d celebr\u00f3 su Muestra de Villancicos por su 50 aniversario Actuaron en El Jardinito, grupos de mochileros de Cabra, Gaena y Llano del Espinar, la pastorada de Algar y la zambomba de Luque Con pr\u00e1cticamente un lleno de p\u00fablico, el teatro \u201cEl Jardinito\u201d acogi\u00f3 el pasado mi\u00e9rcoles 21 de diciembre la Muestra &hellip; <\/p>\n<p><a class=\"more-link btn\" href=\"https:\/\/blogsaverroes.juntadeandalucia.es\/colegiojuanvalera\/actividades\/50-aniversario\/villancicos\/\">Seguir leyendo<\/a><\/p>\n","protected":false},"author":3037,"featured_media":0,"parent":2485,"menu_order":0,"comment_status":"closed","ping_status":"closed","template":"page-template-full.php","meta":{"ngg_post_thumbnail":0,"footnotes":"","_mc_calendar":[]},"aioseo_notices":[],"_links":{"self":[{"href":"https:\/\/blogsaverroes.juntadeandalucia.es\/colegiojuanvalera\/wp-json\/wp\/v2\/pages\/2490"}],"collection":[{"href":"https:\/\/blogsaverroes.juntadeandalucia.es\/colegiojuanvalera\/wp-json\/wp\/v2\/pages"}],"about":[{"href":"https:\/\/blogsaverroes.juntadeandalucia.es\/colegiojuanvalera\/wp-json\/wp\/v2\/types\/page"}],"author":[{"embeddable":true,"href":"https:\/\/blogsaverroes.juntadeandalucia.es\/colegiojuanvalera\/wp-json\/wp\/v2\/users\/3037"}],"replies":[{"embeddable":true,"href":"https:\/\/blogsaverroes.juntadeandalucia.es\/colegiojuanvalera\/wp-json\/wp\/v2\/comments?post=2490"}],"version-history":[{"count":8,"href":"https:\/\/blogsaverroes.juntadeandalucia.es\/colegiojuanvalera\/wp-json\/wp\/v2\/pages\/2490\/revisions"}],"predecessor-version":[{"id":2793,"href":"https:\/\/blogsaverroes.juntadeandalucia.es\/colegiojuanvalera\/wp-json\/wp\/v2\/pages\/2490\/revisions\/2793"}],"up":[{"embeddable":true,"href":"https:\/\/blogsaverroes.juntadeandalucia.es\/colegiojuanvalera\/wp-json\/wp\/v2\/pages\/2485"}],"wp:attachment":[{"href":"https:\/\/blogsaverroes.juntadeandalucia.es\/colegiojuanvalera\/wp-json\/wp\/v2\/media?parent=2490"}],"curies":[{"name":"wp","href":"https:\/\/api.w.org\/{rel}","templated":true}]}}

<p><b>El colegio “Juan Valera” celebró su Muestra de Villancicos por su 50 aniversario</b></p>
<div id="imPage">
<div id="imContent">
<div>
<div id="imCell_1" class="imGrid[0, 1]">
<div id="imCellStyle_1">
<div id="imTextObject_1">
<div id="imTextObject_1_tab0" class="text-tab-content">
<div class="text-inner">
<p><span class="fs28 cf3 ff1"><b>Actuaron en El Jardinito, grupos de mochileros de Cabra, Gaena y Llano del Espinar, la pastorada de Algar y la zambomba de Luque </b></span></p>
<p>Con prácticamente un lleno de público, el teatro “El Jardinito” acogió el pasado miércoles 21 de diciembre la Muestra de Villancicos “Pastoriles y Mochileros”, que organizada por el colegio “Juan Valera” con la colaboración de la delegación de Cultura, dentro de los actos que con motivo del 50 aniversario de la creación del centro se han programado para este año que finaliza y el próximo 2012.</p>
<p><span class="ff1 fs20">La Muestra, que contó con la participación de los mochileros de Cabra, Gaena y Llano del Espinar, la pastorada de Algar y la zambomba de Luque, está vinculada al Seminario Permanente de la Tradición Oral que desde hace más de treinta años se viene desarrollando en el centro.</span></p>
<p><span class="ff1 fs20">José Moreno  CABRA@información<br />
</span></p>
</div>
</div>
</div>
</div>
</div>
</div>
<p><a href="http://blogsaverroes.juntadeandalucia.es/colegiojuanvalera/files/2016/05/zambomba.jpg"><img loading="lazy" decoding="async" class="  wp-image-2496 alignright" src="http://blogsaverroes.juntadeandalucia.es/colegiojuanvalera/files/2016/05/zambomba-300x226.jpg" alt="zambomba" width="240" height="181" srcset="https://blogsaverroes.juntadeandalucia.es/colegiojuanvalera/files/2016/05/zambomba-300x226.jpg 300w, https://blogsaverroes.juntadeandalucia.es/colegiojuanvalera/files/2016/05/zambomba.jpg 327w" sizes="(max-width: 240px) 100vw, 240px" /></a> <a href="http://blogsaverroes.juntadeandalucia.es/colegiojuanvalera/files/2016/05/gaena1.jpg"><img loading="lazy" decoding="async" class=" size-medium wp-image-2491 alignleft" src="http://blogsaverroes.juntadeandalucia.es/colegiojuanvalera/files/2016/05/gaena1-300x181.jpg" alt="gaena1" width="300" height="181" srcset="https://blogsaverroes.juntadeandalucia.es/colegiojuanvalera/files/2016/05/gaena1-300x181.jpg 300w, https://blogsaverroes.juntadeandalucia.es/colegiojuanvalera/files/2016/05/gaena1.jpg 407w" sizes="(max-width: 300px) 100vw, 300px" /></a></p>
</div>
</div>
<p>&nbsp;</p>
<p>&nbsp;</p>
<p>&nbsp;</p>
<p>&nbsp;</p>

<p>El colegio “Juan Valera” celebró su Muestra de Villancicos por su 50 aniversario Actuaron en El Jardinito, grupos de mochileros de Cabra, Gaena y Llano del Espinar, la pastorada de Algar y la zambomba de Luque Con prácticamente un lleno de público, el teatro “El Jardinito” acogió el pasado miércoles 21 de diciembre la Muestra &hellip; </p>
<p><a class="more-link btn" href="https://blogsaverroes.juntadeandalucia.es/colegiojuanvalera/actividades/50-aniversario/villancicos/">Seguir leyendo</a></p>
