{"id":4615,"date":"2020-03-14T14:56:29","date_gmt":"2020-03-14T12:56:29","guid":{"rendered":"http:\/\/blogsaverroes.juntadeandalucia.es\/colegiojuanvalera\/?page_id=4615"},"modified":"2021-06-03T10:38:50","modified_gmt":"2021-06-03T08:38:50","slug":"1o-b","status":"publish","type":"page","link":"https:\/\/blogsaverroes.juntadeandalucia.es\/colegiojuanvalera\/1o-b\/","title":{"rendered":"1\u00ba B"},"content":{"rendered":"<h1 style=\"text-align: center\"><em><span style=\"text-decoration: underline\"><strong>PRESENTACI\u00d3N&nbsp; Y&nbsp; 12\u00aa Y 13\u00aa SEMANA DEL 8 AL 19 DE JUNIO DE 2020<\/strong><\/span><\/em><\/h1>\n<p>Durante este periodo que vais a trabajar en casa vamos a estar en contacto diariamente, a trav\u00e9s del whatsapp, con la madre delegada, os mandaremos las explicaciones necesarias para poder llevar a cabo el aprendizaje de forma correcta y que nuestro alumnado siga avanzando en su ense\u00f1anza.&nbsp;&nbsp;&nbsp;&nbsp;&nbsp;&nbsp;&nbsp;<\/p>\n<p>&nbsp;&nbsp;&nbsp;&nbsp;&nbsp;&nbsp;&nbsp;&nbsp;&nbsp;&nbsp;&nbsp; En este blog encontrar\u00e9is los recursos educativos para que trabajen vuestros hijos e hijas, as\u00ed como recomendaciones y sugerencias.<\/p>\n<p><strong>Trabajo diario.<\/strong><\/p>\n<p style=\"padding-left: 40px\">Deben de leer todos los d\u00edas en voz alta, haci\u00e9ndoles preguntas de lo que est\u00e1n leyendo, para comprobar si comprenden lo que leen.<\/p>\n<p>&nbsp; &nbsp; &nbsp; &nbsp; &nbsp; Deben escribir todos los d\u00edas, realizando copiados o dictados, para ir afianzando la escritura y la ortograf\u00eda.<\/p>\n<p>&nbsp; &nbsp; &nbsp; &nbsp; &nbsp; Tambi\u00e9n tienen que realizar c\u00e1lculo, numeraci\u00f3n y resoluci\u00f3n de problemas.<\/p>\n<p>&nbsp; &nbsp; &nbsp; &nbsp; &nbsp; Para todo ello, encontrar\u00e9is en este sitio material suficiente y por supuesto nuestro asesoramiento permanente.&nbsp;&nbsp;<\/p>\n<p>&nbsp; &nbsp; &nbsp; &nbsp; &nbsp; Mucho \u00e1nimo, en esta labor, vamos de la mano juntos. Os dejamos dos recomendaciones muy importantes:<\/p>\n<ul>\n<li>PARA LEER MEJOR<\/li>\n<\/ul>\n<p><a href=\"https:\/\/blogsaverroes.juntadeandalucia.es\/colegiojuanvalera\/files\/2020\/03\/Para-leer-bien-1.png\"><img loading=\"lazy\" decoding=\"async\" class=\"alignnone wp-image-4724 size-medium\" src=\"https:\/\/blogsaverroes.juntadeandalucia.es\/colegiojuanvalera\/files\/2020\/03\/Para-leer-bien-1-221x300.png\" alt=\"\" width=\"221\" height=\"300\" srcset=\"https:\/\/blogsaverroes.juntadeandalucia.es\/colegiojuanvalera\/files\/2020\/03\/Para-leer-bien-1-221x300.png 221w, https:\/\/blogsaverroes.juntadeandalucia.es\/colegiojuanvalera\/files\/2020\/03\/Para-leer-bien-1-768x1044.png 768w, https:\/\/blogsaverroes.juntadeandalucia.es\/colegiojuanvalera\/files\/2020\/03\/Para-leer-bien-1-754x1024.png 754w, https:\/\/blogsaverroes.juntadeandalucia.es\/colegiojuanvalera\/files\/2020\/03\/Para-leer-bien-1-18x24.png 18w, https:\/\/blogsaverroes.juntadeandalucia.es\/colegiojuanvalera\/files\/2020\/03\/Para-leer-bien-1-26x36.png 26w, https:\/\/blogsaverroes.juntadeandalucia.es\/colegiojuanvalera\/files\/2020\/03\/Para-leer-bien-1-35x48.png 35w, https:\/\/blogsaverroes.juntadeandalucia.es\/colegiojuanvalera\/files\/2020\/03\/Para-leer-bien-1.png 886w\" sizes=\"(max-width: 221px) 100vw, 221px\" \/><\/a><\/p>\n<ul>\n<li>PARA ESCRIBIR MEJOR<\/li>\n<\/ul>\n<p><a href=\"https:\/\/blogsaverroes.juntadeandalucia.es\/colegiojuanvalera\/files\/2020\/03\/Para-escribir-bien-1.png\"><img loading=\"lazy\" decoding=\"async\" class=\"alignnone wp-image-4723 size-medium\" src=\"https:\/\/blogsaverroes.juntadeandalucia.es\/colegiojuanvalera\/files\/2020\/03\/Para-escribir-bien-1-220x300.png\" alt=\"\" width=\"220\" height=\"300\" srcset=\"https:\/\/blogsaverroes.juntadeandalucia.es\/colegiojuanvalera\/files\/2020\/03\/Para-escribir-bien-1-220x300.png 220w, https:\/\/blogsaverroes.juntadeandalucia.es\/colegiojuanvalera\/files\/2020\/03\/Para-escribir-bien-1-768x1049.png 768w, https:\/\/blogsaverroes.juntadeandalucia.es\/colegiojuanvalera\/files\/2020\/03\/Para-escribir-bien-1-750x1024.png 750w, https:\/\/blogsaverroes.juntadeandalucia.es\/colegiojuanvalera\/files\/2020\/03\/Para-escribir-bien-1-18x24.png 18w, https:\/\/blogsaverroes.juntadeandalucia.es\/colegiojuanvalera\/files\/2020\/03\/Para-escribir-bien-1-26x36.png 26w, https:\/\/blogsaverroes.juntadeandalucia.es\/colegiojuanvalera\/files\/2020\/03\/Para-escribir-bien-1-35x48.png 35w, https:\/\/blogsaverroes.juntadeandalucia.es\/colegiojuanvalera\/files\/2020\/03\/Para-escribir-bien-1.png 886w\" sizes=\"(max-width: 220px) 100vw, 220px\" \/><\/a><\/p>\n<p>&nbsp; &nbsp; &nbsp; &nbsp; &nbsp; &nbsp; &nbsp; &nbsp; &nbsp; &nbsp; &nbsp; &nbsp; &nbsp; &nbsp; &nbsp; &nbsp; &nbsp; &nbsp; &nbsp; &nbsp; &nbsp;&nbsp;<\/p>\n<p style=\"text-align: right\">Srta. Piedi y D. Alberto<\/p>\n<h1 style=\"text-align: center\"><em><span style=\"text-decoration: underline\"><strong><span style=\"color: #ff6600;text-decoration: underline\">3\u00ba Trimestre (1\u00ba B) <\/span><\/strong><\/span><\/em><\/h1>\n<h1 style=\"text-align: center\"><em><span style=\"text-decoration: underline\"><strong><span style=\"color: #ff6600;text-decoration: underline\">Semana del 8 al 19 de junio de 2020<\/span><\/strong><\/span><\/em><\/h1>\n<table style=\"width: 902px;border-color: #0e559c\" border=\"#0e559c\" cellpadding=\"#0e559c\">\n<caption>&nbsp;<\/caption>\n<tbody>\n<tr style=\"height: 19px\">\n<td style=\"width: 212px;height: 19px;background-color: #f2dada\">\n<h2><em style=\"text-align: center;font-family: inherit;font-size: inherit\"><span style=\"text-decoration: underline\"><strong>MATEM\u00c1TICAS<\/strong><\/span><\/em><\/h2>\n<hr \/>\n<\/td>\n<td style=\"width: 247px;height: 19px;background-color: #dce3f5\">\n<h2 style=\"text-align: right\"><em style=\"text-align: center;font-family: inherit;font-size: inherit\"><span style=\"text-decoration: underline\"><strong>LENGUA<\/strong><\/span><\/em><\/h2>\n<hr \/>\n<\/td>\n<\/tr>\n<tr style=\"height: 20.1875px\">\n<td style=\"width: 212px;height: 20.1875px;background-color: #f2dada;vertical-align: top\">\n<p style=\"text-align: center\"><em><span style=\"text-decoration: underline\"><strong><span style=\"color: #ff0000;text-decoration: underline\">LUNES 8 DE JUNIO<\/span><\/strong><\/span><\/em><\/p>\n<div class=\"page\" title=\"Page 1\">\n<div class=\"layoutArea\">\n<div class=\"column\">\n<div class=\"page\" title=\"Page 1\">\n<div class=\"layoutArea\">\n<div class=\"column\">\n<div class=\"page\" title=\"Page 1\">\n<div class=\"layoutArea\">\n<div class=\"column\">\n<div class=\"page\" title=\"Page 1\">\n<div class=\"layoutArea\">\n<div class=\"column\">\n<p>1.- OBSERVAR LA LA\u0301MINA DE INTRODUCCIO\u0301N: LIBRO PA\u0301GINAS 212-213.<\/p>\n<ul>\n<li>ACTIVIDADES INTERACTIVAS. REPASO UNIDADES Y DECENAS.<\/li>\n<\/ul>\n<p>2.-LOS NU\u0301MEROS DEL A\u0301BACO. LIBRO PA\u0301GINA 214-215.<\/p>\n<ul>\n<li>E: 1 AL 4.<\/li>\n<li>CALCULO MENTAL. ORAL.<\/li>\n<li>ACTIVIDADES INTERACTIVAS.<\/li>\n<\/ul>\n<\/div>\n<\/div>\n<\/div>\n<\/div>\n<\/div>\n<\/div>\n<\/div>\n<\/div>\n<\/div>\n<p>&nbsp;&nbsp;<\/p>\n<\/div>\n<\/div>\n<\/div>\n<p style=\"text-align: center\"><em><span style=\"text-decoration: underline\"><strong><span style=\"color: #ff0000;text-decoration: underline\">MARTES 9 DE JUNIO<\/span><\/strong><\/span><\/em><\/p>\n<div class=\"page\" title=\"Page 1\">\n<div class=\"layoutArea\">\n<div class=\"column\">\n<div class=\"page\" title=\"Page 1\">\n<div class=\"layoutArea\">\n<div class=\"column\">\n<div class=\"page\" title=\"Page 1\">\n<div class=\"layoutArea\">\n<div class=\"column\">\n<p>1.- PROBLEMAS: DATOS, OPERACIO\u0301N Y SOLUCIO\u0301N. LIBRO PA\u0301GINA 216-217.<\/p>\n<ul>\n<li>E:1AL4.<\/li>\n<li>ACTIVIDADES INTERACTIVAS.<\/li>\n<\/ul>\n<\/div>\n<\/div>\n<\/div>\n<\/div>\n<\/div>\n<\/div>\n<\/div>\n<\/div>\n<\/div>\n<p>&nbsp;<\/p>\n<p style=\"text-align: center\"><span style=\"color: #ff0000\"><strong><span style=\"text-decoration: underline\"><em>MIERCOLES 10 DE JUNIO.<\/em><\/span><\/strong><\/span><\/p>\n<div class=\"page\" title=\"Page 1\">\n<div class=\"layoutArea\">\n<div class=\"column\">\n<div class=\"page\" title=\"Page 1\">\n<div class=\"layoutArea\">\n<div class=\"column\">\n<div class=\"page\" title=\"Page 2\">\n<div class=\"layoutArea\">\n<div class=\"column\">\n<div class=\"page\" title=\"Page 1\">\n<div class=\"layoutArea\">\n<div class=\"column\">\n<p>1.- EL RELOJ DE AGUJAS. LIBRO PA\u0301GINAS 218-219.<\/p>\n<ul>\n<li>E: 1 AL 4.<\/li>\n<li>ACTIVIDADES INTERACTIVAS.<\/li>\n<\/ul>\n<\/div>\n<\/div>\n<\/div>\n<p>&nbsp; &nbsp; &nbsp; &nbsp; &nbsp; &nbsp; &nbsp; &nbsp; &nbsp; &nbsp; &nbsp; &nbsp; &nbsp; &nbsp; &nbsp; &nbsp; &nbsp; &nbsp; &nbsp; &nbsp; &nbsp; &nbsp; &nbsp; &nbsp; &nbsp; &nbsp; &nbsp; &nbsp; &nbsp; &nbsp; &nbsp; &nbsp; &nbsp; &nbsp; &nbsp; &nbsp; &nbsp; &nbsp; &nbsp; &nbsp; &nbsp; &nbsp; &nbsp; &nbsp; &nbsp;&nbsp;<\/p>\n<\/div>\n<\/div>\n<\/div>\n<\/div>\n<\/div>\n<\/div>\n<\/div>\n<\/div>\n<\/div>\n<p style=\"text-align: center\"><em><span style=\"color: #ff0000\"><strong><u>JUEVES 11 DE JUNIO. &#8211; <\/u><\/strong><\/span><\/em><\/p>\n<div class=\"page\" title=\"Page 2\">\n<div class=\"layoutArea\">\n<div class=\"column\">\n<div class=\"page\" title=\"Page 2\">\n<div class=\"layoutArea\">\n<div class=\"column\">\n<div class=\"page\" title=\"Page 2\">\n<div class=\"layoutArea\">\n<div class=\"column\">\n<div class=\"page\" title=\"Page 1\">\n<div class=\"layoutArea\">\n<div class=\"column\">\n<p>1.- RESUELVO PROBLEMAS. LIBRO PA\u0301GINAS 222-223.<\/p>\n<ul>\n<li>E: 1 AL 3.<\/li>\n<li>ACTIVIDADES INTERACTIVAS.<\/li>\n<\/ul>\n<\/div>\n<\/div>\n<\/div>\n<\/div>\n<\/div>\n<\/div>\n<\/div>\n<\/div>\n<\/div>\n<\/div>\n<\/div>\n<\/div>\n<p>&nbsp;<\/p>\n<p style=\"text-align: center\"><em><span style=\"color: #ff0000\"><strong><u>VIERNES 12 DE JUNIO. &#8211;<\/u><\/strong><\/span><\/em><\/p>\n<div class=\"page\" title=\"Page 2\">\n<div class=\"layoutArea\">\n<div class=\"column\">\n<div class=\"page\" title=\"Page 2\">\n<div class=\"layoutArea\">\n<div class=\"column\">\n<div class=\"page\" title=\"Page 3\">\n<div class=\"layoutArea\">\n<div class=\"column\">\n<div class=\"page\" title=\"Page 2\">\n<div class=\"layoutArea\">\n<div class=\"column\">\n<p>1.- ZONA RAZONA Y ORGANIZO MI MENTE. LIBRO PA\u0301GINAS 224-225.<\/p>\n<ul>\n<li>ACTIVIDADES INTERACTIVAS.<\/li>\n<\/ul>\n<p>2.- LIBRO. \u00bfQUE\u0301 HE APRENDIDO? LIBRO PA\u0301GINA 226.<\/p>\n<ul>\n<li>E: 1 AL 3.<\/li>\n<li>ACTIVIDADES INTERACTIVAS.<\/li>\n<\/ul>\n<\/div>\n<\/div>\n<\/div>\n<\/div>\n<\/div>\n<\/div>\n<div class=\"page\" title=\"Page 2\">\n<div class=\"layoutArea\">\n<div class=\"column\">\n<p>&nbsp;<\/p>\n<p style=\"text-align: center\"><em><span style=\"text-decoration: underline\"><strong><span style=\"color: #ff0000;text-decoration: underline\">LUNES 15 DE JUNIO. &#8211;<\/span><\/strong><\/span><\/em><\/p>\n<p>REPASO DEL TEMA 1 AL 3.<br \/>\nACTIVIDADES INTERACTIVAS DE FORMA ORAL.<\/p>\n<p style=\"text-align: center\"><span style=\"color: #ff0000\"><em><span style=\"text-decoration: underline\"><strong>MARTES 16 DE JUNIO. &#8211;<\/strong><\/span><\/em><\/span><\/p>\n<p>REPASO DEL TEMA 1 AL 3.<br \/>\nACTIVIDADES INTERACTIVAS DE FORMA ORAL.<\/p>\n<p style=\"text-align: center\"><span style=\"color: #ff0000\"><em><span style=\"text-decoration: underline\"><strong>MIERCOLES 17 DE JUNIO. \u2013<\/strong><\/span><\/em><\/span><\/p>\n<p>REPASO DEL TEMA 4 AL 6.<br \/>\nACTIVIDADES INTERACTIVAS DE FORMA ORAL.<\/p>\n<p style=\"text-align: center\"><span style=\"color: #ff0000\"><em><span style=\"text-decoration: underline\"><strong>JUEVES 18 DE JUNIO.<\/strong><\/span><\/em><\/span><\/p>\n<p>REPASO DEL TEMA 7 AL 9.<br \/>\nACTIVIDADES INTERACTIVAS DE FORMA ORAL.<\/p>\n<p style=\"text-align: center\"><span style=\"color: #ff0000\"><em><span style=\"text-decoration: underline\"><strong>VIERNES 19 DE JUNIO. &#8211;<\/strong><\/span><\/em><\/span><\/p>\n<p>REPASO DEL TEMA 10 AL 12.<br \/>\nACTIVIDADES INTERACTIVAS DE FORMA ORAL.<\/p>\n<\/div>\n<\/div>\n<\/div>\n<\/div>\n<\/div>\n<\/div>\n<\/div>\n<\/div>\n<\/div>\n<\/td>\n<td style=\"width: 247px;height: 20.1875px;background-color: #dce3f5;vertical-align: top\">\n<div class=\"page\" title=\"Page 3\">\n<div class=\"layoutArea\">\n<div class=\"column\">\n<p style=\"text-align: center\"><em><span style=\"text-decoration: underline\"><strong><span style=\"color: #ff0000;text-decoration: underline\">LUNES 8 DE JUNIO<\/span><\/strong><\/span><\/em><\/p>\n<div class=\"page\" title=\"Page 1\">\n<div class=\"layoutArea\">\n<div class=\"column\">\n<div class=\"page\" title=\"Page 1\">\n<div class=\"layoutArea\">\n<div class=\"column\">\n<p>1.- LECTURA LIBRE<\/p>\n<div class=\"page\" title=\"Page 1\">\n<div class=\"layoutArea\">\n<div class=\"column\">\n<p>2.- COMENZAMOS TEMA 12:\u201d \u00a1ASI\u0301 FUNCIONA!\u201d<\/p>\n<\/div>\n<\/div>\n<div class=\"layoutArea\">\n<div class=\"column\">\n<ul>\n<li>OBSERVAR LA LA\u0301MINA INICIAL.<\/li>\n<li>ESCUCHO Y HABLO:<\/li>\n<li>LIBRO PA\u0301GINAS :230-231<\/li>\n<li>ACTIVIDADES INTERACTIVAS.<\/li>\n<\/ul>\n<\/div>\n<\/div>\n<\/div>\n<\/div>\n<\/div>\n<\/div>\n<p style=\"text-align: center\"><em><span style=\"text-decoration: underline\"><strong><span style=\"color: #ff0000;text-decoration: underline\">MARTES 9 DE JUNIO<\/span><\/strong><\/span><\/em><\/p>\n<div class=\"page\" title=\"Page 1\">\n<div class=\"layoutArea\">\n<div class=\"column\">\n<div class=\"page\" title=\"Page 1\">\n<div class=\"layoutArea\">\n<div class=\"column\">\n<div class=\"page\" title=\"Page 1\">\n<div class=\"layoutArea\">\n<div class=\"column\">\n<p>1.- LECTURA LIBRE<br \/>\n2.- LIBRO: LEO Y DISFRUTO: PA\u0301GINAS 234-235-236<\/p>\n<\/div>\n<\/div>\n<div class=\"layoutArea\">\n<div class=\"column\">\n<ul>\n<li>ACTIVIDADES 1, 2,3 Y 4<\/li>\n<li>ACTIVIDADES INTERACTIVAS.<\/li>\n<\/ul>\n<\/div>\n<\/div>\n<\/div>\n<\/div>\n<\/div>\n<\/div>\n<\/div>\n<\/div>\n<\/div>\n<\/div>\n<\/div>\n<\/div>\n<div class=\"page\" title=\"Page 2\">\n<div class=\"layoutArea\">\n<div class=\"column\">\n<p style=\"text-align: center\"><span style=\"color: #ff0000\"><strong><span style=\"text-decoration: underline\"><em>MIERCOLES 10 DE JUNIO.<\/em><\/span><\/strong><\/span><\/p>\n<\/div>\n<\/div>\n<div class=\"layoutArea\">\n<div class=\"column\">\n<div class=\"page\" title=\"Page 2\">\n<div class=\"layoutArea\">\n<div class=\"column\">\n<div class=\"page\" title=\"Page 1\">\n<div class=\"layoutArea\">\n<div class=\"column\">\n<p>1.- LECTURA LIBRE<br \/>\n2.- LIBRO PA\u0301GINA 237<\/p>\n<\/div>\n<\/div>\n<\/div>\n<\/div>\n<\/div>\n<\/div>\n<p style=\"text-align: center\"><em><span style=\"color: #ff0000\"><strong><u>JUEVES 11 DE JUNIO. &#8211;<\/u><\/strong><\/span><\/em><\/p>\n<\/div>\n<\/div>\n<div class=\"layoutArea\">\n<div class=\"column\">\n<div class=\"page\" title=\"Page 2\">\n<div class=\"layoutArea\">\n<div class=\"column\">\n<p>1.- LECTURA LIBRE<br \/>\n2.- LIBRO PA\u0301GINA 238-239. REPASAMOS LOS SIGNOS DE PUNTUACIO\u0301N.<\/p>\n<\/div>\n<\/div>\n<div class=\"layoutArea\">\n<div class=\"column\">\n<ul>\n<li>ACTIVIDADES 1,2,3,<\/li>\n<li>ACTIVIDADES INTERACTIVAS.<\/li>\n<\/ul>\n<\/div>\n<\/div>\n<\/div>\n<\/div>\n<\/div>\n<\/div>\n<div class=\"page\" title=\"Page 3\">\n<div class=\"layoutArea\">\n<div class=\"column\">\n<p style=\"text-align: center\"><em><span style=\"color: #ff0000\"><strong><u>VIERNES 12 DE JUNIO. &#8211;<\/u><\/strong><\/span><\/em><\/p>\n<div class=\"page\" title=\"Page 3\">\n<div class=\"layoutArea\">\n<div class=\"column\">\n<div class=\"page\" title=\"Page 3\">\n<div class=\"layoutArea\">\n<div class=\"column\">&nbsp;1.- LECTURA LIBRE<\/div>\n<\/div>\n<div class=\"layoutArea\">\n<div class=\"column\">\n<div class=\"page\" title=\"Page 2\">\n<div class=\"layoutArea\">\n<div class=\"column\">\n<p>2.- LIBRO PA\u0301GINA: 240-241<\/p>\n<ul>\n<li>ACTIVIDADES: 1, 2,3 Y 4<\/li>\n<li>ACTIVIDADES INTERACTIVAS<\/li>\n<\/ul>\n<div class=\"page\" title=\"Page 2\">\n<div class=\"layoutArea\">\n<div class=\"column\">\n<p style=\"text-align: center\"><em><span style=\"text-decoration: underline\"><strong><span style=\"color: #ff0000;text-decoration: underline\">LUNES 15 DE JUNIO. &#8211;<\/span><\/strong><\/span><\/em><\/p>\n<div class=\"page\" title=\"Page 2\">\n<div class=\"layoutArea\">\n<div class=\"column\">\n<p>1.- LECTURA LIBRE<br \/>\n2.- LIBRO PA\u0301GINAS 242-243<\/p>\n<ul>\n<li>ACTIVIDADES INTERACTIVAS.<\/li>\n<\/ul>\n<\/div>\n<\/div>\n<\/div>\n<p style=\"text-align: center\"><span style=\"color: #ff0000\"><em><span style=\"text-decoration: underline\"><strong>MARTES 16 DE JUNIO. &#8211;<\/strong><\/span><\/em><\/span><\/p>\n<\/div>\n<\/div>\n<div class=\"layoutArea\">\n<div class=\"column\">\n<p>1.- LECTURA LIBRE<br \/>\n2.- LIBRO PA\u0301GINA 244 (Pregunta 1 no se hace) -245<\/p>\n<ul>\n<li>ACTIVIDADES INTERACTIVAS.<\/li>\n<\/ul>\n<\/div>\n<\/div>\n<\/div>\n<div class=\"page\" title=\"Page 3\">\n<div class=\"layoutArea\">\n<div class=\"column\">\n<p style=\"text-align: center\"><span style=\"color: #ff0000\"><em><span style=\"text-decoration: underline\"><strong>MIE\u0301RCOLES 17 DE JUNIO. &#8211;<\/strong><\/span><\/em><\/span><\/p>\n<\/div>\n<\/div>\n<div class=\"layoutArea\">\n<div class=\"column\">\n<p>1.- LECTURA COMPRENSIVA DEL LIBRO PA\u0301GINA: 246-247<\/p>\n<\/div>\n<\/div>\n<div class=\"layoutArea\">\n<div class=\"column\">\n<p style=\"text-align: center\"><span style=\"color: #ff0000\"><em><span style=\"text-decoration: underline\"><strong>JUEVES 18 DE JUNIO. &#8211;<\/strong><\/span><\/em><\/span><\/p>\n<p>1.- LECTURA LIBRE<\/p>\n<p style=\"text-align: center\"><span style=\"text-decoration: underline;color: #ff0000\"><em><strong>VIERNES 19 DE JUNIO. &#8211;<\/strong><\/em><\/span><\/p>\n<p>1.- LECTURA LIBRE<\/p>\n<\/div>\n<\/div>\n<\/div>\n<\/div>\n<\/div>\n<\/div>\n<\/div>\n<\/div>\n<\/div>\n<\/div>\n<\/div>\n<\/div>\n<\/div>\n<\/div>\n<\/div>\n<h1 style=\"text-align: center\">&nbsp;<\/h1>\n<div class=\"page\" title=\"Page 3\">\n<div class=\"layoutArea\">\n<div class=\"column\">\n<div class=\"page\" title=\"Page 3\">\n<div class=\"layoutArea\">\n<div class=\"column\">\n<div class=\"page\" title=\"Page 3\">\n<div class=\"layoutArea\">\n<div class=\"column\">&nbsp;<\/div>\n<\/div>\n<\/div>\n<\/div>\n<\/div>\n<\/div>\n<\/div>\n<\/div>\n<\/div>\n<\/div>\n<\/div>\n<\/div>\n<\/td>\n<\/tr>\n<\/tbody>\n<\/table>\n<p>&nbsp;<\/p>\n<h1 style=\"text-align: center\"><em><span style=\"text-decoration: underline\"><strong>INGL\u00c9S<\/strong><\/span><\/em><\/h1>\n<p style=\"text-align: center\">Semana del 8 al 19 de junio de 2020 <a href=\"https:\/\/blogsaverroes.juntadeandalucia.es\/colegiojuanvalera\/files\/2020\/06\/ingles-1-junio-8.pdf\">(Pincha aqu\u00ed)<\/a><\/p>\n<h1 style=\"text-align: center\"><em><span style=\"text-decoration: underline\"><strong>NATURALES<\/strong><\/span><\/em><\/h1>\n<h4 style=\"text-align: center\"><em><span style=\"text-decoration: underline\">Semanas del 20 de abril al 8 de mayo<\/span><\/em><\/h4>\n<p>Para que lo vayan haciendo durante estas 3 semanas. P\u00e1ginas del libro&nbsp; (<a href=\"https:\/\/blogsaverroes.juntadeandalucia.es\/colegiojuanvalera\/files\/2020\/04\/Ciencias-de-la-Naturaleza-tema-5.pdf\">Ciencias de la Naturaleza tema 5)<\/a> y 2 fichas (<a href=\"https:\/\/blogsaverroes.juntadeandalucia.es\/colegiojuanvalera\/files\/2020\/04\/ficha-1-tema-5-Ciencias-de-la-Naturaleza.pdf\">ficha 1 tema 5 Ciencias de la Naturaleza<\/a> y <a href=\"https:\/\/blogsaverroes.juntadeandalucia.es\/colegiojuanvalera\/files\/2020\/04\/ficha-2-tema-5-Ciencias-de-la-Naturaleza.pdf\">ficha 2 tema 5 Ciencias de la Naturaleza)<\/a><\/p>\n<h1 style=\"text-align: center\"><em><span style=\"text-decoration: underline\"><strong>ED. ART\u00cdSTICA<\/strong><\/span><\/em><\/h1>\n<p style=\"text-align: center\"><a href=\"https:\/\/blogsaverroes.juntadeandalucia.es\/colegiojuanvalera\/files\/2020\/05\/Tarea-coronavirus-mu\u0301sica-mayo-1\u00ba.pdf\">Pincha aqu\u00ed para descargar la tarea<\/a><\/p>\n<h1 style=\"text-align: center\"><em><span style=\"text-decoration: underline\"><strong>RELIGI\u00d3N CAT\u00d3LICA<\/strong><\/span><\/em><\/h1>\n<p style=\"text-align: center\"><a href=\"https:\/\/blogsaverroes.juntadeandalucia.es\/colegiojuanvalera\/files\/2020\/04\/RELIGION-CATOLICA_1\u00ba.pdf\">Pincha aqu\u00ed para descargar la tarea<\/a><\/p>\n<h4><span style=\"color: #ff0000\">Nota:<\/span><\/h4>\n<h4>&#8211; Si no has podido descargarte las fichas de la semana (del 16 al 20 de marzo de 2020), <a href=\"https:\/\/blogsaverroes.juntadeandalucia.es\/colegiojuanvalera\/files\/2020\/03\/1\u00aa-Semana-del-16-al-20-de-marzo-de-2020-1\u00ba-B.pdf\">pincha aqu\u00ed para descargarlas<\/a><\/h4>\n<h4>&#8211; Si no has podido descargarte las fichas de la semana (del 23 al 27 de marzo de 2020), <a href=\"https:\/\/blogsaverroes.juntadeandalucia.es\/colegiojuanvalera\/files\/2020\/03\/1\u00ba-B-SEGUNDA-SEMANA-DEL-23-AL-27-DE-MARZO-DE-2020.pdf\">pincha aqu\u00ed para descargarlas<\/a><\/h4>\n<h4>&#8211; Si no has podido descargarte las fichas de la semana (del 30 de marzo al 3 de abril de 2020), <a href=\"https:\/\/blogsaverroes.juntadeandalucia.es\/colegiojuanvalera\/files\/2020\/04\/1\u00ba-B-3\u00aa-SEMANA-DEL-303-AL-34-DE-2020.pdf\">pincha aqu\u00ed para descargarlas<\/a><\/h4>\n<h4>&#8211; Si no has podido descargarte las fichas de la semana (del 15 al 17 de abril de 2020), <a href=\"https:\/\/blogsaverroes.juntadeandalucia.es\/colegiojuanvalera\/files\/2020\/04\/1\u00ba-B-4\u00aa-semana-del-15-al-17-de-abril-de-2020.pdf\">pincha aqu\u00ed para descargarlas<\/a><\/h4>\n<h4>&#8211; Si no has podido descargarte las fichas de la semana (del 20 al 24 de abril de 2020), <a href=\"https:\/\/blogsaverroes.juntadeandalucia.es\/colegiojuanvalera\/files\/2020\/04\/1\u00ba-B-5\u00aa-semana-del-20-al-24-de-abril-de-2020.pdf\">pincha aqu\u00ed para descargarlas<\/a><\/h4>\n<h4>&#8211; Si no has podido descargarte las fichas de la semana (del 27 al 30 de abril de 2020), <a href=\"https:\/\/blogsaverroes.juntadeandalucia.es\/colegiojuanvalera\/files\/2020\/05\/1\u00baB-6\u00aa-semana-del-27-al-30-de-abril-de-2020.pdf\">pincha aqu\u00ed para descargarlas<\/a><\/h4>\n<h4>&#8211; Si no has podido descargarte las fichas de la semana (del 4 al 8 de mayo de 2020), <a href=\"https:\/\/blogsaverroes.juntadeandalucia.es\/colegiojuanvalera\/files\/2020\/05\/1\u00ba-B-7\u00aa-semana-del-4-al-8-de-mayo-de-2020.pdf\">pincha aqu\u00ed para descargarlas<\/a><\/h4>\n<h4>&#8211; Si no has podido descargarte las fichas de la semana (del 11 al 15 de mayo de 2020), <a href=\"https:\/\/blogsaverroes.juntadeandalucia.es\/colegiojuanvalera\/files\/2020\/05\/1\u00baB-8\u00aa-semana-del-11-al-15-de-mayo-de-2020.pdf\">pincha aqu\u00ed para descargarlas<\/a><\/h4>\n<h4>&#8211; Si no has podido descargarte las fichas de la semana (del 18 al 22 de mayo de 2020), <a href=\"https:\/\/blogsaverroes.juntadeandalucia.es\/colegiojuanvalera\/files\/2020\/05\/1\u00ba-B-9\u00aa-semana-del-18-al-22-de-mayo-de-2020.pdf\">pincha aqu\u00ed para descargarlas<\/a><\/h4>\n<h4>&#8211; Si no has podido descargarte las fichas de la semana (del 25 al 29 de mayo de 2020), <a href=\"https:\/\/blogsaverroes.juntadeandalucia.es\/colegiojuanvalera\/files\/2020\/05\/1\u00baB-10\u00aa-semana-del-25-al-29-de-mayo-de-2020.pdf\">pincha aqu\u00ed para descargarlas<\/a><\/h4>\n<h4>&#8211; Si no has podido descargarte las fichas de la semana (del 1 al 5 de junio de 2020), <a href=\"https:\/\/blogsaverroes.juntadeandalucia.es\/colegiojuanvalera\/files\/2020\/06\/1\u00baB-11\u00aa-semana-del-1-al-5-de-junio-de-2020.pdf\">pincha aqu\u00ed para descargarlas<\/a><\/h4>\n<h4>&#8211; Si no has podido descargarte las fichas de la semana (del 8 al 12 de junio de 2020), <a href=\"https:\/\/blogsaverroes.juntadeandalucia.es\/colegiojuanvalera\/files\/2020\/06\/1\u00ba-12\u00aa-y-13\u00aa-semana-del-8-al-19-de-junio-de-2020.pdf\">pincha aqu\u00ed para descargarlas<\/a><\/h4>\n","protected":false},"excerpt":{"rendered":"<p>PRESENTACI\u00d3N&nbsp; Y&nbsp; 12\u00aa Y 13\u00aa SEMANA DEL 8 AL 19 DE JUNIO DE 2020 Durante este periodo que vais a trabajar en casa vamos a estar en contacto diariamente, a trav\u00e9s del whatsapp, con la madre delegada, os mandaremos las explicaciones necesarias para poder llevar a cabo el aprendizaje de forma correcta y que nuestro &hellip; <\/p>\n<p><a class=\"more-link btn\" href=\"https:\/\/blogsaverroes.juntadeandalucia.es\/colegiojuanvalera\/1o-b\/\">Seguir leyendo<\/a><\/p>\n","protected":false},"author":3037,"featured_media":0,"parent":0,"menu_order":0,"comment_status":"closed","ping_status":"closed","template":"page-template-full.php","meta":{"ngg_post_thumbnail":0,"footnotes":"","_mc_calendar":[]},"aioseo_notices":[],"_links":{"self":[{"href":"https:\/\/blogsaverroes.juntadeandalucia.es\/colegiojuanvalera\/wp-json\/wp\/v2\/pages\/4615"}],"collection":[{"href":"https:\/\/blogsaverroes.juntadeandalucia.es\/colegiojuanvalera\/wp-json\/wp\/v2\/pages"}],"about":[{"href":"https:\/\/blogsaverroes.juntadeandalucia.es\/colegiojuanvalera\/wp-json\/wp\/v2\/types\/page"}],"author":[{"embeddable":true,"href":"https:\/\/blogsaverroes.juntadeandalucia.es\/colegiojuanvalera\/wp-json\/wp\/v2\/users\/3037"}],"replies":[{"embeddable":true,"href":"https:\/\/blogsaverroes.juntadeandalucia.es\/colegiojuanvalera\/wp-json\/wp\/v2\/comments?post=4615"}],"version-history":[{"count":76,"href":"https:\/\/blogsaverroes.juntadeandalucia.es\/colegiojuanvalera\/wp-json\/wp\/v2\/pages\/4615\/revisions"}],"predecessor-version":[{"id":7167,"href":"https:\/\/blogsaverroes.juntadeandalucia.es\/colegiojuanvalera\/wp-json\/wp\/v2\/pages\/4615\/revisions\/7167"}],"wp:attachment":[{"href":"https:\/\/blogsaverroes.juntadeandalucia.es\/colegiojuanvalera\/wp-json\/wp\/v2\/media?parent=4615"}],"curies":[{"name":"wp","href":"https:\/\/api.w.org\/{rel}","templated":true}]}}