{"id":4629,"date":"2020-03-14T14:58:41","date_gmt":"2020-03-14T12:58:41","guid":{"rendered":"http:\/\/blogsaverroes.juntadeandalucia.es\/colegiojuanvalera\/?page_id=4629"},"modified":"2021-06-03T10:38:50","modified_gmt":"2021-06-03T08:38:50","slug":"5o-a","status":"publish","type":"page","link":"https:\/\/blogsaverroes.juntadeandalucia.es\/colegiojuanvalera\/5o-a\/","title":{"rendered":"5\u00ba A"},"content":{"rendered":"<h1 style=\"text-align: center\"><span style=\"text-decoration: underline\"><strong><em>CLASES ONLINE PERIODO CONFINAMIENTO CORONAVIRUS<\/em><\/strong><\/span><\/h1>\n<p>Los alumnos de Quinto A seguir\u00e1n su proceso educativo accediendo a la aplicaci\u00f3n classroom de Google mediante el c\u00f3digo&nbsp;&nbsp;<\/p>\n<h2>qirtkg2<\/h2>\n<p><a href=\"https:\/\/classroom.google.com\/\">Pincha aqu\u00ed para acceder<\/a><\/p>\n<p>&nbsp;<\/p>\n<p><a href=\"https:\/\/blogsaverroes.juntadeandalucia.es\/colegiojuanvalera\/files\/2020\/03\/Captura-de-pantalla-2020-03-15-a-las-19.41.23.png\"><img loading=\"lazy\" decoding=\"async\" class=\"aligncenter wp-image-4687 size-large\" src=\"https:\/\/blogsaverroes.juntadeandalucia.es\/colegiojuanvalera\/files\/2020\/03\/Captura-de-pantalla-2020-03-15-a-las-19.41.23-1024x188.png\" alt=\"\" width=\"1024\" height=\"188\" srcset=\"https:\/\/blogsaverroes.juntadeandalucia.es\/colegiojuanvalera\/files\/2020\/03\/Captura-de-pantalla-2020-03-15-a-las-19.41.23-1024x188.png 1024w, https:\/\/blogsaverroes.juntadeandalucia.es\/colegiojuanvalera\/files\/2020\/03\/Captura-de-pantalla-2020-03-15-a-las-19.41.23-300x55.png 300w, https:\/\/blogsaverroes.juntadeandalucia.es\/colegiojuanvalera\/files\/2020\/03\/Captura-de-pantalla-2020-03-15-a-las-19.41.23-768x141.png 768w, https:\/\/blogsaverroes.juntadeandalucia.es\/colegiojuanvalera\/files\/2020\/03\/Captura-de-pantalla-2020-03-15-a-las-19.41.23-24x4.png 24w, https:\/\/blogsaverroes.juntadeandalucia.es\/colegiojuanvalera\/files\/2020\/03\/Captura-de-pantalla-2020-03-15-a-las-19.41.23-36x7.png 36w, https:\/\/blogsaverroes.juntadeandalucia.es\/colegiojuanvalera\/files\/2020\/03\/Captura-de-pantalla-2020-03-15-a-las-19.41.23-48x9.png 48w, https:\/\/blogsaverroes.juntadeandalucia.es\/colegiojuanvalera\/files\/2020\/03\/Captura-de-pantalla-2020-03-15-a-las-19.41.23.png 1600w\" sizes=\"(max-width: 1024px) 100vw, 1024px\" \/><\/a><\/p>\n","protected":false},"excerpt":{"rendered":"<p>CLASES ONLINE PERIODO CONFINAMIENTO CORONAVIRUS Los alumnos de Quinto A seguir\u00e1n su proceso educativo accediendo a la aplicaci\u00f3n classroom de Google mediante el c\u00f3digo&nbsp;&nbsp; qirtkg2 Pincha aqu\u00ed para acceder &nbsp;<\/p>\n","protected":false},"author":3037,"featured_media":0,"parent":0,"menu_order":0,"comment_status":"closed","ping_status":"closed","template":"page-template-full.php","meta":{"ngg_post_thumbnail":0,"footnotes":"","_mc_calendar":[]},"aioseo_notices":[],"_links":{"self":[{"href":"https:\/\/blogsaverroes.juntadeandalucia.es\/colegiojuanvalera\/wp-json\/wp\/v2\/pages\/4629"}],"collection":[{"href":"https:\/\/blogsaverroes.juntadeandalucia.es\/colegiojuanvalera\/wp-json\/wp\/v2\/pages"}],"about":[{"href":"https:\/\/blogsaverroes.juntadeandalucia.es\/colegiojuanvalera\/wp-json\/wp\/v2\/types\/page"}],"author":[{"embeddable":true,"href":"https:\/\/blogsaverroes.juntadeandalucia.es\/colegiojuanvalera\/wp-json\/wp\/v2\/users\/3037"}],"replies":[{"embeddable":true,"href":"https:\/\/blogsaverroes.juntadeandalucia.es\/colegiojuanvalera\/wp-json\/wp\/v2\/comments?post=4629"}],"version-history":[{"count":4,"href":"https:\/\/blogsaverroes.juntadeandalucia.es\/colegiojuanvalera\/wp-json\/wp\/v2\/pages\/4629\/revisions"}],"predecessor-version":[{"id":7178,"href":"https:\/\/blogsaverroes.juntadeandalucia.es\/colegiojuanvalera\/wp-json\/wp\/v2\/pages\/4629\/revisions\/7178"}],"wp:attachment":[{"href":"https:\/\/blogsaverroes.juntadeandalucia.es\/colegiojuanvalera\/wp-json\/wp\/v2\/media?parent=4629"}],"curies":[{"name":"wp","href":"https:\/\/api.w.org\/{rel}","templated":true}]}}