{"id":7384,"date":"2021-06-10T10:54:56","date_gmt":"2021-06-10T08:54:56","guid":{"rendered":"http:\/\/blogsaverroes.juntadeandalucia.es\/colegiojuanvalera\/?page_id=7384"},"modified":"2021-06-10T12:56:02","modified_gmt":"2021-06-10T10:56:02","slug":"dia-de-la-mujer-2020","status":"publish","type":"page","link":"https:\/\/blogsaverroes.juntadeandalucia.es\/colegiojuanvalera\/dia-de-la-mujer-2020\/","title":{"rendered":"D\u00eda de la Mujer 2020"},"content":{"rendered":"<p>Durante la semana del&nbsp; 9 al 13 de marzo, trabajamos en el colegio&nbsp; actividades sobre el<strong> D\u00eda de la mujer:<\/strong><\/p>\n<ul>\n<li>En&nbsp; los Ciclos&nbsp; de Educaci\u00f3n Infantil y 1\u00ba Ciclo de Educaci\u00f3n Primaria se desarrollaron <strong>asambleas<\/strong>, a nivel de tutor\u00eda, para reflexionar sobre lo que ocurre en sus casas y en qui\u00e9n recaen las principales tareas: cocinar, limpiar la casa, lavar y tender la ropa, ordenar, poner la mesa, hacer las camas, arreglar los desperfectos,&nbsp; cuidado de los\/as&nbsp; hijos\/as, etc. Se rellen\u00f3 una ficha individual y luego se debati\u00f3 en conjunto en la clase, elaborando unas conclusiones sobre si la sociedad ha asumido la igualdad en este aspecto o a\u00fan se debe concienciar m\u00e1s al respecto.<\/li>\n<li><strong>Campa\u00f1a&nbsp; \u201cYo colaboro en casa<\/strong>\u201d. Donde el alumnado de 5\u00ba curso pide ayuda en casa para hacer las tareas dom\u00e9sticas y poder ense\u00f1ar despu\u00e9s al resto del alumnado del centro. Se enviaron fotos de ni\u00f1os y ni\u00f1as haciendo tareas dom\u00e9sticas en casa:<\/li>\n<li><strong>Taller de reparto de tareas dom\u00e9sticas en el cole<\/strong>: Se colabor\u00f3 &nbsp;conjuntamente desde el Programa de violencia de g\u00e9nero y el Plan de Igualdad del centro. La Jefa de Estudios, Eva&nbsp; y el maestro de Educaci\u00f3n para la Ciudadan\u00eda, D. Alberto, recrearon, en el aula de psicomotricidad del centro, una vivienda con diversas zonas de trabajo. Para ello, contaron con la colaboraci\u00f3n de las maestras de Educaci\u00f3n Infantil (que nos dotaron de la mayor\u00eda del material necesario), con las profesoras del EDOA&nbsp; (que nos echaron una mano en el montaje), y con el resto de los profesores que visitaron el taller con su alumnado (que ayudaban en las dudas del alumnado).<\/li>\n<\/ul>\n<p>Pero la colaboraci\u00f3n m\u00e1s importante fue la del alumnado de 5\u00ba curso de Primaria que, desde el \u00e1rea de Ciudadan\u00eda, sirvieron de \u201cgu\u00edas\u201d al resto del alumnado que visit\u00f3 el taller, ense\u00f1\u00e1ndoles las tareas y animando a realizarlas de forma colaborativa y equitativa para un reparto real del trabajo.<\/p>\n<p>El taller estaba separado por rincones. En cada uno de ellos se realizaba una serie de tareas, y cada ciertos minutos se cambiaba libremente de actividad, favoreciendo que todos pudiesen realizar todas las actividades de forma voluntaria.<\/p>\n<p>Las diferentes estancias eran las siguientes:<\/p>\n<ul>\n<li><strong>Tienda<\/strong>: comprar las cosas necesarias de la casa<\/li>\n<li><strong>Cocina:<\/strong> manipulaci\u00f3n y cocinado de los alimentos (colocar en el refrigerador o en las despensas, cortar, cocinar, servir en los platos\u2026)<\/li>\n<li><strong>Mesa de comedor<\/strong>: poner y quitar la mesa, ayudar a dar de comer a los hijos e hijas menores, a las personas mayores (ancianos), a personas con discapacidad\u2026<\/li>\n<li><strong>Arreglo de ropa:<\/strong> zona de tendedero, zona de planchado y doblado de ropa y zona de almacenamiento ( guardar en el armario)<\/li>\n<li><strong>Dormitorio y cuidado de los hijos<\/strong>: hacer la cama y las cunas y cuidar a los beb\u00e9s (vestido juegos con ellos, acostarlos y levantarlos, tranquilizarlos\u2026)<\/li>\n<li><strong>Zona de aseo<\/strong>: ba\u00f1o&nbsp; y peinado de los\/as menores, limpieza de esta zona\u2026<\/li>\n<li><strong>Zona de limpieza<\/strong>: barrer, fregar, limpiar el polvo\u2026<\/li>\n<li><strong>Zona de herramientas<\/strong>: arreglar lo que se rompe (grifos, muebles\u2026), coser, pegar, etc.<\/li>\n<\/ul>\n<p>La verdad es que el alumnado disfrut\u00f3 mucho de esta actividad. Se cre\u00f3, en un principio, para Infantil y el Primer Ciclo de Primaria, pero al final pas\u00f3 por el taller casi todo el alumnado del centro, debido a su gran acogida.<\/p>\n<ul>\n<li><strong>Estudio del papel de la mujer en la publicidad<\/strong>. Esta actividad se desarroll\u00f3 en el 2\u00ba y 3\u00ba&nbsp; Ciclo de Primaria.<\/li>\n<\/ul>\n<p>El alumnado eleg\u00eda libremente un anuncio y estudiaba el papel de la mujer en \u00e9l. Si no fomentaba la igualdad lo cambiaba, de forma creativa, para que s\u00ed fuese igualitario. Estos anuncios y sus cambios se expusieron en el tabl\u00f3n de anuncios del edificio de dichos Ciclos.<\/p>\n<ul>\n<li>Y por \u00faltimo se vision\u00f3 el <strong>Cuento \u201cSuperLola\u201d de Gema otero<\/strong> en&nbsp; Educaci\u00f3n Infantil. Un cuento coeducativo protagonizado por una ni\u00f1a valiente que quiere ser superhero\u00edna. Enlace de Youtube: <a href=\"https:\/\/youtu.be\/\/LVAfqiVM9qw\">https:\/\/youtu.be\/\/LVAfqiVM9qw<\/a><\/li>\n<\/ul>\n<p>Finalmente, os dejamos con el v\u00eddeo que resume todas las actividades que realizamos:<\/p>\n<div class=\"embed-container\"><iframe loading=\"lazy\" title=\"D\u00eda de la Mujer 2020\" width=\"750\" height=\"422\" src=\"https:\/\/www.youtube.com\/embed\/6NgFCxpGTmE?feature=oembed\" frameborder=\"0\" allow=\"accelerometer; autoplay; clipboard-write; encrypted-media; gyroscope; picture-in-picture; web-share\" referrerpolicy=\"strict-origin-when-cross-origin\" allowfullscreen><\/iframe><\/div>\n","protected":false},"excerpt":{"rendered":"<p>Durante la semana del&nbsp; 9 al 13 de marzo, trabajamos en el colegio&nbsp; actividades sobre el D\u00eda de la mujer: En&nbsp; los Ciclos&nbsp; de Educaci\u00f3n Infantil y 1\u00ba Ciclo de Educaci\u00f3n Primaria se desarrollaron asambleas, a nivel de tutor\u00eda, para reflexionar sobre lo que ocurre en sus casas y en qui\u00e9n recaen las principales tareas: &hellip; <\/p>\n<p><a class=\"more-link btn\" href=\"https:\/\/blogsaverroes.juntadeandalucia.es\/colegiojuanvalera\/dia-de-la-mujer-2020\/\">Seguir leyendo<\/a><\/p>\n","protected":false},"author":3037,"featured_media":0,"parent":0,"menu_order":0,"comment_status":"closed","ping_status":"closed","template":"page-template-full.php","meta":{"ngg_post_thumbnail":0,"footnotes":"","_mc_calendar":[]},"aioseo_notices":[],"_links":{"self":[{"href":"https:\/\/blogsaverroes.juntadeandalucia.es\/colegiojuanvalera\/wp-json\/wp\/v2\/pages\/7384"}],"collection":[{"href":"https:\/\/blogsaverroes.juntadeandalucia.es\/colegiojuanvalera\/wp-json\/wp\/v2\/pages"}],"about":[{"href":"https:\/\/blogsaverroes.juntadeandalucia.es\/colegiojuanvalera\/wp-json\/wp\/v2\/types\/page"}],"author":[{"embeddable":true,"href":"https:\/\/blogsaverroes.juntadeandalucia.es\/colegiojuanvalera\/wp-json\/wp\/v2\/users\/3037"}],"replies":[{"embeddable":true,"href":"https:\/\/blogsaverroes.juntadeandalucia.es\/colegiojuanvalera\/wp-json\/wp\/v2\/comments?post=7384"}],"version-history":[{"count":2,"href":"https:\/\/blogsaverroes.juntadeandalucia.es\/colegiojuanvalera\/wp-json\/wp\/v2\/pages\/7384\/revisions"}],"predecessor-version":[{"id":7508,"href":"https:\/\/blogsaverroes.juntadeandalucia.es\/colegiojuanvalera\/wp-json\/wp\/v2\/pages\/7384\/revisions\/7508"}],"wp:attachment":[{"href":"https:\/\/blogsaverroes.juntadeandalucia.es\/colegiojuanvalera\/wp-json\/wp\/v2\/media?parent=7384"}],"curies":[{"name":"wp","href":"https:\/\/api.w.org\/{rel}","templated":true}]}}

Día de la Mujer 2020

<p>Durante la semana del&nbsp; 9 al 13 de marzo, trabajamos en el colegio&nbsp; actividades sobre el<strong> Día de la mujer:</strong></p>
<ul>
<li>En&nbsp; los Ciclos&nbsp; de Educación Infantil y 1º Ciclo de Educación Primaria se desarrollaron <strong>asambleas</strong>, a nivel de tutoría, para reflexionar sobre lo que ocurre en sus casas y en quién recaen las principales tareas: cocinar, limpiar la casa, lavar y tender la ropa, ordenar, poner la mesa, hacer las camas, arreglar los desperfectos,&nbsp; cuidado de los/as&nbsp; hijos/as, etc. Se rellenó una ficha individual y luego se debatió en conjunto en la clase, elaborando unas conclusiones sobre si la sociedad ha asumido la igualdad en este aspecto o aún se debe concienciar más al respecto.</li>
<li><strong>Campaña&nbsp; “Yo colaboro en casa</strong>”. Donde el alumnado de 5º curso pide ayuda en casa para hacer las tareas domésticas y poder enseñar después al resto del alumnado del centro. Se enviaron fotos de niños y niñas haciendo tareas domésticas en casa:</li>
<li><strong>Taller de reparto de tareas domésticas en el cole</strong>: Se colaboró &nbsp;conjuntamente desde el Programa de violencia de género y el Plan de Igualdad del centro. La Jefa de Estudios, Eva&nbsp; y el maestro de Educación para la Ciudadanía, D. Alberto, recrearon, en el aula de psicomotricidad del centro, una vivienda con diversas zonas de trabajo. Para ello, contaron con la colaboración de las maestras de Educación Infantil (que nos dotaron de la mayoría del material necesario), con las profesoras del EDOA&nbsp; (que nos echaron una mano en el montaje), y con el resto de los profesores que visitaron el taller con su alumnado (que ayudaban en las dudas del alumnado).</li>
</ul>
<p>Pero la colaboración más importante fue la del alumnado de 5º curso de Primaria que, desde el área de Ciudadanía, sirvieron de “guías” al resto del alumnado que visitó el taller, enseñándoles las tareas y animando a realizarlas de forma colaborativa y equitativa para un reparto real del trabajo.</p>
<p>El taller estaba separado por rincones. En cada uno de ellos se realizaba una serie de tareas, y cada ciertos minutos se cambiaba libremente de actividad, favoreciendo que todos pudiesen realizar todas las actividades de forma voluntaria.</p>
<p>Las diferentes estancias eran las siguientes:</p>
<ul>
<li><strong>Tienda</strong>: comprar las cosas necesarias de la casa</li>
<li><strong>Cocina:</strong> manipulación y cocinado de los alimentos (colocar en el refrigerador o en las despensas, cortar, cocinar, servir en los platos…)</li>
<li><strong>Mesa de comedor</strong>: poner y quitar la mesa, ayudar a dar de comer a los hijos e hijas menores, a las personas mayores (ancianos), a personas con discapacidad…</li>
<li><strong>Arreglo de ropa:</strong> zona de tendedero, zona de planchado y doblado de ropa y zona de almacenamiento ( guardar en el armario)</li>
<li><strong>Dormitorio y cuidado de los hijos</strong>: hacer la cama y las cunas y cuidar a los bebés (vestido juegos con ellos, acostarlos y levantarlos, tranquilizarlos…)</li>
<li><strong>Zona de aseo</strong>: baño&nbsp; y peinado de los/as menores, limpieza de esta zona…</li>
<li><strong>Zona de limpieza</strong>: barrer, fregar, limpiar el polvo…</li>
<li><strong>Zona de herramientas</strong>: arreglar lo que se rompe (grifos, muebles…), coser, pegar, etc.</li>
</ul>
<p>La verdad es que el alumnado disfrutó mucho de esta actividad. Se creó, en un principio, para Infantil y el Primer Ciclo de Primaria, pero al final pasó por el taller casi todo el alumnado del centro, debido a su gran acogida.</p>
<ul>
<li><strong>Estudio del papel de la mujer en la publicidad</strong>. Esta actividad se desarrolló en el 2º y 3º&nbsp; Ciclo de Primaria.</li>
</ul>
<p>El alumnado elegía libremente un anuncio y estudiaba el papel de la mujer en él. Si no fomentaba la igualdad lo cambiaba, de forma creativa, para que sí fuese igualitario. Estos anuncios y sus cambios se expusieron en el tablón de anuncios del edificio de dichos Ciclos.</p>
<ul>
<li>Y por último se visionó el <strong>Cuento “SuperLola” de Gema otero</strong> en&nbsp; Educación Infantil. Un cuento coeducativo protagonizado por una niña valiente que quiere ser superheroína. Enlace de Youtube: <a href="https://youtu.be//LVAfqiVM9qw">https://youtu.be//LVAfqiVM9qw</a></li>
</ul>
<p>Finalmente, os dejamos con el vídeo que resume todas las actividades que realizamos:</p>
<div class="embed-container"><iframe loading="lazy" title="Día de la Mujer 2020" width="750" height="422" src="https://www.youtube.com/embed/6NgFCxpGTmE?feature=oembed" frameborder="0" allow="accelerometer; autoplay; clipboard-write; encrypted-media; gyroscope; picture-in-picture; web-share" referrerpolicy="strict-origin-when-cross-origin" allowfullscreen></iframe></div>

<p>Durante la semana del&nbsp; 9 al 13 de marzo, trabajamos en el colegio&nbsp; actividades sobre el Día de la mujer: En&nbsp; los Ciclos&nbsp; de Educación Infantil y 1º Ciclo de Educación Primaria se desarrollaron asambleas, a nivel de tutoría, para reflexionar sobre lo que ocurre en sus casas y en quién recaen las principales tareas: &hellip; </p>
<p><a class="more-link btn" href="https://blogsaverroes.juntadeandalucia.es/colegiojuanvalera/dia-de-la-mujer-2020/">Seguir leyendo</a></p>
