{"id":7392,"date":"2021-06-10T10:57:08","date_gmt":"2021-06-10T08:57:08","guid":{"rendered":"http:\/\/blogsaverroes.juntadeandalucia.es\/colegiojuanvalera\/?page_id=7392"},"modified":"2021-06-10T12:51:36","modified_gmt":"2021-06-10T10:51:36","slug":"dia-del-libro-2019","status":"publish","type":"page","link":"https:\/\/blogsaverroes.juntadeandalucia.es\/colegiojuanvalera\/dia-del-libro-2019\/","title":{"rendered":"D\u00eda del Libro 2019"},"content":{"rendered":"<p>Aqu\u00ed os dejamos una muestra de las actividades que realizamos el d\u00eda del libro en este curso 2018\/19<\/p>\n<div class=\"embed-container\"><iframe loading=\"lazy\" title=\"D\u00eda del Libro 2019\" width=\"750\" height=\"422\" src=\"https:\/\/www.youtube.com\/embed\/4WME8eYGutE?feature=oembed\" frameborder=\"0\" allow=\"accelerometer; autoplay; clipboard-write; encrypted-media; gyroscope; picture-in-picture; web-share\" referrerpolicy=\"strict-origin-when-cross-origin\" allowfullscreen><\/iframe><\/div>\n","protected":false},"excerpt":{"rendered":"<p>Aqu\u00ed os dejamos una muestra de las actividades que realizamos el d\u00eda del libro en este curso 2018\/19<\/p>\n","protected":false},"author":3037,"featured_media":0,"parent":0,"menu_order":0,"comment_status":"closed","ping_status":"closed","template":"page-template-full.php","meta":{"ngg_post_thumbnail":0,"footnotes":"","_mc_calendar":[]},"aioseo_notices":[],"_links":{"self":[{"href":"https:\/\/blogsaverroes.juntadeandalucia.es\/colegiojuanvalera\/wp-json\/wp\/v2\/pages\/7392"}],"collection":[{"href":"https:\/\/blogsaverroes.juntadeandalucia.es\/colegiojuanvalera\/wp-json\/wp\/v2\/pages"}],"about":[{"href":"https:\/\/blogsaverroes.juntadeandalucia.es\/colegiojuanvalera\/wp-json\/wp\/v2\/types\/page"}],"author":[{"embeddable":true,"href":"https:\/\/blogsaverroes.juntadeandalucia.es\/colegiojuanvalera\/wp-json\/wp\/v2\/users\/3037"}],"replies":[{"embeddable":true,"href":"https:\/\/blogsaverroes.juntadeandalucia.es\/colegiojuanvalera\/wp-json\/wp\/v2\/comments?post=7392"}],"version-history":[{"count":2,"href":"https:\/\/blogsaverroes.juntadeandalucia.es\/colegiojuanvalera\/wp-json\/wp\/v2\/pages\/7392\/revisions"}],"predecessor-version":[{"id":7504,"href":"https:\/\/blogsaverroes.juntadeandalucia.es\/colegiojuanvalera\/wp-json\/wp\/v2\/pages\/7392\/revisions\/7504"}],"wp:attachment":[{"href":"https:\/\/blogsaverroes.juntadeandalucia.es\/colegiojuanvalera\/wp-json\/wp\/v2\/media?parent=7392"}],"curies":[{"name":"wp","href":"https:\/\/api.w.org\/{rel}","templated":true}]}}

Día del Libro 2019

<p>Aquí os dejamos una muestra de las actividades que realizamos el día del libro en este curso 2018/19</p>
<div class="embed-container"><iframe loading="lazy" title="Día del Libro 2019" width="750" height="422" src="https://www.youtube.com/embed/4WME8eYGutE?feature=oembed" frameborder="0" allow="accelerometer; autoplay; clipboard-write; encrypted-media; gyroscope; picture-in-picture; web-share" referrerpolicy="strict-origin-when-cross-origin" allowfullscreen></iframe></div>

<p>Aquí os dejamos una muestra de las actividades que realizamos el día del libro en este curso 2018/19</p>
