{"id":7414,"date":"2021-06-10T11:40:51","date_gmt":"2021-06-10T09:40:51","guid":{"rendered":"http:\/\/blogsaverroes.juntadeandalucia.es\/colegiojuanvalera\/?page_id=7414"},"modified":"2021-06-10T12:20:11","modified_gmt":"2021-06-10T10:20:11","slug":"programa-especial-atalaya-tv","status":"publish","type":"page","link":"https:\/\/blogsaverroes.juntadeandalucia.es\/colegiojuanvalera\/programa-especial-atalaya-tv\/","title":{"rendered":"Programa especial Atalaya TV"},"content":{"rendered":"<p>Aqu\u00ed os dejamos el programa especial que grabaron en Atalaya TV los ni\u00f1os de sexto de primaria con todo el equipo de la televisi\u00f3n local el d\u00eda 16 de junio de 2017.<\/p>\n<div class=\"embed-container\"><iframe loading=\"lazy\" title=\"Visita a Atalaya TV\" width=\"750\" height=\"422\" src=\"https:\/\/www.youtube.com\/embed\/8ccJqVU8bGE?feature=oembed\" frameborder=\"0\" allow=\"accelerometer; autoplay; clipboard-write; encrypted-media; gyroscope; picture-in-picture; web-share\" referrerpolicy=\"strict-origin-when-cross-origin\" allowfullscreen><\/iframe><\/div>\n","protected":false},"excerpt":{"rendered":"<p>Aqu\u00ed os dejamos el programa especial que grabaron en Atalaya TV los ni\u00f1os de sexto de primaria con todo el equipo de la televisi\u00f3n local el d\u00eda 16 de junio de 2017.<\/p>\n","protected":false},"author":3037,"featured_media":0,"parent":0,"menu_order":0,"comment_status":"closed","ping_status":"closed","template":"page-template-full.php","meta":{"ngg_post_thumbnail":0,"footnotes":"","_mc_calendar":[]},"aioseo_notices":[],"_links":{"self":[{"href":"https:\/\/blogsaverroes.juntadeandalucia.es\/colegiojuanvalera\/wp-json\/wp\/v2\/pages\/7414"}],"collection":[{"href":"https:\/\/blogsaverroes.juntadeandalucia.es\/colegiojuanvalera\/wp-json\/wp\/v2\/pages"}],"about":[{"href":"https:\/\/blogsaverroes.juntadeandalucia.es\/colegiojuanvalera\/wp-json\/wp\/v2\/types\/page"}],"author":[{"embeddable":true,"href":"https:\/\/blogsaverroes.juntadeandalucia.es\/colegiojuanvalera\/wp-json\/wp\/v2\/users\/3037"}],"replies":[{"embeddable":true,"href":"https:\/\/blogsaverroes.juntadeandalucia.es\/colegiojuanvalera\/wp-json\/wp\/v2\/comments?post=7414"}],"version-history":[{"count":2,"href":"https:\/\/blogsaverroes.juntadeandalucia.es\/colegiojuanvalera\/wp-json\/wp\/v2\/pages\/7414\/revisions"}],"predecessor-version":[{"id":7482,"href":"https:\/\/blogsaverroes.juntadeandalucia.es\/colegiojuanvalera\/wp-json\/wp\/v2\/pages\/7414\/revisions\/7482"}],"wp:attachment":[{"href":"https:\/\/blogsaverroes.juntadeandalucia.es\/colegiojuanvalera\/wp-json\/wp\/v2\/media?parent=7414"}],"curies":[{"name":"wp","href":"https:\/\/api.w.org\/{rel}","templated":true}]}}

<p>Aquí os dejamos el programa especial que grabaron en Atalaya TV los niños de sexto de primaria con todo el equipo de la televisión local el día 16 de junio de 2017.</p>
<div class="embed-container"><iframe loading="lazy" title="Visita a Atalaya TV" width="750" height="422" src="https://www.youtube.com/embed/8ccJqVU8bGE?feature=oembed" frameborder="0" allow="accelerometer; autoplay; clipboard-write; encrypted-media; gyroscope; picture-in-picture; web-share" referrerpolicy="strict-origin-when-cross-origin" allowfullscreen></iframe></div>

<p>Aquí os dejamos el programa especial que grabaron en Atalaya TV los niños de sexto de primaria con todo el equipo de la televisión local el día 16 de junio de 2017.</p>
