{"id":7638,"date":"2021-12-07T19:37:58","date_gmt":"2021-12-07T17:37:58","guid":{"rendered":"http:\/\/blogsaverroes.juntadeandalucia.es\/colegiojuanvalera\/?page_id=7638"},"modified":"2021-12-07T19:40:15","modified_gmt":"2021-12-07T17:40:15","slug":"dia-de-la-constitucion-2021","status":"publish","type":"page","link":"https:\/\/blogsaverroes.juntadeandalucia.es\/colegiojuanvalera\/dia-de-la-constitucion-2021\/","title":{"rendered":"D\u00eda de la Constituci\u00f3n 2021"},"content":{"rendered":"<p>Aqu\u00ed os dejamos algunos recuerdos de nuestros trabajos conmemorativos del D\u00eda de la Constituci\u00f3n 2021.<\/p>\n<div class=\"embed-container\"><iframe loading=\"lazy\" title=\"Di\u0301a de la Constitucio\u0301n 2021\" width=\"750\" height=\"422\" src=\"https:\/\/www.youtube.com\/embed\/262Y1aN8koU?feature=oembed\" frameborder=\"0\" allow=\"accelerometer; autoplay; clipboard-write; encrypted-media; gyroscope; picture-in-picture; web-share\" referrerpolicy=\"strict-origin-when-cross-origin\" allowfullscreen><\/iframe><\/div>\n","protected":false},"excerpt":{"rendered":"<p>Aqu\u00ed os dejamos algunos recuerdos de nuestros trabajos conmemorativos del D\u00eda de la Constituci\u00f3n 2021.<\/p>\n","protected":false},"author":3037,"featured_media":0,"parent":0,"menu_order":0,"comment_status":"closed","ping_status":"closed","template":"page-template-full.php","meta":{"ngg_post_thumbnail":0,"footnotes":"","_mc_calendar":[]},"aioseo_notices":[],"_links":{"self":[{"href":"https:\/\/blogsaverroes.juntadeandalucia.es\/colegiojuanvalera\/wp-json\/wp\/v2\/pages\/7638"}],"collection":[{"href":"https:\/\/blogsaverroes.juntadeandalucia.es\/colegiojuanvalera\/wp-json\/wp\/v2\/pages"}],"about":[{"href":"https:\/\/blogsaverroes.juntadeandalucia.es\/colegiojuanvalera\/wp-json\/wp\/v2\/types\/page"}],"author":[{"embeddable":true,"href":"https:\/\/blogsaverroes.juntadeandalucia.es\/colegiojuanvalera\/wp-json\/wp\/v2\/users\/3037"}],"replies":[{"embeddable":true,"href":"https:\/\/blogsaverroes.juntadeandalucia.es\/colegiojuanvalera\/wp-json\/wp\/v2\/comments?post=7638"}],"version-history":[{"count":1,"href":"https:\/\/blogsaverroes.juntadeandalucia.es\/colegiojuanvalera\/wp-json\/wp\/v2\/pages\/7638\/revisions"}],"predecessor-version":[{"id":7639,"href":"https:\/\/blogsaverroes.juntadeandalucia.es\/colegiojuanvalera\/wp-json\/wp\/v2\/pages\/7638\/revisions\/7639"}],"wp:attachment":[{"href":"https:\/\/blogsaverroes.juntadeandalucia.es\/colegiojuanvalera\/wp-json\/wp\/v2\/media?parent=7638"}],"curies":[{"name":"wp","href":"https:\/\/api.w.org\/{rel}","templated":true}]}}

Día de la Constitución 2021

<p>Aquí os dejamos algunos recuerdos de nuestros trabajos conmemorativos del Día de la Constitución 2021.</p>
<div class="embed-container"><iframe loading="lazy" title="Día de la Constitución 2021" width="750" height="422" src="https://www.youtube.com/embed/262Y1aN8koU?feature=oembed" frameborder="0" allow="accelerometer; autoplay; clipboard-write; encrypted-media; gyroscope; picture-in-picture; web-share" referrerpolicy="strict-origin-when-cross-origin" allowfullscreen></iframe></div>

<p>Aquí os dejamos algunos recuerdos de nuestros trabajos conmemorativos del Día de la Constitución 2021.</p>
