{"id":7738,"date":"2022-01-23T22:47:46","date_gmt":"2022-01-23T20:47:46","guid":{"rendered":"http:\/\/blogsaverroes.juntadeandalucia.es\/colegiojuanvalera\/?page_id=7738"},"modified":"2022-01-23T22:47:46","modified_gmt":"2022-01-23T20:47:46","slug":"dia-de-la-paz-2022","status":"publish","type":"page","link":"https:\/\/blogsaverroes.juntadeandalucia.es\/colegiojuanvalera\/dia-de-la-paz-2022\/","title":{"rendered":"D\u00eda de la Paz 2022"},"content":{"rendered":"<p>Aqu\u00ed os dejamos una muestra de las actividades realizadas con motivo del d\u00eda de la Paz 2022 en nuestro cole:<\/p>\n<div class=\"embed-container\"><iframe loading=\"lazy\" title=\"D\u00eda de la paz CEIP Juan Valera 2022\" width=\"750\" height=\"422\" src=\"https:\/\/www.youtube.com\/embed\/9efUS6UF2bA?feature=oembed\" frameborder=\"0\" allow=\"accelerometer; autoplay; clipboard-write; encrypted-media; gyroscope; picture-in-picture; web-share\" referrerpolicy=\"strict-origin-when-cross-origin\" allowfullscreen><\/iframe><\/div>\n","protected":false},"excerpt":{"rendered":"<p>Aqu\u00ed os dejamos una muestra de las actividades realizadas con motivo del d\u00eda de la Paz 2022 en nuestro cole:<\/p>\n","protected":false},"author":3037,"featured_media":0,"parent":0,"menu_order":0,"comment_status":"closed","ping_status":"closed","template":"page-template-full.php","meta":{"ngg_post_thumbnail":0,"footnotes":"","_mc_calendar":[]},"aioseo_notices":[],"_links":{"self":[{"href":"https:\/\/blogsaverroes.juntadeandalucia.es\/colegiojuanvalera\/wp-json\/wp\/v2\/pages\/7738"}],"collection":[{"href":"https:\/\/blogsaverroes.juntadeandalucia.es\/colegiojuanvalera\/wp-json\/wp\/v2\/pages"}],"about":[{"href":"https:\/\/blogsaverroes.juntadeandalucia.es\/colegiojuanvalera\/wp-json\/wp\/v2\/types\/page"}],"author":[{"embeddable":true,"href":"https:\/\/blogsaverroes.juntadeandalucia.es\/colegiojuanvalera\/wp-json\/wp\/v2\/users\/3037"}],"replies":[{"embeddable":true,"href":"https:\/\/blogsaverroes.juntadeandalucia.es\/colegiojuanvalera\/wp-json\/wp\/v2\/comments?post=7738"}],"version-history":[{"count":1,"href":"https:\/\/blogsaverroes.juntadeandalucia.es\/colegiojuanvalera\/wp-json\/wp\/v2\/pages\/7738\/revisions"}],"predecessor-version":[{"id":7739,"href":"https:\/\/blogsaverroes.juntadeandalucia.es\/colegiojuanvalera\/wp-json\/wp\/v2\/pages\/7738\/revisions\/7739"}],"wp:attachment":[{"href":"https:\/\/blogsaverroes.juntadeandalucia.es\/colegiojuanvalera\/wp-json\/wp\/v2\/media?parent=7738"}],"curies":[{"name":"wp","href":"https:\/\/api.w.org\/{rel}","templated":true}]}}

Día de la Paz 2022

<p>Aquí os dejamos una muestra de las actividades realizadas con motivo del día de la Paz 2022 en nuestro cole:</p>
<div class="embed-container"><iframe loading="lazy" title="Día de la paz CEIP Juan Valera 2022" width="750" height="422" src="https://www.youtube.com/embed/9efUS6UF2bA?feature=oembed" frameborder="0" allow="accelerometer; autoplay; clipboard-write; encrypted-media; gyroscope; picture-in-picture; web-share" referrerpolicy="strict-origin-when-cross-origin" allowfullscreen></iframe></div>

<p>Aquí os dejamos una muestra de las actividades realizadas con motivo del día de la Paz 2022 en nuestro cole:</p>
