{"id":8658,"date":"2024-08-06T10:55:10","date_gmt":"2024-08-06T08:55:10","guid":{"rendered":"https:\/\/blogsaverroes.juntadeandalucia.es\/colegiojuanvalera\/?page_id=8658"},"modified":"2024-08-06T11:03:52","modified_gmt":"2024-08-06T09:03:52","slug":"equidad","status":"publish","type":"page","link":"https:\/\/blogsaverroes.juntadeandalucia.es\/colegiojuanvalera\/equidad\/","title":{"rendered":"+ Equidad"},"content":{"rendered":"<div class=\"encab-secc col-12\">\n<div class=\"block block-layout-builder block-field-blocknodeplanes-y-programasfield-planes-descripcion\">\n<div class=\"content\">\n<div class=\"clearfix text-formatted field field--name-field-planes-descripcion field--type-text-long field--label-above\">\n<div class=\"field__item\">\n<p><a href=\"https:\/\/blogsaverroes.juntadeandalucia.es\/colegiojuanvalera\/files\/2024\/08\/Equidad.png\"><img loading=\"lazy\" decoding=\"async\" class=\"aligncenter size-medium wp-image-8662\" src=\"https:\/\/blogsaverroes.juntadeandalucia.es\/colegiojuanvalera\/files\/2024\/08\/Equidad-300x93.png\" alt=\"\" width=\"300\" height=\"93\" srcset=\"https:\/\/blogsaverroes.juntadeandalucia.es\/colegiojuanvalera\/files\/2024\/08\/Equidad-300x93.png 300w, https:\/\/blogsaverroes.juntadeandalucia.es\/colegiojuanvalera\/files\/2024\/08\/Equidad.png 674w\" sizes=\"(max-width: 300px) 100vw, 300px\" \/><\/a><\/p>\n<p>El Programa M\u00e1s Equidad se concibe como un conjunto de actuaciones dirigidas a potenciar la cultura inclusiva de los centros docentes y a mejorar el grado de adquisici\u00f3n de competencias a trav\u00e9s de la mejora de los recursos en el aula y\/o de la realizaci\u00f3n de experiencias innovadoras, activas y experimentales que promuevan el saber hacer del alumnado, partiendo de sus conocimientos y fomentando actitudes como la autonom\u00eda, la responsabilidad, el respeto y el trabajo en equipo, bajo los principios de la atenci\u00f3n a la diversidad y la igualdad de g\u00e9nero. El Programa M\u00e1s Equidad se desarrollar\u00e1 a trav\u00e9s de Proyectos en tres l\u00edneas de actuaci\u00f3n: M\u00e1s Equidad INNOVACI\u00d3N, IGUALDAD E INCLUSI\u00d3N (\u00e9ste \u00faltimo es el que adoptamos en nuestro centro) con medidas innovadoras espec\u00edficas que contribuyan a la accesibilidad universal y al desarrollo de las competencias del alumnado escolarizado en unidades espec\u00edficas de Educaci\u00f3n Especial ubicadas en centros ordinarios. Se dirige a centros docentes p\u00fablicos que tengan autorizadas aulas espec\u00edficas de Educaci\u00f3n Especial.&nbsp;<\/p>\n<\/div>\n<\/div>\n<\/div>\n<\/div>\n<div class=\"block block-layout-builder block-field-blocknodeplanes-y-programasfield-planes-objetivos\">\n<div class=\"content\">\n<div class=\"clearfix text-formatted field field--name-field-planes-objetivos field--type-text-long field--label-above\">\n<div class=\"field__label\">Objetivos concretos<\/div>\n<div class=\"field__item\">\n<p>La implementaci\u00f3n del Programa en los centros docentes de Andaluc\u00eda sostenido con fondos p\u00fablicos persigue los siguientes objetivos:<\/p>\n<p>1. Promover estrategias y medidas que contribuyan al desarrollo integral del alumnado y a la permanencia del alumnado en el Sistema Educativo.<\/p>\n<p>2. Propiciar la inclusi\u00f3n educativa y social del alumnado mejorando la motivaci\u00f3n y el clima de convivencia del centro docente.<\/p>\n<p>3. Potenciar el desarrollo integral del alumnado en aspectos tales como el respeto, la igualdad, la autodeterminaci\u00f3n, la estimulaci\u00f3n cognitiva, la comunicaci\u00f3n, las habilidades personales y sociales, la interdependencia y la innovaci\u00f3n.<\/p>\n<p>4. Estimular en el alumnado el inter\u00e9s por la educaci\u00f3n, adquiriendo estrategias que les permitan la adquisici\u00f3n y mejora de sus competencias a lo largo de toda la vida.<\/p>\n<p>5. Desarrollar actuaciones que favorezcan la aplicaci\u00f3n de metodolog\u00edas activas y participativas que contribuyan al cambio en las pr\u00e1cticas docentes y que fomenten el desarrollo de las competencias clave del alumnado.<\/p>\n<p>6. Impulsar la capacidad motivadora y creativa del profesorado y del alumnado con estrategias innovadoras de \u00e9xito.<\/p>\n<p>7. Favorecer la creaci\u00f3n de recursos did\u00e1cticos que puedan ser extrapolables a otros centros docentes y que se conviertan en sostenibles en el tiempo.<\/p>\n<p>8. Mejorar los recursos existentes en el aula espec\u00edfica, que faciliten el proceso de aprendizaje.<\/p>\n<p>9. Mejorar los recursos existentes en los centros docentes, con la finalidad de implementar y llevar a cabo experiencias innovadoras.<\/p>\n<p>10. Favorecer el desarrollo de actuaciones que potencien la interacci\u00f3n del centro con su entorno, con la participaci\u00f3n de las familias y otros agentes educativos, para el enriquecimiento en relaci\u00f3n con la diversidad de contextos educativos y aprendizajes competenciales.<\/p>\n<p>11. Desarrollar competencias cognitivas, psicol\u00f3gicas y emocionales, que favorezcan la permanencia en el sistema educativo y la prevenci\u00f3n del abandono escolar temprano.<\/p>\n<p>12. Favorecer el desarrollo de actuaciones que promuevan la investigaci\u00f3n e innovaci\u00f3n, que promuevan tanto el pensamiento convergente como el divergente.<\/p>\n<p>13. Complementar los Proyectos de M\u00e1s Equidad a desarrollar por el centro.<\/p>\n<\/div>\n<\/div>\n<\/div>\n<\/div>\n<\/div>\n","protected":false},"excerpt":{"rendered":"<p>El Programa M\u00e1s Equidad se concibe como un conjunto de actuaciones dirigidas a potenciar la cultura inclusiva de los centros docentes y a mejorar el grado de adquisici\u00f3n de competencias a trav\u00e9s de la mejora de los recursos en el aula y\/o de la realizaci\u00f3n de experiencias innovadoras, activas y experimentales que promuevan el saber &hellip; <\/p>\n<p><a class=\"more-link btn\" href=\"https:\/\/blogsaverroes.juntadeandalucia.es\/colegiojuanvalera\/equidad\/\">Seguir leyendo<\/a><\/p>\n","protected":false},"author":3037,"featured_media":0,"parent":0,"menu_order":0,"comment_status":"closed","ping_status":"closed","template":"page-template-full.php","meta":{"ngg_post_thumbnail":0,"footnotes":"","_mc_calendar":[]},"aioseo_notices":[],"_links":{"self":[{"href":"https:\/\/blogsaverroes.juntadeandalucia.es\/colegiojuanvalera\/wp-json\/wp\/v2\/pages\/8658"}],"collection":[{"href":"https:\/\/blogsaverroes.juntadeandalucia.es\/colegiojuanvalera\/wp-json\/wp\/v2\/pages"}],"about":[{"href":"https:\/\/blogsaverroes.juntadeandalucia.es\/colegiojuanvalera\/wp-json\/wp\/v2\/types\/page"}],"author":[{"embeddable":true,"href":"https:\/\/blogsaverroes.juntadeandalucia.es\/colegiojuanvalera\/wp-json\/wp\/v2\/users\/3037"}],"replies":[{"embeddable":true,"href":"https:\/\/blogsaverroes.juntadeandalucia.es\/colegiojuanvalera\/wp-json\/wp\/v2\/comments?post=8658"}],"version-history":[{"count":5,"href":"https:\/\/blogsaverroes.juntadeandalucia.es\/colegiojuanvalera\/wp-json\/wp\/v2\/pages\/8658\/revisions"}],"predecessor-version":[{"id":8666,"href":"https:\/\/blogsaverroes.juntadeandalucia.es\/colegiojuanvalera\/wp-json\/wp\/v2\/pages\/8658\/revisions\/8666"}],"wp:attachment":[{"href":"https:\/\/blogsaverroes.juntadeandalucia.es\/colegiojuanvalera\/wp-json\/wp\/v2\/media?parent=8658"}],"curies":[{"name":"wp","href":"https:\/\/api.w.org\/{rel}","templated":true}]}}

<div class="encab-secc col-12">
<div class="block block-layout-builder block-field-blocknodeplanes-y-programasfield-planes-descripcion">
<div class="content">
<div class="clearfix text-formatted field field--name-field-planes-descripcion field--type-text-long field--label-above">
<div class="field__item">
<p><a href="https://blogsaverroes.juntadeandalucia.es/colegiojuanvalera/files/2024/08/Equidad.png"><img loading="lazy" decoding="async" class="aligncenter size-medium wp-image-8662" src="https://blogsaverroes.juntadeandalucia.es/colegiojuanvalera/files/2024/08/Equidad-300x93.png" alt="" width="300" height="93" srcset="https://blogsaverroes.juntadeandalucia.es/colegiojuanvalera/files/2024/08/Equidad-300x93.png 300w, https://blogsaverroes.juntadeandalucia.es/colegiojuanvalera/files/2024/08/Equidad.png 674w" sizes="(max-width: 300px) 100vw, 300px" /></a></p>
<p>El Programa Más Equidad se concibe como un conjunto de actuaciones dirigidas a potenciar la cultura inclusiva de los centros docentes y a mejorar el grado de adquisición de competencias a través de la mejora de los recursos en el aula y/o de la realización de experiencias innovadoras, activas y experimentales que promuevan el saber hacer del alumnado, partiendo de sus conocimientos y fomentando actitudes como la autonomía, la responsabilidad, el respeto y el trabajo en equipo, bajo los principios de la atención a la diversidad y la igualdad de género. El Programa Más Equidad se desarrollará a través de Proyectos en tres líneas de actuación: Más Equidad INNOVACIÓN, IGUALDAD E INCLUSIÓN (éste último es el que adoptamos en nuestro centro) con medidas innovadoras específicas que contribuyan a la accesibilidad universal y al desarrollo de las competencias del alumnado escolarizado en unidades específicas de Educación Especial ubicadas en centros ordinarios. Se dirige a centros docentes públicos que tengan autorizadas aulas específicas de Educación Especial.&nbsp;</p>
</div>
</div>
</div>
</div>
<div class="block block-layout-builder block-field-blocknodeplanes-y-programasfield-planes-objetivos">
<div class="content">
<div class="clearfix text-formatted field field--name-field-planes-objetivos field--type-text-long field--label-above">
<div class="field__label">Objetivos concretos</div>
<div class="field__item">
<p>La implementación del Programa en los centros docentes de Andalucía sostenido con fondos públicos persigue los siguientes objetivos:</p>
<p>1. Promover estrategias y medidas que contribuyan al desarrollo integral del alumnado y a la permanencia del alumnado en el Sistema Educativo.</p>
<p>2. Propiciar la inclusión educativa y social del alumnado mejorando la motivación y el clima de convivencia del centro docente.</p>
<p>3. Potenciar el desarrollo integral del alumnado en aspectos tales como el respeto, la igualdad, la autodeterminación, la estimulación cognitiva, la comunicación, las habilidades personales y sociales, la interdependencia y la innovación.</p>
<p>4. Estimular en el alumnado el interés por la educación, adquiriendo estrategias que les permitan la adquisición y mejora de sus competencias a lo largo de toda la vida.</p>
<p>5. Desarrollar actuaciones que favorezcan la aplicación de metodologías activas y participativas que contribuyan al cambio en las prácticas docentes y que fomenten el desarrollo de las competencias clave del alumnado.</p>
<p>6. Impulsar la capacidad motivadora y creativa del profesorado y del alumnado con estrategias innovadoras de éxito.</p>
<p>7. Favorecer la creación de recursos didácticos que puedan ser extrapolables a otros centros docentes y que se conviertan en sostenibles en el tiempo.</p>
<p>8. Mejorar los recursos existentes en el aula específica, que faciliten el proceso de aprendizaje.</p>
<p>9. Mejorar los recursos existentes en los centros docentes, con la finalidad de implementar y llevar a cabo experiencias innovadoras.</p>
<p>10. Favorecer el desarrollo de actuaciones que potencien la interacción del centro con su entorno, con la participación de las familias y otros agentes educativos, para el enriquecimiento en relación con la diversidad de contextos educativos y aprendizajes competenciales.</p>
<p>11. Desarrollar competencias cognitivas, psicológicas y emocionales, que favorezcan la permanencia en el sistema educativo y la prevención del abandono escolar temprano.</p>
<p>12. Favorecer el desarrollo de actuaciones que promuevan la investigación e innovación, que promuevan tanto el pensamiento convergente como el divergente.</p>
<p>13. Complementar los Proyectos de Más Equidad a desarrollar por el centro.</p>
</div>
</div>
</div>
</div>
</div>

<p>El Programa Más Equidad se concibe como un conjunto de actuaciones dirigidas a potenciar la cultura inclusiva de los centros docentes y a mejorar el grado de adquisición de competencias a través de la mejora de los recursos en el aula y/o de la realización de experiencias innovadoras, activas y experimentales que promuevan el saber &hellip; </p>
<p><a class="more-link btn" href="https://blogsaverroes.juntadeandalucia.es/colegiojuanvalera/equidad/">Seguir leyendo</a></p>
