{"id":2544,"date":"2018-06-14T09:56:11","date_gmt":"2018-06-14T09:56:11","guid":{"rendered":"https:\/\/blogsaverroes.juntadeandalucia.es\/colegiolanoria\/?page_id=2544"},"modified":"2020-06-06T15:02:24","modified_gmt":"2020-06-06T15:02:24","slug":"libros-de-infantil","status":"publish","type":"page","link":"https:\/\/blogsaverroes.juntadeandalucia.es\/colegiolanoria\/libros-de-infantil\/","title":{"rendered":"Libros de Infantil"},"content":{"rendered":"<h2><a href=\"https:\/\/blogsaverroes.juntadeandalucia.es\/colegiolanoria\/files\/2018\/06\/santillana.png\" rel=\"prettyPhoto[2544]\"><img loading=\"lazy\" decoding=\"async\" class=\"size-full wp-image-2565 aligncenter\" src=\"https:\/\/blogsaverroes.juntadeandalucia.es\/colegiolanoria\/files\/2018\/06\/santillana.png\" alt=\"\" width=\"184\" height=\"44\" srcset=\"https:\/\/blogsaverroes.juntadeandalucia.es\/colegiolanoria\/files\/2018\/06\/santillana.png 184w, https:\/\/blogsaverroes.juntadeandalucia.es\/colegiolanoria\/files\/2018\/06\/santillana-24x6.png 24w, https:\/\/blogsaverroes.juntadeandalucia.es\/colegiolanoria\/files\/2018\/06\/santillana-36x9.png 36w, https:\/\/blogsaverroes.juntadeandalucia.es\/colegiolanoria\/files\/2018\/06\/santillana-48x11.png 48w\" sizes=\"(max-width: 184px) 100vw, 184px\" \/><\/a><\/h2>\n<h2>3 a\u00f1os<\/h2>\n<h2>&nbsp;<a href=\"https:\/\/blogsaverroes.juntadeandalucia.es\/colegiolanoria\/files\/2018\/06\/suso-3.jpg\" rel=\"prettyPhoto[2544]\"><img loading=\"lazy\" decoding=\"async\" class=\"alignnone size-full wp-image-2567\" src=\"https:\/\/blogsaverroes.juntadeandalucia.es\/colegiolanoria\/files\/2018\/06\/suso-3.jpg\" alt=\"\" width=\"137\" height=\"195\" srcset=\"https:\/\/blogsaverroes.juntadeandalucia.es\/colegiolanoria\/files\/2018\/06\/suso-3.jpg 137w, https:\/\/blogsaverroes.juntadeandalucia.es\/colegiolanoria\/files\/2018\/06\/suso-3-17x24.jpg 17w, https:\/\/blogsaverroes.juntadeandalucia.es\/colegiolanoria\/files\/2018\/06\/suso-3-25x36.jpg 25w, https:\/\/blogsaverroes.juntadeandalucia.es\/colegiolanoria\/files\/2018\/06\/suso-3-34x48.jpg 34w\" sizes=\"(max-width: 137px) 100vw, 137px\" \/><\/a><\/h2>\n<h2>4 a\u00f1os<\/h2>\n<h2>&nbsp;<a href=\"https:\/\/blogsaverroes.juntadeandalucia.es\/colegiolanoria\/files\/2018\/06\/suso-4.jpg\" rel=\"prettyPhoto[2544]\"><img loading=\"lazy\" decoding=\"async\" class=\"alignnone size-full wp-image-2566\" src=\"https:\/\/blogsaverroes.juntadeandalucia.es\/colegiolanoria\/files\/2018\/06\/suso-4.jpg\" alt=\"\" width=\"137\" height=\"195\" srcset=\"https:\/\/blogsaverroes.juntadeandalucia.es\/colegiolanoria\/files\/2018\/06\/suso-4.jpg 137w, https:\/\/blogsaverroes.juntadeandalucia.es\/colegiolanoria\/files\/2018\/06\/suso-4-17x24.jpg 17w, https:\/\/blogsaverroes.juntadeandalucia.es\/colegiolanoria\/files\/2018\/06\/suso-4-25x36.jpg 25w, https:\/\/blogsaverroes.juntadeandalucia.es\/colegiolanoria\/files\/2018\/06\/suso-4-34x48.jpg 34w\" sizes=\"(max-width: 137px) 100vw, 137px\" \/><\/a><\/h2>\n<h2>5 a\u00f1os<\/h2>\n<p><a href=\"https:\/\/blogsaverroes.juntadeandalucia.es\/colegiolanoria\/files\/2020\/06\/978846800353500_WWW_210x210.jpg\" rel=\"prettyPhoto[2544]\"><img loading=\"lazy\" decoding=\"async\" class=\"alignnone wp-image-2777 size-thumbnail\" src=\"https:\/\/blogsaverroes.juntadeandalucia.es\/colegiolanoria\/files\/2020\/06\/978846800353500_WWW_210x210-150x150.jpg\" alt=\"\" width=\"150\" height=\"150\" srcset=\"https:\/\/blogsaverroes.juntadeandalucia.es\/colegiolanoria\/files\/2020\/06\/978846800353500_WWW_210x210-150x150.jpg 150w, https:\/\/blogsaverroes.juntadeandalucia.es\/colegiolanoria\/files\/2020\/06\/978846800353500_WWW_210x210-100x100.jpg 100w, https:\/\/blogsaverroes.juntadeandalucia.es\/colegiolanoria\/files\/2020\/06\/978846800353500_WWW_210x210-24x24.jpg 24w, https:\/\/blogsaverroes.juntadeandalucia.es\/colegiolanoria\/files\/2020\/06\/978846800353500_WWW_210x210-36x36.jpg 36w, https:\/\/blogsaverroes.juntadeandalucia.es\/colegiolanoria\/files\/2020\/06\/978846800353500_WWW_210x210-48x48.jpg 48w, https:\/\/blogsaverroes.juntadeandalucia.es\/colegiolanoria\/files\/2020\/06\/978846800353500_WWW_210x210.jpg 210w\" sizes=\"(max-width: 150px) 100vw, 150px\" \/><\/a><\/p>\n<p>&nbsp;<\/p>\n<p>&nbsp;<\/p>\n<p>&nbsp;<\/p>\n","protected":false},"excerpt":{"rendered":"<p>3 a\u00f1os &nbsp; 4 a\u00f1os &nbsp; 5 a\u00f1os &nbsp; &nbsp; &nbsp;<\/p>\n","protected":false},"author":6344,"featured_media":0,"parent":0,"menu_order":0,"comment_status":"closed","ping_status":"closed","template":"","meta":{"ngg_post_thumbnail":0,"footnotes":"","_mc_calendar":[]},"aioseo_notices":[],"_links":{"self":[{"href":"https:\/\/blogsaverroes.juntadeandalucia.es\/colegiolanoria\/wp-json\/wp\/v2\/pages\/2544"}],"collection":[{"href":"https:\/\/blogsaverroes.juntadeandalucia.es\/colegiolanoria\/wp-json\/wp\/v2\/pages"}],"about":[{"href":"https:\/\/blogsaverroes.juntadeandalucia.es\/colegiolanoria\/wp-json\/wp\/v2\/types\/page"}],"author":[{"embeddable":true,"href":"https:\/\/blogsaverroes.juntadeandalucia.es\/colegiolanoria\/wp-json\/wp\/v2\/users\/6344"}],"replies":[{"embeddable":true,"href":"https:\/\/blogsaverroes.juntadeandalucia.es\/colegiolanoria\/wp-json\/wp\/v2\/comments?post=2544"}],"version-history":[{"count":8,"href":"https:\/\/blogsaverroes.juntadeandalucia.es\/colegiolanoria\/wp-json\/wp\/v2\/pages\/2544\/revisions"}],"predecessor-version":[{"id":2778,"href":"https:\/\/blogsaverroes.juntadeandalucia.es\/colegiolanoria\/wp-json\/wp\/v2\/pages\/2544\/revisions\/2778"}],"wp:attachment":[{"href":"https:\/\/blogsaverroes.juntadeandalucia.es\/colegiolanoria\/wp-json\/wp\/v2\/media?parent=2544"}],"curies":[{"name":"wp","href":"https:\/\/api.w.org\/{rel}","templated":true}]}}