{"id":2862,"date":"2022-05-15T20:12:15","date_gmt":"2022-05-15T20:12:15","guid":{"rendered":"https:\/\/blogsaverroes.juntadeandalucia.es\/colegiolanoria\/?page_id=2862"},"modified":"2022-12-15T10:15:33","modified_gmt":"2022-12-15T10:15:33","slug":"aula-del-futuro","status":"publish","type":"page","link":"https:\/\/blogsaverroes.juntadeandalucia.es\/colegiolanoria\/aula-del-futuro\/","title":{"rendered":"AULA DEL FUTURO"},"content":{"rendered":"<p>Este proyecto surge desde el <strong>Proyecto de Direcci\u00f3n (2020)<\/strong>, que determinaba <em>el cambio en los espacios del centro<\/em> (OBJ 3) y el uso de <em>las metodolog\u00edas innovadoras y basadas en la neurodid\u00e1ctica<\/em> (OBJ 4).<\/p>\n<p>El <strong>aula del futuro<\/strong> es un espacio divido en zonas de aprendizaje, presenta un cambio de paradigma en la ense\u00f1anza y obliga al uso de metodolog\u00edas innovadoras. El alumno tiene un papel activo y se le presenta distintas situaciones para aprender. En el curso 22-23 conseguimos la insignia como Centro del aula del futuro de INTEF.<\/p>\n<p><a href=\"https:\/\/blogsaverroes.juntadeandalucia.es\/colegiolanoria\/files\/2022\/05\/Dise\u00f1o_con-zonas_con-verbos.png\"><br \/>\n<\/a><img loading=\"lazy\" decoding=\"async\" class=\"size-medium wp-image-2863 alignleft\" src=\"https:\/\/blogsaverroes.juntadeandalucia.es\/colegiolanoria\/files\/2022\/05\/Dise\u00f1o_con-zonas_con-verbos-300x200.png\" alt=\"\" width=\"300\" height=\"200\" srcset=\"https:\/\/blogsaverroes.juntadeandalucia.es\/colegiolanoria\/files\/2022\/05\/Dise\u00f1o_con-zonas_con-verbos-300x200.png 300w, https:\/\/blogsaverroes.juntadeandalucia.es\/colegiolanoria\/files\/2022\/05\/Dise\u00f1o_con-zonas_con-verbos-1024x683.png 1024w, https:\/\/blogsaverroes.juntadeandalucia.es\/colegiolanoria\/files\/2022\/05\/Dise\u00f1o_con-zonas_con-verbos-768x513.png 768w, https:\/\/blogsaverroes.juntadeandalucia.es\/colegiolanoria\/files\/2022\/05\/Dise\u00f1o_con-zonas_con-verbos-1536x1025.png 1536w, https:\/\/blogsaverroes.juntadeandalucia.es\/colegiolanoria\/files\/2022\/05\/Dise\u00f1o_con-zonas_con-verbos-2048x1367.png 2048w, https:\/\/blogsaverroes.juntadeandalucia.es\/colegiolanoria\/files\/2022\/05\/Dise\u00f1o_con-zonas_con-verbos-700x467.png 700w, https:\/\/blogsaverroes.juntadeandalucia.es\/colegiolanoria\/files\/2022\/05\/Dise\u00f1o_con-zonas_con-verbos.png 1600w\" sizes=\"(max-width: 300px) 100vw, 300px\" \/><a href=\"https:\/\/blogsaverroes.juntadeandalucia.es\/colegiolanoria\/files\/2022\/12\/insignia-AdF-22.png\" rel=\"prettyPhoto[2862]\"><img loading=\"lazy\" decoding=\"async\" class=\" wp-image-2971 alignnone\" src=\"https:\/\/blogsaverroes.juntadeandalucia.es\/colegiolanoria\/files\/2022\/12\/insignia-AdF-22-300x300.png\" alt=\"\" width=\"205\" height=\"205\" srcset=\"https:\/\/blogsaverroes.juntadeandalucia.es\/colegiolanoria\/files\/2022\/12\/insignia-AdF-22-300x300.png 300w, https:\/\/blogsaverroes.juntadeandalucia.es\/colegiolanoria\/files\/2022\/12\/insignia-AdF-22-150x150.png 150w, https:\/\/blogsaverroes.juntadeandalucia.es\/colegiolanoria\/files\/2022\/12\/insignia-AdF-22-268x268.png 268w, https:\/\/blogsaverroes.juntadeandalucia.es\/colegiolanoria\/files\/2022\/12\/insignia-AdF-22.png 350w\" sizes=\"(max-width: 205px) 100vw, 205px\" \/><\/a><\/p>\n<h3>PROYECTO<\/h3>\n<p><a href=\"https:\/\/blogsaverroes.juntadeandalucia.es\/colegiolanoria\/files\/2022\/05\/20220425_180023-scaled.jpg\" rel=\"prettyPhoto[2862]\"><img loading=\"lazy\" decoding=\"async\" class=\"aligncenter wp-image-2868 size-large\" src=\"https:\/\/blogsaverroes.juntadeandalucia.es\/colegiolanoria\/files\/2022\/05\/20220425_180023-1024x485.jpg\" alt=\"\" width=\"660\" height=\"313\" srcset=\"https:\/\/blogsaverroes.juntadeandalucia.es\/colegiolanoria\/files\/2022\/05\/20220425_180023-1024x485.jpg 1024w, https:\/\/blogsaverroes.juntadeandalucia.es\/colegiolanoria\/files\/2022\/05\/20220425_180023-300x142.jpg 300w, https:\/\/blogsaverroes.juntadeandalucia.es\/colegiolanoria\/files\/2022\/05\/20220425_180023-768x364.jpg 768w, https:\/\/blogsaverroes.juntadeandalucia.es\/colegiolanoria\/files\/2022\/05\/20220425_180023-1536x728.jpg 1536w, https:\/\/blogsaverroes.juntadeandalucia.es\/colegiolanoria\/files\/2022\/05\/20220425_180023-2048x971.jpg 2048w, https:\/\/blogsaverroes.juntadeandalucia.es\/colegiolanoria\/files\/2022\/05\/20220425_180023-700x332.jpg 700w, https:\/\/blogsaverroes.juntadeandalucia.es\/colegiolanoria\/files\/2022\/05\/20220425_180023-scaled.jpg 1600w\" sizes=\"(max-width: 660px) 100vw, 660px\" \/><\/a><\/p>\n<p>Una vez con el Claustro decidido mayoritariamente a favor de producir estos cambios, tanto en la manera de ense\u00f1ar como en la forma de aprender, lo siguiente fue la formaci\u00f3n a trav\u00e9s de INTEF y&nbsp; European <span style=\"font-family: 'Open Sans', sans-serif;font-size: 15px;font-style: normal;font-weight: 400\">Schoolnet Academy que ayud\u00f3 a ver los espacios como un medio para conseguir estos procesos. Durante el curso 21-22 se elabor\u00f3 un proyecto de innovaci\u00f3n que la Junta de Andaluc\u00eda aprob\u00f3 para ejecutar durante el curso 22-23.<\/span><\/p>\n<p>Posteriormente se elabor\u00f3 un borrador de lo que quer\u00edamos hacer.<\/p>\n<h3><a href=\"https:\/\/blogsaverroes.juntadeandalucia.es\/colegiolanoria\/files\/2022\/05\/aula-del-futuro.png\" rel=\"prettyPhoto[2862]\"><img loading=\"lazy\" decoding=\"async\" class=\"aligncenter size-medium wp-image-2869\" src=\"https:\/\/blogsaverroes.juntadeandalucia.es\/colegiolanoria\/files\/2022\/05\/aula-del-futuro-300x149.png\" alt=\"\" width=\"300\" height=\"149\" srcset=\"https:\/\/blogsaverroes.juntadeandalucia.es\/colegiolanoria\/files\/2022\/05\/aula-del-futuro-300x149.png 300w, https:\/\/blogsaverroes.juntadeandalucia.es\/colegiolanoria\/files\/2022\/05\/aula-del-futuro-1024x508.png 1024w, https:\/\/blogsaverroes.juntadeandalucia.es\/colegiolanoria\/files\/2022\/05\/aula-del-futuro-768x381.png 768w, https:\/\/blogsaverroes.juntadeandalucia.es\/colegiolanoria\/files\/2022\/05\/aula-del-futuro-700x347.png 700w, https:\/\/blogsaverroes.juntadeandalucia.es\/colegiolanoria\/files\/2022\/05\/aula-del-futuro.png 1095w\" sizes=\"(max-width: 300px) 100vw, 300px\" \/><\/a><\/h3>\n<h3>TRANSFORMACI\u00d3N<\/h3>\n<p>En primer lugar se localiz\u00f3 los espacios donde \u00edbamos a producir la transformaci\u00f3n de lo tradicional hacia lo heterodoxo.&nbsp;<\/p>\n<h5>ANTES DE LA TRANSFORMACI\u00d3N<\/h5>\nngg_shortcode_0_placeholder\n<h5>DURANTE LA TRANSFORMACI\u00d3N<\/h5>\n<p>Poco a poco se fueron haciendo mejoras en los distintos espacios y adecu\u00e1ndolos a las zonas de aprendizaje propias del aula del futuro.<\/p>\nngg_shortcode_1_placeholder\n<h5>DESPU\u00c9S DE LA TRANSFORMACI\u00d3N<\/h5>\n<p>Finalmente se culmin\u00f3 con un AdF, con todo lo que ello conlleva, incluido cambios metodol\u00f3gicos y en la manera de ense\u00f1ar. El AdF no deja de ser un camino que debemos construir entre todos, teniendo el objetivo de ir mejorando, dot\u00e1ndolo y actualiz\u00e1ndolo con el transcurso de los a\u00f1os.<\/p>\nngg_shortcode_2_placeholder\n<h4>ACTIVIDADES<\/h4>\nngg_shortcode_3_placeholder\n","protected":false},"excerpt":{"rendered":"<p>Este proyecto surge desde el Proyecto de Direcci\u00f3n (2020), que determinaba el cambio en los espacios del centro (OBJ 3) y el uso de las metodolog\u00edas innovadoras y basadas en la neurodid\u00e1ctica (OBJ 4). El aula del futuro es un espacio divido en zonas de aprendizaje, presenta un cambio de paradigma en la ense\u00f1anza y [&hellip;]<\/p>\n","protected":false},"author":6344,"featured_media":2867,"parent":0,"menu_order":0,"comment_status":"closed","ping_status":"closed","template":"","meta":{"ngg_post_thumbnail":0,"footnotes":"","_mc_calendar":[]},"aioseo_notices":[],"_links":{"self":[{"href":"https:\/\/blogsaverroes.juntadeandalucia.es\/colegiolanoria\/wp-json\/wp\/v2\/pages\/2862"}],"collection":[{"href":"https:\/\/blogsaverroes.juntadeandalucia.es\/colegiolanoria\/wp-json\/wp\/v2\/pages"}],"about":[{"href":"https:\/\/blogsaverroes.juntadeandalucia.es\/colegiolanoria\/wp-json\/wp\/v2\/types\/page"}],"author":[{"embeddable":true,"href":"https:\/\/blogsaverroes.juntadeandalucia.es\/colegiolanoria\/wp-json\/wp\/v2\/users\/6344"}],"replies":[{"embeddable":true,"href":"https:\/\/blogsaverroes.juntadeandalucia.es\/colegiolanoria\/wp-json\/wp\/v2\/comments?post=2862"}],"version-history":[{"count":21,"href":"https:\/\/blogsaverroes.juntadeandalucia.es\/colegiolanoria\/wp-json\/wp\/v2\/pages\/2862\/revisions"}],"predecessor-version":[{"id":3034,"href":"https:\/\/blogsaverroes.juntadeandalucia.es\/colegiolanoria\/wp-json\/wp\/v2\/pages\/2862\/revisions\/3034"}],"wp:featuredmedia":[{"embeddable":true,"href":"https:\/\/blogsaverroes.juntadeandalucia.es\/colegiolanoria\/wp-json\/wp\/v2\/media\/2867"}],"wp:attachment":[{"href":"https:\/\/blogsaverroes.juntadeandalucia.es\/colegiolanoria\/wp-json\/wp\/v2\/media?parent=2862"}],"curies":[{"name":"wp","href":"https:\/\/api.w.org\/{rel}","templated":true}]}}

<p>Este proyecto surge desde el <strong>Proyecto de Dirección (2020)</strong>, que determinaba <em>el cambio en los espacios del centro</em> (OBJ 3) y el uso de <em>las metodologías innovadoras y basadas en la neurodidáctica</em> (OBJ 4).</p>
<p>El <strong>aula del futuro</strong> es un espacio divido en zonas de aprendizaje, presenta un cambio de paradigma en la enseñanza y obliga al uso de metodologías innovadoras. El alumno tiene un papel activo y se le presenta distintas situaciones para aprender. En el curso 22-23 conseguimos la insignia como Centro del aula del futuro de INTEF.</p>
<p><a href="https://blogsaverroes.juntadeandalucia.es/colegiolanoria/files/2022/05/Diseño_con-zonas_con-verbos.png"><br />
</a><img loading="lazy" decoding="async" class="size-medium wp-image-2863 alignleft" src="https://blogsaverroes.juntadeandalucia.es/colegiolanoria/files/2022/05/Diseño_con-zonas_con-verbos-300x200.png" alt="" width="300" height="200" srcset="https://blogsaverroes.juntadeandalucia.es/colegiolanoria/files/2022/05/Diseño_con-zonas_con-verbos-300x200.png 300w, https://blogsaverroes.juntadeandalucia.es/colegiolanoria/files/2022/05/Diseño_con-zonas_con-verbos-1024x683.png 1024w, https://blogsaverroes.juntadeandalucia.es/colegiolanoria/files/2022/05/Diseño_con-zonas_con-verbos-768x513.png 768w, https://blogsaverroes.juntadeandalucia.es/colegiolanoria/files/2022/05/Diseño_con-zonas_con-verbos-1536x1025.png 1536w, https://blogsaverroes.juntadeandalucia.es/colegiolanoria/files/2022/05/Diseño_con-zonas_con-verbos-2048x1367.png 2048w, https://blogsaverroes.juntadeandalucia.es/colegiolanoria/files/2022/05/Diseño_con-zonas_con-verbos-700x467.png 700w, https://blogsaverroes.juntadeandalucia.es/colegiolanoria/files/2022/05/Diseño_con-zonas_con-verbos.png 1600w" sizes="(max-width: 300px) 100vw, 300px" /><a href="https://blogsaverroes.juntadeandalucia.es/colegiolanoria/files/2022/12/insignia-AdF-22.png" rel="prettyPhoto[2862]"><img loading="lazy" decoding="async" class=" wp-image-2971 alignnone" src="https://blogsaverroes.juntadeandalucia.es/colegiolanoria/files/2022/12/insignia-AdF-22-300x300.png" alt="" width="205" height="205" srcset="https://blogsaverroes.juntadeandalucia.es/colegiolanoria/files/2022/12/insignia-AdF-22-300x300.png 300w, https://blogsaverroes.juntadeandalucia.es/colegiolanoria/files/2022/12/insignia-AdF-22-150x150.png 150w, https://blogsaverroes.juntadeandalucia.es/colegiolanoria/files/2022/12/insignia-AdF-22-268x268.png 268w, https://blogsaverroes.juntadeandalucia.es/colegiolanoria/files/2022/12/insignia-AdF-22.png 350w" sizes="(max-width: 205px) 100vw, 205px" /></a></p>
<h3>PROYECTO</h3>
<p><a href="https://blogsaverroes.juntadeandalucia.es/colegiolanoria/files/2022/05/20220425_180023-scaled.jpg" rel="prettyPhoto[2862]"><img loading="lazy" decoding="async" class="aligncenter wp-image-2868 size-large" src="https://blogsaverroes.juntadeandalucia.es/colegiolanoria/files/2022/05/20220425_180023-1024x485.jpg" alt="" width="660" height="313" srcset="https://blogsaverroes.juntadeandalucia.es/colegiolanoria/files/2022/05/20220425_180023-1024x485.jpg 1024w, https://blogsaverroes.juntadeandalucia.es/colegiolanoria/files/2022/05/20220425_180023-300x142.jpg 300w, https://blogsaverroes.juntadeandalucia.es/colegiolanoria/files/2022/05/20220425_180023-768x364.jpg 768w, https://blogsaverroes.juntadeandalucia.es/colegiolanoria/files/2022/05/20220425_180023-1536x728.jpg 1536w, https://blogsaverroes.juntadeandalucia.es/colegiolanoria/files/2022/05/20220425_180023-2048x971.jpg 2048w, https://blogsaverroes.juntadeandalucia.es/colegiolanoria/files/2022/05/20220425_180023-700x332.jpg 700w, https://blogsaverroes.juntadeandalucia.es/colegiolanoria/files/2022/05/20220425_180023-scaled.jpg 1600w" sizes="(max-width: 660px) 100vw, 660px" /></a></p>
<p>Una vez con el Claustro decidido mayoritariamente a favor de producir estos cambios, tanto en la manera de enseñar como en la forma de aprender, lo siguiente fue la formación a través de INTEF y&nbsp; European <span style="font-family: 'Open Sans', sans-serif;font-size: 15px;font-style: normal;font-weight: 400">Schoolnet Academy que ayudó a ver los espacios como un medio para conseguir estos procesos. Durante el curso 21-22 se elaboró un proyecto de innovación que la Junta de Andalucía aprobó para ejecutar durante el curso 22-23.</span></p>
<p>Posteriormente se elaboró un borrador de lo que queríamos hacer.</p>
<h3><a href="https://blogsaverroes.juntadeandalucia.es/colegiolanoria/files/2022/05/aula-del-futuro.png" rel="prettyPhoto[2862]"><img loading="lazy" decoding="async" class="aligncenter size-medium wp-image-2869" src="https://blogsaverroes.juntadeandalucia.es/colegiolanoria/files/2022/05/aula-del-futuro-300x149.png" alt="" width="300" height="149" srcset="https://blogsaverroes.juntadeandalucia.es/colegiolanoria/files/2022/05/aula-del-futuro-300x149.png 300w, https://blogsaverroes.juntadeandalucia.es/colegiolanoria/files/2022/05/aula-del-futuro-1024x508.png 1024w, https://blogsaverroes.juntadeandalucia.es/colegiolanoria/files/2022/05/aula-del-futuro-768x381.png 768w, https://blogsaverroes.juntadeandalucia.es/colegiolanoria/files/2022/05/aula-del-futuro-700x347.png 700w, https://blogsaverroes.juntadeandalucia.es/colegiolanoria/files/2022/05/aula-del-futuro.png 1095w" sizes="(max-width: 300px) 100vw, 300px" /></a></h3>
<h3>TRANSFORMACIÓN</h3>
<p>En primer lugar se localizó los espacios donde íbamos a producir la transformación de lo tradicional hacia lo heterodoxo.&nbsp;</p>
<h5>ANTES DE LA TRANSFORMACIÓN</h5>
ngg_shortcode_0_placeholder
<h5>DURANTE LA TRANSFORMACIÓN</h5>
<p>Poco a poco se fueron haciendo mejoras en los distintos espacios y adecuándolos a las zonas de aprendizaje propias del aula del futuro.</p>
ngg_shortcode_1_placeholder
<h5>DESPUÉS DE LA TRANSFORMACIÓN</h5>
<p>Finalmente se culminó con un AdF, con todo lo que ello conlleva, incluido cambios metodológicos y en la manera de enseñar. El AdF no deja de ser un camino que debemos construir entre todos, teniendo el objetivo de ir mejorando, dotándolo y actualizándolo con el transcurso de los años.</p>
ngg_shortcode_2_placeholder
<h4>ACTIVIDADES</h4>
ngg_shortcode_3_placeholder

<p>Este proyecto surge desde el Proyecto de Dirección (2020), que determinaba el cambio en los espacios del centro (OBJ 3) y el uso de las metodologías innovadoras y basadas en la neurodidáctica (OBJ 4). El aula del futuro es un espacio divido en zonas de aprendizaje, presenta un cambio de paradigma en la enseñanza y [&hellip;]</p>
