{"id":35,"date":"2015-03-13T08:21:43","date_gmt":"2015-03-13T08:21:43","guid":{"rendered":"http:\/\/blogsaverroes.juntadeandalucia.es\/pre\/ceip\/?page_id=35"},"modified":"2018-06-11T09:55:54","modified_gmt":"2018-06-11T09:55:54","slug":"el-centro-2","status":"publish","type":"page","link":"https:\/\/blogsaverroes.juntadeandalucia.es\/colegiolanoria\/el-centro-2\/","title":{"rendered":"Datos del centro"},"content":{"rendered":"<p><iframe loading=\"lazy\" src=\"https:\/\/www.google.com\/maps\/embed?pb=!1m18!1m12!1m3!1d3197.5391819866763!2d-3.701253485417722!3d36.73362707914539!2m3!1f0!2f0!3f0!3m2!1i1024!2i768!4f13.1!3m3!1m2!1s0xd7188867e678aff%3A0x17f4f521a76a3ae0!2sColegio+P%C3%BAblico+La+Noria!5e0!3m2!1ses!2sus!4v1527950786471\" width=\"600\" height=\"450\" frameborder=\"0\"><\/iframe><\/p>\n<h4><strong>Datos de contacto<\/strong><\/h4>\n<p>CEIP La Noria<\/p>\n<p><strong>Direcci\u00f3n:<\/strong>&nbsp; Av. Amelia S\u00e1nchez de Alc\u00e1zar, 8. Almu\u00f1\u00e9car (18690), Granada.<\/p>\n<p><strong>Tel\u00e9fono: <\/strong>958 64 95 79. <strong>Corporativo:<\/strong> 199579<br \/>\n<strong>Email:<\/strong> 18601205.edu@juntadeandalucia.es<\/p>\n<h4><strong>Horarios<\/strong><\/h4>\n<p><span style=\"font-family: 'Open Sans', sans-serif;font-size: 15px;font-style: normal;font-weight: 400\">Aula matinal: 7.30 a 9.00<\/span><\/p>\n<p>El horario de apertura del centro: es de 9.00 a 14.00.<\/p>\n<p>Comedor escolar: 14.00 a 16.00<\/p>\n<p>Actividades extraescolares: de lunes a jueves de 16.00 hasta 19.00.<\/p>\n<pre><em>\u2217Pueden estar sujetas a modificaciones.<\/em><\/pre>\n<p><strong style=\"font-family: Oswald, sans-serif;font-size: 18px;letter-spacing: 1px\">Oferta educativa<\/strong><\/p>\n<p>Disponemos de Educaci\u00f3n Infantil (3-5 a\u00f1os) y Primaria (6-12 a\u00f1os).<\/p>\n<p>&nbsp;<\/p>\n","protected":false},"excerpt":{"rendered":"<p>Datos de contacto CEIP La Noria Direcci\u00f3n:&nbsp; Av. Amelia S\u00e1nchez de Alc\u00e1zar, 8. Almu\u00f1\u00e9car (18690), Granada. Tel\u00e9fono: 958 64 95 79. Corporativo: 199579 Email: 18601205.edu@juntadeandalucia.es Horarios Aula matinal: 7.30 a 9.00 El horario de apertura del centro: es de 9.00 a 14.00. Comedor escolar: 14.00 a 16.00 Actividades extraescolares: de lunes a jueves de 16.00 [&hellip;]<\/p>\n","protected":false},"author":1,"featured_media":0,"parent":0,"menu_order":0,"comment_status":"closed","ping_status":"open","template":"","meta":{"ngg_post_thumbnail":0,"footnotes":"","_mc_calendar":[]},"aioseo_notices":[],"_links":{"self":[{"href":"https:\/\/blogsaverroes.juntadeandalucia.es\/colegiolanoria\/wp-json\/wp\/v2\/pages\/35"}],"collection":[{"href":"https:\/\/blogsaverroes.juntadeandalucia.es\/colegiolanoria\/wp-json\/wp\/v2\/pages"}],"about":[{"href":"https:\/\/blogsaverroes.juntadeandalucia.es\/colegiolanoria\/wp-json\/wp\/v2\/types\/page"}],"author":[{"embeddable":true,"href":"https:\/\/blogsaverroes.juntadeandalucia.es\/colegiolanoria\/wp-json\/wp\/v2\/users\/1"}],"replies":[{"embeddable":true,"href":"https:\/\/blogsaverroes.juntadeandalucia.es\/colegiolanoria\/wp-json\/wp\/v2\/comments?post=35"}],"version-history":[{"count":13,"href":"https:\/\/blogsaverroes.juntadeandalucia.es\/colegiolanoria\/wp-json\/wp\/v2\/pages\/35\/revisions"}],"predecessor-version":[{"id":2432,"href":"https:\/\/blogsaverroes.juntadeandalucia.es\/colegiolanoria\/wp-json\/wp\/v2\/pages\/35\/revisions\/2432"}],"wp:attachment":[{"href":"https:\/\/blogsaverroes.juntadeandalucia.es\/colegiolanoria\/wp-json\/wp\/v2\/media?parent=35"}],"curies":[{"name":"wp","href":"https:\/\/api.w.org\/{rel}","templated":true}]}}