{"id":99,"date":"2015-03-16T07:22:54","date_gmt":"2015-03-16T07:22:54","guid":{"rendered":"http:\/\/blogsaverroes.juntadeandalucia.es\/pre\/ceip\/?page_id=99"},"modified":"2025-10-23T09:26:51","modified_gmt":"2025-10-23T09:26:51","slug":"comedor-escolar","status":"publish","type":"page","link":"https:\/\/blogsaverroes.juntadeandalucia.es\/colegiolanoria\/comedor-escolar\/","title":{"rendered":"Comedor escolar"},"content":{"rendered":"<h4><a href=\"https:\/\/blogsaverroes.juntadeandalucia.es\/colegiolanoria\/files\/2015\/03\/comedor.jpg\" rel=\"prettyPhoto[99]\"><img loading=\"lazy\" decoding=\"async\" class=\"size-medium wp-image-2455 aligncenter\" src=\"https:\/\/blogsaverroes.juntadeandalucia.es\/colegiolanoria\/files\/2015\/03\/comedor-300x224.jpg\" alt=\"\" width=\"300\" height=\"224\" srcset=\"https:\/\/blogsaverroes.juntadeandalucia.es\/colegiolanoria\/files\/2015\/03\/comedor-300x224.jpg 300w, https:\/\/blogsaverroes.juntadeandalucia.es\/colegiolanoria\/files\/2015\/03\/comedor-768x574.jpg 768w, https:\/\/blogsaverroes.juntadeandalucia.es\/colegiolanoria\/files\/2015\/03\/comedor-700x523.jpg 700w, https:\/\/blogsaverroes.juntadeandalucia.es\/colegiolanoria\/files\/2015\/03\/comedor-24x18.jpg 24w, https:\/\/blogsaverroes.juntadeandalucia.es\/colegiolanoria\/files\/2015\/03\/comedor-36x27.jpg 36w, https:\/\/blogsaverroes.juntadeandalucia.es\/colegiolanoria\/files\/2015\/03\/comedor-48x36.jpg 48w, https:\/\/blogsaverroes.juntadeandalucia.es\/colegiolanoria\/files\/2015\/03\/comedor.jpg 960w\" sizes=\"(max-width: 300px) 100vw, 300px\" \/>EMPRESA CONCESIONARIA<\/a><\/h4>\n<h4><a href=\"https:\/\/blogsaverroes.juntadeandalucia.es\/colegiolanoria\/files\/2025\/10\/norma-comedor.png\" rel=\"prettyPhoto[99]\"><img loading=\"lazy\" decoding=\"async\" class=\"aligncenter wp-image-3093 size-full\" src=\"https:\/\/blogsaverroes.juntadeandalucia.es\/colegiolanoria\/files\/2025\/10\/norma-comedor.png\" alt=\"\" width=\"821\" height=\"560\" srcset=\"https:\/\/blogsaverroes.juntadeandalucia.es\/colegiolanoria\/files\/2025\/10\/norma-comedor.png 821w, https:\/\/blogsaverroes.juntadeandalucia.es\/colegiolanoria\/files\/2025\/10\/norma-comedor-300x205.png 300w, https:\/\/blogsaverroes.juntadeandalucia.es\/colegiolanoria\/files\/2025\/10\/norma-comedor-768x524.png 768w\" sizes=\"(max-width: 821px) 100vw, 821px\" \/><\/a><\/h4>\n<h4>Informaci\u00f3n sobre el comedor escolar<\/h4>\n<h4>&nbsp;<\/h4>\n<p>Los comedores escolares son un servicio complementario que resulta de gran utilidad a padres y madres para ayudarles a&nbsp;conciliar la vida laboral y familiar. Tienen una duraci\u00f3n de hasta dos horas desde que acaba la jornada escolar de la ma\u00f1ana (de 14.00 a 16.00 horas).<\/p>\n<p>Los comedores son adem\u00e1s una pieza importante&nbsp;en todas las medidas dirigidas a mejorar los h\u00e1bitos alimenticios de los ni\u00f1os y ni\u00f1as y prevenir problemas de salud como la obesidad.<\/p>\n<p>Los comedores escolares de los centros p\u00fablicos andaluces promueven una alimentaci\u00f3n saludable que est\u00e1 supervisada por nutricionistas y que, entre otros aspectos, se caracteriza por:<\/p>\n<p style=\"padding-left: 60px\">Una mayor proporci\u00f3n de verdura en los men\u00fas<\/p>\n<p style=\"padding-left: 60px\">Fruta fresca como postre al menos cuatro d\u00edas a la semana<\/p>\n<p style=\"padding-left: 60px\">Uso de aceite de oliva virgen extra<\/p>\n<p style=\"padding-left: 60px\">M\u00e1s pescado que carne, que debe ser magra<\/p>\n<p style=\"padding-left: 60px\">Prohibici\u00f3n de los alimentos precocinados y limitaci\u00f3n de los fritos<\/p>\n<p style=\"padding-left: 60px\">Apuesta por la dieta mediterr\u00e1nea y los productos ecol\u00f3gicos<\/p>\n<p><span style=\"color: #008000\">Solicita en nuestra Secretar\u00eda la documentaci\u00f3n para inscribirte, te informaremos de las becas que puedes solicitar.<\/span><\/p>\n<h6><em>EL PRECIO DEL D\u00cdA DEL COMEDOR SIN BONIFICACI\u00d3N ES DE 5.54 \u20ac<\/em><\/h6>\n<p>&nbsp;<\/p>\n","protected":false},"excerpt":{"rendered":"<p>EMPRESA CONCESIONARIA Informaci\u00f3n sobre el comedor escolar &nbsp; Los comedores escolares son un servicio complementario que resulta de gran utilidad a padres y madres para ayudarles a&nbsp;conciliar la vida laboral y familiar. Tienen una duraci\u00f3n de hasta dos horas desde que acaba la jornada escolar de la ma\u00f1ana (de 14.00 a 16.00 horas). Los comedores [&hellip;]<\/p>\n","protected":false},"author":1,"featured_media":0,"parent":0,"menu_order":0,"comment_status":"closed","ping_status":"open","template":"","meta":{"ngg_post_thumbnail":0,"footnotes":"","_mc_calendar":[]},"aioseo_notices":[],"_links":{"self":[{"href":"https:\/\/blogsaverroes.juntadeandalucia.es\/colegiolanoria\/wp-json\/wp\/v2\/pages\/99"}],"collection":[{"href":"https:\/\/blogsaverroes.juntadeandalucia.es\/colegiolanoria\/wp-json\/wp\/v2\/pages"}],"about":[{"href":"https:\/\/blogsaverroes.juntadeandalucia.es\/colegiolanoria\/wp-json\/wp\/v2\/types\/page"}],"author":[{"embeddable":true,"href":"https:\/\/blogsaverroes.juntadeandalucia.es\/colegiolanoria\/wp-json\/wp\/v2\/users\/1"}],"replies":[{"embeddable":true,"href":"https:\/\/blogsaverroes.juntadeandalucia.es\/colegiolanoria\/wp-json\/wp\/v2\/comments?post=99"}],"version-history":[{"count":12,"href":"https:\/\/blogsaverroes.juntadeandalucia.es\/colegiolanoria\/wp-json\/wp\/v2\/pages\/99\/revisions"}],"predecessor-version":[{"id":2797,"href":"https:\/\/blogsaverroes.juntadeandalucia.es\/colegiolanoria\/wp-json\/wp\/v2\/pages\/99\/revisions\/2797"}],"wp:attachment":[{"href":"https:\/\/blogsaverroes.juntadeandalucia.es\/colegiolanoria\/wp-json\/wp\/v2\/media?parent=99"}],"curies":[{"name":"wp","href":"https:\/\/api.w.org\/{rel}","templated":true}]}}