{"id":77,"date":"2015-03-16T06:54:56","date_gmt":"2015-03-16T06:54:56","guid":{"rendered":"http:\/\/blogsaverroes.juntadeandalucia.es\/pre\/ceip\/?page_id=77"},"modified":"2026-02-17T11:26:17","modified_gmt":"2026-02-17T11:26:17","slug":"secretaria","status":"publish","type":"page","link":"https:\/\/blogsaverroes.juntadeandalucia.es\/colegiolapaloma\/secretaria\/","title":{"rendered":"Secretar\u00eda"},"content":{"rendered":"<p>&nbsp;<\/p>\n<p><img loading=\"lazy\" decoding=\"async\" class=\"size-medium wp-image-2798 aligncenter\" src=\"https:\/\/blogsaverroes.juntadeandalucia.es\/colegiolapaloma\/files\/2015\/03\/secretara-300x87.jpg\" alt=\"\" width=\"300\" height=\"87\" srcset=\"https:\/\/blogsaverroes.juntadeandalucia.es\/colegiolapaloma\/files\/2015\/03\/secretara-300x87.jpg 300w, https:\/\/blogsaverroes.juntadeandalucia.es\/colegiolapaloma\/files\/2015\/03\/secretara-768x223.jpg 768w, https:\/\/blogsaverroes.juntadeandalucia.es\/colegiolapaloma\/files\/2015\/03\/secretara-700x203.jpg 700w, https:\/\/blogsaverroes.juntadeandalucia.es\/colegiolapaloma\/files\/2015\/03\/secretara-24x7.jpg 24w, https:\/\/blogsaverroes.juntadeandalucia.es\/colegiolapaloma\/files\/2015\/03\/secretara-36x10.jpg 36w, https:\/\/blogsaverroes.juntadeandalucia.es\/colegiolapaloma\/files\/2015\/03\/secretara-48x14.jpg 48w, https:\/\/blogsaverroes.juntadeandalucia.es\/colegiolapaloma\/files\/2015\/03\/secretara.jpg 813w\" sizes=\"(max-width: 300px) 100vw, 300px\" \/><\/p>\n<h4 style=\"text-align: center\"><img loading=\"lazy\" decoding=\"async\" class=\"size-medium wp-image-2910 aligncenter\" src=\"https:\/\/blogsaverroes.juntadeandalucia.es\/colegiolapaloma\/files\/2015\/03\/barra-separadora-1-300x54.gif\" alt=\"\" width=\"300\" height=\"54\" srcset=\"https:\/\/blogsaverroes.juntadeandalucia.es\/colegiolapaloma\/files\/2015\/03\/barra-separadora-1-300x54.gif 300w, https:\/\/blogsaverroes.juntadeandalucia.es\/colegiolapaloma\/files\/2015\/03\/barra-separadora-1-24x4.gif 24w, https:\/\/blogsaverroes.juntadeandalucia.es\/colegiolapaloma\/files\/2015\/03\/barra-separadora-1-36x6.gif 36w, https:\/\/blogsaverroes.juntadeandalucia.es\/colegiolapaloma\/files\/2015\/03\/barra-separadora-1-48x9.gif 48w\" sizes=\"(max-width: 300px) 100vw, 300px\" \/>&nbsp;&nbsp;<\/h4>\n<p>&nbsp;<\/p>\n<h2><strong><span style=\"text-decoration: underline\">DOCUMENTOS:<\/span><\/strong><\/h2>\n<ul>\n<li style=\"text-align: center\">\n<h4><strong><a href=\"https:\/\/blogsaverroes.juntadeandalucia.es\/colegiolapaloma\/files\/2015\/03\/justificacion-faltas-asistencia.pdf\">Justificaci\u00f3n de las faltas de asistencia<\/a><\/strong><\/h4>\n<\/li>\n<li style=\"text-align: center\">\n<h4><strong><a href=\"https:\/\/blogsaverroes.juntadeandalucia.es\/colegiolapaloma\/files\/2018\/05\/Impreso-Autorizaci\u00f3n-Im\u00e1genes.pdf\">IMPRESO AUTORIZACI\u00d3N DE IM\u00c1GENES<\/a><\/strong><\/h4>\n<p><img loading=\"lazy\" decoding=\"async\" class=\"alignnone size-medium wp-image-2911\" src=\"https:\/\/blogsaverroes.juntadeandalucia.es\/colegiolapaloma\/files\/2015\/03\/barra-separadora_medios-1-300x53.gif\" alt=\"\" width=\"300\" height=\"53\" srcset=\"https:\/\/blogsaverroes.juntadeandalucia.es\/colegiolapaloma\/files\/2015\/03\/barra-separadora_medios-1-300x53.gif 300w, https:\/\/blogsaverroes.juntadeandalucia.es\/colegiolapaloma\/files\/2015\/03\/barra-separadora_medios-1-700x123.gif 700w, https:\/\/blogsaverroes.juntadeandalucia.es\/colegiolapaloma\/files\/2015\/03\/barra-separadora_medios-1-24x4.gif 24w, https:\/\/blogsaverroes.juntadeandalucia.es\/colegiolapaloma\/files\/2015\/03\/barra-separadora_medios-1-36x6.gif 36w, https:\/\/blogsaverroes.juntadeandalucia.es\/colegiolapaloma\/files\/2015\/03\/barra-separadora_medios-1-48x8.gif 48w\" sizes=\"(max-width: 300px) 100vw, 300px\" \/><\/li>\n<\/ul>\n","protected":false},"excerpt":{"rendered":"<p>&nbsp; &nbsp;&nbsp; &nbsp; DOCUMENTOS: Justificaci\u00f3n de las faltas de asistencia IMPRESO AUTORIZACI\u00d3N DE IM\u00c1GENES<\/p>\n","protected":false},"author":1,"featured_media":0,"parent":0,"menu_order":0,"comment_status":"closed","ping_status":"open","template":"","meta":{"ngg_post_thumbnail":0,"footnotes":"","_mc_calendar":[]},"aioseo_notices":[],"_links":{"self":[{"href":"https:\/\/blogsaverroes.juntadeandalucia.es\/colegiolapaloma\/wp-json\/wp\/v2\/pages\/77"}],"collection":[{"href":"https:\/\/blogsaverroes.juntadeandalucia.es\/colegiolapaloma\/wp-json\/wp\/v2\/pages"}],"about":[{"href":"https:\/\/blogsaverroes.juntadeandalucia.es\/colegiolapaloma\/wp-json\/wp\/v2\/types\/page"}],"author":[{"embeddable":true,"href":"https:\/\/blogsaverroes.juntadeandalucia.es\/colegiolapaloma\/wp-json\/wp\/v2\/users\/1"}],"replies":[{"embeddable":true,"href":"https:\/\/blogsaverroes.juntadeandalucia.es\/colegiolapaloma\/wp-json\/wp\/v2\/comments?post=77"}],"version-history":[{"count":33,"href":"https:\/\/blogsaverroes.juntadeandalucia.es\/colegiolapaloma\/wp-json\/wp\/v2\/pages\/77\/revisions"}],"predecessor-version":[{"id":2796,"href":"https:\/\/blogsaverroes.juntadeandalucia.es\/colegiolapaloma\/wp-json\/wp\/v2\/pages\/77\/revisions\/2796"}],"wp:attachment":[{"href":"https:\/\/blogsaverroes.juntadeandalucia.es\/colegiolapaloma\/wp-json\/wp\/v2\/media?parent=77"}],"curies":[{"name":"wp","href":"https:\/\/api.w.org\/{rel}","templated":true}]}}