{"id":301,"date":"2020-02-12T08:22:12","date_gmt":"2020-02-12T07:22:12","guid":{"rendered":"http:\/\/blogsaverroes.juntadeandalucia.es\/pre\/nuevoies2v2\/?page_id=301"},"modified":"2023-11-24T17:37:46","modified_gmt":"2023-11-24T16:37:46","slug":"novedades","status":"publish","type":"page","link":"https:\/\/blogsaverroes.juntadeandalucia.es\/colegiopadremanjon\/novedades\/","title":{"rendered":"Actividades del centro"},"content":{"rendered":"<div class=\"pt-cv-wrapper et_smooth_scroll_disabled\"><div class=\"pt-cv-view pt-cv-grid pt-cv-colsys\" id=\"pt-cv-view-4efd38bw9f\"><div data-id=\"pt-cv-page-1\" class=\"pt-cv-page\" data-cvc=\"3\"><div class=\"col-md-4 col-sm-6 col-xs-12 pt-cv-content-item pt-cv-1-col\" ><div class='pt-cv-ifield'><a href=\"https:\/\/blogsaverroes.juntadeandalucia.es\/colegiopadremanjon\/dia-del-autismo\/\" class=\"_self pt-cv-href-thumbnail pt-cv-thumb-default\" target=\"_self\" ><\/a>\n<h4 class=\"pt-cv-title\"><a href=\"https:\/\/blogsaverroes.juntadeandalucia.es\/colegiopadremanjon\/dia-del-autismo\/\" class=\"_self\" target=\"_self\" >D\u00eda del Aut\u00edsmo.<\/a><\/h4>\n<div class=\"pt-cv-content\">Durante la semana en clase se ha trabajado en las aulas con todo el alumnado, ...<br \/><div class=\"pt-cv-rmwrap\"><a href=\"https:\/\/blogsaverroes.juntadeandalucia.es\/colegiopadremanjon\/dia-del-autismo\/\" class=\"_self pt-cv-readmore btn btn-success\" target=\"_self\">Leer M\u00e1s<\/a><\/div><\/div><\/div><\/div>\n<div class=\"col-md-4 col-sm-6 col-xs-12 pt-cv-content-item pt-cv-1-col\" ><div class='pt-cv-ifield'><a href=\"https:\/\/blogsaverroes.juntadeandalucia.es\/colegiopadremanjon\/heroes-hasta-la-medula\/\" class=\"_self pt-cv-href-thumbnail pt-cv-thumb-default\" target=\"_self\" ><img loading=\"lazy\" decoding=\"async\" width=\"400\" height=\"250\" src=\"https:\/\/blogsaverroes.juntadeandalucia.es\/colegiopadremanjon\/files\/2025\/03\/copia-400x250.jpg\" class=\"pt-cv-thumbnail\" alt=\"\" \/><\/a>\n<h4 class=\"pt-cv-title\"><a href=\"https:\/\/blogsaverroes.juntadeandalucia.es\/colegiopadremanjon\/heroes-hasta-la-medula\/\" class=\"_self\" target=\"_self\" >H\u00e9roes hasta la m\u00e9dula<\/a><\/h4>\n<div class=\"pt-cv-content\">El pasado 13 de Marzo nuestro colegio por medio de nuestra secretaria In\u00e9s hizo entrega ...<br \/><div class=\"pt-cv-rmwrap\"><a href=\"https:\/\/blogsaverroes.juntadeandalucia.es\/colegiopadremanjon\/heroes-hasta-la-medula\/\" class=\"_self pt-cv-readmore btn btn-success\" target=\"_self\">Leer M\u00e1s<\/a><\/div><\/div><\/div><\/div>\n<div class=\"col-md-4 col-sm-6 col-xs-12 pt-cv-content-item pt-cv-1-col\" ><div class='pt-cv-ifield'><a href=\"https:\/\/blogsaverroes.juntadeandalucia.es\/colegiopadremanjon\/carnaval-2025\/\" class=\"_self pt-cv-href-thumbnail pt-cv-thumb-default\" target=\"_self\" ><img loading=\"lazy\" decoding=\"async\" width=\"400\" height=\"250\" src=\"https:\/\/blogsaverroes.juntadeandalucia.es\/colegiopadremanjon\/files\/2025\/03\/1741461348928-e1741461543587-400x250.jpg\" class=\"pt-cv-thumbnail\" alt=\"\" srcset=\"https:\/\/blogsaverroes.juntadeandalucia.es\/colegiopadremanjon\/files\/2025\/03\/1741461348928-e1741461543587-400x250.jpg 400w, https:\/\/blogsaverroes.juntadeandalucia.es\/colegiopadremanjon\/files\/2025\/03\/1741461348928-e1741461543587-1080x675.jpg 1080w\" sizes=\"(max-width: 400px) 100vw, 400px\" \/><\/a>\n<h4 class=\"pt-cv-title\"><a href=\"https:\/\/blogsaverroes.juntadeandalucia.es\/colegiopadremanjon\/carnaval-2025\/\" class=\"_self\" target=\"_self\" >CARNAVAL 2025<\/a><\/h4>\n<div class=\"pt-cv-content\">El 26 de febrero celebramos la fiesta de Carnaval en el colegio. Este a\u00f1o lo ...<br \/><div class=\"pt-cv-rmwrap\"><a href=\"https:\/\/blogsaverroes.juntadeandalucia.es\/colegiopadremanjon\/carnaval-2025\/\" class=\"_self pt-cv-readmore btn btn-success\" target=\"_self\">Leer M\u00e1s<\/a><\/div><\/div><\/div><\/div>\n<div class=\"col-md-4 col-sm-6 col-xs-12 pt-cv-content-item pt-cv-1-col\" ><div class='pt-cv-ifield'><a href=\"https:\/\/blogsaverroes.juntadeandalucia.es\/colegiopadremanjon\/feria-de-la-ciencia\/\" class=\"_self pt-cv-href-thumbnail pt-cv-thumb-default\" target=\"_self\" ><\/a>\n<h4 class=\"pt-cv-title\"><a href=\"https:\/\/blogsaverroes.juntadeandalucia.es\/colegiopadremanjon\/feria-de-la-ciencia\/\" class=\"_self\" target=\"_self\" >FERIA DE LA CIENCIA<\/a><\/h4>\n<div class=\"pt-cv-content\">El viernes 14 de febrero celebramos en nuestro cole la primera Feria de la Ciencia ...<br \/><div class=\"pt-cv-rmwrap\"><a href=\"https:\/\/blogsaverroes.juntadeandalucia.es\/colegiopadremanjon\/feria-de-la-ciencia\/\" class=\"_self pt-cv-readmore btn btn-success\" target=\"_self\">Leer M\u00e1s<\/a><\/div><\/div><\/div><\/div>\n<div class=\"col-md-4 col-sm-6 col-xs-12 pt-cv-content-item pt-cv-1-col\" ><div class='pt-cv-ifield'><a href=\"https:\/\/blogsaverroes.juntadeandalucia.es\/colegiopadremanjon\/dia-de-la-paz-2025\/\" class=\"_self pt-cv-href-thumbnail pt-cv-thumb-default\" target=\"_self\" ><\/a>\n<h4 class=\"pt-cv-title\"><a href=\"https:\/\/blogsaverroes.juntadeandalucia.es\/colegiopadremanjon\/dia-de-la-paz-2025\/\" class=\"_self\" target=\"_self\" >D\u00cdA DE LA PAZ 2025<\/a><\/h4>\n<div class=\"pt-cv-content\">El viernes 31 de enero de 2025 hemos celebrado el D\u00eda de la Paz con ...<br \/><div class=\"pt-cv-rmwrap\"><a href=\"https:\/\/blogsaverroes.juntadeandalucia.es\/colegiopadremanjon\/dia-de-la-paz-2025\/\" class=\"_self pt-cv-readmore btn btn-success\" target=\"_self\">Leer M\u00e1s<\/a><\/div><\/div><\/div><\/div>\n<div class=\"col-md-4 col-sm-6 col-xs-12 pt-cv-content-item pt-cv-1-col\" ><div class='pt-cv-ifield'><a href=\"https:\/\/blogsaverroes.juntadeandalucia.es\/colegiopadremanjon\/dia-de-la-bandera-dia-de-la-constitucion\/\" class=\"_self pt-cv-href-thumbnail pt-cv-thumb-default\" target=\"_self\" ><\/a>\n<h4 class=\"pt-cv-title\"><a href=\"https:\/\/blogsaverroes.juntadeandalucia.es\/colegiopadremanjon\/dia-de-la-bandera-dia-de-la-constitucion\/\" class=\"_self\" target=\"_self\" >D\u00cdA de la BANDERA &#8211; D\u00cdA de la CONSTITUCI\u00d3N<\/a><\/h4>\n<div class=\"pt-cv-content\">El Decreto 541\/2022, de 8 de noviembre, declara oficialmente el 4 de diciembre \"D\u00eda de ...<br \/><div class=\"pt-cv-rmwrap\"><a href=\"https:\/\/blogsaverroes.juntadeandalucia.es\/colegiopadremanjon\/dia-de-la-bandera-dia-de-la-constitucion\/\" class=\"_self pt-cv-readmore btn btn-success\" target=\"_self\">Leer M\u00e1s<\/a><\/div><\/div><\/div><\/div><\/div><\/div>\n<div class=\" pt-cv-pagination-wrapper\"><ul class=\"pt-cv-pagination pt-cv-ajax pagination\" data-totalpages=\"7\" data-currentpage=\"1\" data-sid=\"4efd38bw9f\" data-unid=\"\" data-isblock=\"\" data-postid=\"\"><li class=\"active\"><a href=\"#\">1<\/a><\/li>\n\t<li ><a class=\"\" href=\"https:\/\/blogsaverroes.juntadeandalucia.es\/colegiopadremanjon\/wp-json\/wp\/v2\/pages\/301\/?_page=2\">2<\/a><\/li>\n\t<li ><a class=\"\" href=\"https:\/\/blogsaverroes.juntadeandalucia.es\/colegiopadremanjon\/wp-json\/wp\/v2\/pages\/301\/?_page=3\">3<\/a><\/li>\n\t<li ><a href=\"#\">&hellip;<\/a><\/li>\n\t<li ><a class=\"\" href=\"https:\/\/blogsaverroes.juntadeandalucia.es\/colegiopadremanjon\/wp-json\/wp\/v2\/pages\/301\/?_page=7\">7<\/a><\/li>\n\t<li ><a class=\" \" href=\"https:\/\/blogsaverroes.juntadeandalucia.es\/colegiopadremanjon\/wp-json\/wp\/v2\/pages\/301\/?_page=2\">&rsaquo;<\/a><\/li>\n\t<\/ul><img loading=\"lazy\" decoding=\"async\" width=\"15\" height=\"15\" class=\"pt-cv-spinner\" alt=\"Cargando...\" src=\"data:image\/gif;base64,R0lGODlhDwAPALMPAMrKygwMDJOTkz09PZWVla+vr3p6euTk5M7OzuXl5TMzMwAAAJmZmWZmZszMzP\/\/\/yH\/C05FVFNDQVBFMi4wAwEAAAAh+QQFCgAPACwAAAAADwAPAAAEQvDJaZaZOIcV8iQK8VRX4iTYoAwZ4iCYoAjZ4RxejhVNoT+mRGP4cyF4Pp0N98sBGIBMEMOotl6YZ3S61Bmbkm4mAgAh+QQFCgAPACwAAAAADQANAAAENPDJSRSZeA418itN8QiK8BiLITVsFiyBBIoYqnoewAD4xPw9iY4XLGYSjkQR4UAUD45DLwIAIfkEBQoADwAsAAAAAA8ACQAABC\/wyVlamTi3nSdgwFNdhEJgTJoNyoB9ISYoQmdjiZPcj7EYCAeCF1gEDo4Dz2eIAAAh+QQFCgAPACwCAAAADQANAAAEM\/DJBxiYeLKdX3IJZT1FU0iIg2RNKx3OkZVnZ98ToRD4MyiDnkAh6BkNC0MvsAj0kMpHBAAh+QQFCgAPACwGAAAACQAPAAAEMDC59KpFDll73HkAA2wVY5KgiK5b0RRoI6MuzG6EQqCDMlSGheEhUAgqgUUAFRySIgAh+QQFCgAPACwCAAIADQANAAAEM\/DJKZNLND\/kkKaHc3xk+QAMYDKsiaqmZCxGVjSFFCxB1vwy2oOgIDxuucxAMTAJFAJNBAAh+QQFCgAPACwAAAYADwAJAAAEMNAs86q1yaWwwv2Ig0jUZx3OYa4XoRAfwADXoAwfo1+CIjyFRuEho60aSNYlOPxEAAAh+QQFCgAPACwAAAIADQANAAAENPA9s4y8+IUVcqaWJ4qEQozSoAzoIyhCK2NFU2SJk0hNnyEOhKR2AzAAj4Pj4GE4W0bkJQIAOw==\" \/><div class=\"clear pt-cv-clear-pagination\"><\/div><\/div><\/div>\n","protected":false},"excerpt":{"rendered":"","protected":false},"author":2160,"featured_media":0,"parent":0,"menu_order":0,"comment_status":"closed","ping_status":"closed","template":"","meta":{"_et_pb_use_builder":"","_et_pb_old_content":"","_et_gb_content_width":"","ngg_post_thumbnail":0,"footnotes":""},"aioseo_notices":[],"_links":{"self":[{"href":"https:\/\/blogsaverroes.juntadeandalucia.es\/colegiopadremanjon\/wp-json\/wp\/v2\/pages\/301"}],"collection":[{"href":"https:\/\/blogsaverroes.juntadeandalucia.es\/colegiopadremanjon\/wp-json\/wp\/v2\/pages"}],"about":[{"href":"https:\/\/blogsaverroes.juntadeandalucia.es\/colegiopadremanjon\/wp-json\/wp\/v2\/types\/page"}],"author":[{"embeddable":true,"href":"https:\/\/blogsaverroes.juntadeandalucia.es\/colegiopadremanjon\/wp-json\/wp\/v2\/users\/2160"}],"replies":[{"embeddable":true,"href":"https:\/\/blogsaverroes.juntadeandalucia.es\/colegiopadremanjon\/wp-json\/wp\/v2\/comments?post=301"}],"version-history":[{"count":3,"href":"https:\/\/blogsaverroes.juntadeandalucia.es\/colegiopadremanjon\/wp-json\/wp\/v2\/pages\/301\/revisions"}],"predecessor-version":[{"id":730,"href":"https:\/\/blogsaverroes.juntadeandalucia.es\/colegiopadremanjon\/wp-json\/wp\/v2\/pages\/301\/revisions\/730"}],"wp:attachment":[{"href":"https:\/\/blogsaverroes.juntadeandalucia.es\/colegiopadremanjon\/wp-json\/wp\/v2\/media?parent=301"}],"curies":[{"name":"wp","href":"https:\/\/api.w.org\/{rel}","templated":true}]}}

<div class="pt-cv-wrapper et_smooth_scroll_disabled"><div class="pt-cv-view pt-cv-grid pt-cv-colsys" id="pt-cv-view-4efd38bw9f"><div data-id="pt-cv-page-1" class="pt-cv-page" data-cvc="3"><div class="col-md-4 col-sm-6 col-xs-12 pt-cv-content-item pt-cv-1-col" ><div class='pt-cv-ifield'><a href="https://blogsaverroes.juntadeandalucia.es/colegiopadremanjon/dia-del-autismo/" class="_self pt-cv-href-thumbnail pt-cv-thumb-default" target="_self" ></a>
<h4 class="pt-cv-title"><a href="https://blogsaverroes.juntadeandalucia.es/colegiopadremanjon/dia-del-autismo/" class="_self" target="_self" >Día del Autísmo.</a></h4>
<div class="pt-cv-content">Durante la semana en clase se ha trabajado en las aulas con todo el alumnado, ...<br /><div class="pt-cv-rmwrap"><a href="https://blogsaverroes.juntadeandalucia.es/colegiopadremanjon/dia-del-autismo/" class="_self pt-cv-readmore btn btn-success" target="_self">Leer Más</a></div></div></div></div>
<div class="col-md-4 col-sm-6 col-xs-12 pt-cv-content-item pt-cv-1-col" ><div class='pt-cv-ifield'><a href="https://blogsaverroes.juntadeandalucia.es/colegiopadremanjon/heroes-hasta-la-medula/" class="_self pt-cv-href-thumbnail pt-cv-thumb-default" target="_self" ><img loading="lazy" decoding="async" width="400" height="250" src="https://blogsaverroes.juntadeandalucia.es/colegiopadremanjon/files/2025/03/copia-400x250.jpg" class="pt-cv-thumbnail" alt="" /></a>
<h4 class="pt-cv-title"><a href="https://blogsaverroes.juntadeandalucia.es/colegiopadremanjon/heroes-hasta-la-medula/" class="_self" target="_self" >Héroes hasta la médula</a></h4>
<div class="pt-cv-content">El pasado 13 de Marzo nuestro colegio por medio de nuestra secretaria Inés hizo entrega ...<br /><div class="pt-cv-rmwrap"><a href="https://blogsaverroes.juntadeandalucia.es/colegiopadremanjon/heroes-hasta-la-medula/" class="_self pt-cv-readmore btn btn-success" target="_self">Leer Más</a></div></div></div></div>
<div class="col-md-4 col-sm-6 col-xs-12 pt-cv-content-item pt-cv-1-col" ><div class='pt-cv-ifield'><a href="https://blogsaverroes.juntadeandalucia.es/colegiopadremanjon/carnaval-2025/" class="_self pt-cv-href-thumbnail pt-cv-thumb-default" target="_self" ><img loading="lazy" decoding="async" width="400" height="250" src="https://blogsaverroes.juntadeandalucia.es/colegiopadremanjon/files/2025/03/1741461348928-e1741461543587-400x250.jpg" class="pt-cv-thumbnail" alt="" srcset="https://blogsaverroes.juntadeandalucia.es/colegiopadremanjon/files/2025/03/1741461348928-e1741461543587-400x250.jpg 400w, https://blogsaverroes.juntadeandalucia.es/colegiopadremanjon/files/2025/03/1741461348928-e1741461543587-1080x675.jpg 1080w" sizes="(max-width: 400px) 100vw, 400px" /></a>
<h4 class="pt-cv-title"><a href="https://blogsaverroes.juntadeandalucia.es/colegiopadremanjon/carnaval-2025/" class="_self" target="_self" >CARNAVAL 2025</a></h4>
<div class="pt-cv-content">El 26 de febrero celebramos la fiesta de Carnaval en el colegio. Este año lo ...<br /><div class="pt-cv-rmwrap"><a href="https://blogsaverroes.juntadeandalucia.es/colegiopadremanjon/carnaval-2025/" class="_self pt-cv-readmore btn btn-success" target="_self">Leer Más</a></div></div></div></div>
<div class="col-md-4 col-sm-6 col-xs-12 pt-cv-content-item pt-cv-1-col" ><div class='pt-cv-ifield'><a href="https://blogsaverroes.juntadeandalucia.es/colegiopadremanjon/feria-de-la-ciencia/" class="_self pt-cv-href-thumbnail pt-cv-thumb-default" target="_self" ></a>
<h4 class="pt-cv-title"><a href="https://blogsaverroes.juntadeandalucia.es/colegiopadremanjon/feria-de-la-ciencia/" class="_self" target="_self" >FERIA DE LA CIENCIA</a></h4>
<div class="pt-cv-content">El viernes 14 de febrero celebramos en nuestro cole la primera Feria de la Ciencia ...<br /><div class="pt-cv-rmwrap"><a href="https://blogsaverroes.juntadeandalucia.es/colegiopadremanjon/feria-de-la-ciencia/" class="_self pt-cv-readmore btn btn-success" target="_self">Leer Más</a></div></div></div></div>
<div class="col-md-4 col-sm-6 col-xs-12 pt-cv-content-item pt-cv-1-col" ><div class='pt-cv-ifield'><a href="https://blogsaverroes.juntadeandalucia.es/colegiopadremanjon/dia-de-la-paz-2025/" class="_self pt-cv-href-thumbnail pt-cv-thumb-default" target="_self" ></a>
<h4 class="pt-cv-title"><a href="https://blogsaverroes.juntadeandalucia.es/colegiopadremanjon/dia-de-la-paz-2025/" class="_self" target="_self" >DÍA DE LA PAZ 2025</a></h4>
<div class="pt-cv-content">El viernes 31 de enero de 2025 hemos celebrado el Día de la Paz con ...<br /><div class="pt-cv-rmwrap"><a href="https://blogsaverroes.juntadeandalucia.es/colegiopadremanjon/dia-de-la-paz-2025/" class="_self pt-cv-readmore btn btn-success" target="_self">Leer Más</a></div></div></div></div>
<div class="col-md-4 col-sm-6 col-xs-12 pt-cv-content-item pt-cv-1-col" ><div class='pt-cv-ifield'><a href="https://blogsaverroes.juntadeandalucia.es/colegiopadremanjon/dia-de-la-bandera-dia-de-la-constitucion/" class="_self pt-cv-href-thumbnail pt-cv-thumb-default" target="_self" ></a>
<h4 class="pt-cv-title"><a href="https://blogsaverroes.juntadeandalucia.es/colegiopadremanjon/dia-de-la-bandera-dia-de-la-constitucion/" class="_self" target="_self" >DÍA de la BANDERA &#8211; DÍA de la CONSTITUCIÓN</a></h4>
<div class="pt-cv-content">El Decreto 541/2022, de 8 de noviembre, declara oficialmente el 4 de diciembre "Día de ...<br /><div class="pt-cv-rmwrap"><a href="https://blogsaverroes.juntadeandalucia.es/colegiopadremanjon/dia-de-la-bandera-dia-de-la-constitucion/" class="_self pt-cv-readmore btn btn-success" target="_self">Leer Más</a></div></div></div></div></div></div>
<div class=" pt-cv-pagination-wrapper"><ul class="pt-cv-pagination pt-cv-ajax pagination" data-totalpages="7" data-currentpage="1" data-sid="4efd38bw9f" data-unid="" data-isblock="" data-postid=""><li class="active"><a href="#">1</a></li>
	<li ><a class="" href="https://blogsaverroes.juntadeandalucia.es/colegiopadremanjon/wp-json/wp/v2/pages/301/?_page=2">2</a></li>
	<li ><a class="" href="https://blogsaverroes.juntadeandalucia.es/colegiopadremanjon/wp-json/wp/v2/pages/301/?_page=3">3</a></li>
	<li ><a href="#">&hellip;</a></li>
	<li ><a class="" href="https://blogsaverroes.juntadeandalucia.es/colegiopadremanjon/wp-json/wp/v2/pages/301/?_page=7">7</a></li>
	<li ><a class=" " href="https://blogsaverroes.juntadeandalucia.es/colegiopadremanjon/wp-json/wp/v2/pages/301/?_page=2">&rsaquo;</a></li>
	</ul><img loading="lazy" decoding="async" width="15" height="15" class="pt-cv-spinner" alt="Cargando..." src="data:image/gif;base64,R0lGODlhDwAPALMPAMrKygwMDJOTkz09PZWVla+vr3p6euTk5M7OzuXl5TMzMwAAAJmZmWZmZszMzP///yH/C05FVFNDQVBFMi4wAwEAAAAh+QQFCgAPACwAAAAADwAPAAAEQvDJaZaZOIcV8iQK8VRX4iTYoAwZ4iCYoAjZ4RxejhVNoT+mRGP4cyF4Pp0N98sBGIBMEMOotl6YZ3S61Bmbkm4mAgAh+QQFCgAPACwAAAAADQANAAAENPDJSRSZeA418itN8QiK8BiLITVsFiyBBIoYqnoewAD4xPw9iY4XLGYSjkQR4UAUD45DLwIAIfkEBQoADwAsAAAAAA8ACQAABC/wyVlamTi3nSdgwFNdhEJgTJoNyoB9ISYoQmdjiZPcj7EYCAeCF1gEDo4Dz2eIAAAh+QQFCgAPACwCAAAADQANAAAEM/DJBxiYeLKdX3IJZT1FU0iIg2RNKx3OkZVnZ98ToRD4MyiDnkAh6BkNC0MvsAj0kMpHBAAh+QQFCgAPACwGAAAACQAPAAAEMDC59KpFDll73HkAA2wVY5KgiK5b0RRoI6MuzG6EQqCDMlSGheEhUAgqgUUAFRySIgAh+QQFCgAPACwCAAIADQANAAAEM/DJKZNLND/kkKaHc3xk+QAMYDKsiaqmZCxGVjSFFCxB1vwy2oOgIDxuucxAMTAJFAJNBAAh+QQFCgAPACwAAAYADwAJAAAEMNAs86q1yaWwwv2Ig0jUZx3OYa4XoRAfwADXoAwfo1+CIjyFRuEho60aSNYlOPxEAAAh+QQFCgAPACwAAAIADQANAAAENPA9s4y8+IUVcqaWJ4qEQozSoAzoIyhCK2NFU2SJk0hNnyEOhKR2AzAAj4Pj4GE4W0bkJQIAOw==" /><div class="clear pt-cv-clear-pagination"></div></div></div>
