{"id":39,"date":"2013-09-13T11:44:35","date_gmt":"2013-09-13T11:44:35","guid":{"rendered":"http:\/\/colegiopalomares.com\/?page_id=39"},"modified":"2026-02-03T12:35:43","modified_gmt":"2026-02-03T12:35:43","slug":"proyecto-educativo","status":"publish","type":"page","link":"https:\/\/blogsaverroes.juntadeandalucia.es\/colegiopalomares\/colegio\/proyecto-educativo\/","title":{"rendered":"Programaciones Did\u00e1cticas"},"content":{"rendered":"<p id=\"h.p_ID_32\" class=\"zfr3Q\">Nuestro centro cuenta con un Curriculum&nbsp; adaptado a la realidad de nuestra localidad y alumnado y abierto a toda la Comunidad Educativa. Las familias que lo deseen podr\u00e1n conocer; a trav\u00e9s de estos documentos enlazados, la ense\u00f1anza que sus hijos e hijas est\u00e1n recibiendo.<\/p>\n<h1 style=\"text-align: center\">Curriculum del Ceip \u00abAlarc\u00f3n Fdez de Arellano\u00bb<\/h1>\n<ul>\n<li>\n<h3>Propuestas Pedag\u00f3gicas de Educaci\u00f3n Infantil.<\/h3>\n<\/li>\n<li><a href=\"https:\/\/drive.google.com\/file\/d\/1EHOfn3Zd_I6CKmfcphbfmRjTQu3I6ntL\/view?usp=drive_link\">P. Descubrimiento y exploraci\u00f3n del entorno.<\/a><\/li>\n<li><a href=\"https:\/\/drive.google.com\/file\/d\/1m4VjqQNGeEQVyFpw6VEKvkgHKCt9apkP\/view?usp=drive_link\">P. Crecimiento en Armon\u00eda.<\/a><\/li>\n<li><a href=\"https:\/\/drive.google.com\/file\/d\/1XinqTY6I8yXYq3s1veJBE7cExSIJExAO\/view?usp=drive_link\">P. Comunicaci\u00f3n y Representaci\u00f3n de la Realidad.<\/a><\/li>\n<li><a href=\"https:\/\/drive.google.com\/file\/d\/16MPxD3K8ZWKt30RBNs4OVU4LuCiXoBDK\/view?usp=drive_link\">P. Religi\u00f3n Infantil<\/a>.<\/li>\n<li>\n<h3>Programaciones did\u00e1cticas de Primaria.<\/h3>\n<\/li>\n<li>\n<h6><a href=\"https:\/\/drive.google.com\/file\/d\/1yvPheeq0rABR1a1VDI6CK-koHnVZnLoN\/view?usp=drive_link\">Lengua 1er, 2\u00ba y 3er ciclo.<\/a><\/h6>\n<\/li>\n<li>\n<h6><a href=\"https:\/\/drive.google.com\/file\/d\/15U574_NoZWjFOiZtFXBGyuVhvr214H9V\/view?usp=drive_link\">Matem\u00e1ticas 1er, 2\u00ba y 3er ciclo.<\/a><\/h6>\n<\/li>\n<li>\n<h6><a href=\"https:\/\/drive.google.com\/file\/d\/1jU7LLMcDmDqPTgFbikP0hJYt6sh56UN0\/view?usp=drive_link\">Conocimiento del Medio Natural, Social y Cultural 1er, 2\u00ba y 3er ciclo.<\/a><\/h6>\n<\/li>\n<li>\n<h6><a href=\"https:\/\/drive.google.com\/file\/d\/12QYaFSjcEpAyPazqFA9EKeEPFz-A1ET8\/view?usp=drive_link\">Ingl\u00e9s 1er, 2\u00ba y 3er ciclo.<\/a><\/h6>\n<\/li>\n<li>\n<h6><a href=\"https:\/\/drive.google.com\/file\/d\/16doM6vEQQI2EPN6GCmFHEsCnVwEWto0b\/view?usp=drive_link\">Art\u00edstica 1er, 2\u00ba y 3er ciclo.<\/a><\/h6>\n<\/li>\n<li>\n<h6><a href=\"https:\/\/drive.google.com\/file\/d\/1346L47byeezBAVxwURwvUGF3sZ5GAj3M\/view?usp=drive_link\">Educaci\u00f3n F\u00edsica 1er, 2\u00ba y 3er ciclo.<\/a><\/h6>\n<\/li>\n<li>\n<h6><a href=\"https:\/\/drive.google.com\/file\/d\/1FhsoU-lRqGVmZCFz5Z4Ph1nBzP13E25e\/view?usp=drive_link\">Franc\u00e9s 3er ciclo<\/a><\/h6>\n<\/li>\n<li>\n<h6><a href=\"https:\/\/drive.google.com\/file\/d\/1PX4fpODN59rptxdX3NO2SaJ2soNmokOe\/view?usp=drive_link\">Valores C\u00edvicos&nbsp; Y \u00c9ticos 3er Ciclo<\/a><\/h6>\n<\/li>\n<li>\n<h6><a style=\"font-size: 20px\" href=\"https:\/\/drive.google.com\/file\/d\/1j-yYknVi--MeUiUnx0hlEAfQ008-KUXm\/view?usp=drive_link\">Programaci\u00f3n \u00c1rea de Religi\u00f3n &#8211; Primaria<\/a><\/h6>\n<\/li>\n<\/ul>\n<pre>Anexo a las Programaciones Did\u00e1cticas<\/pre>\n<ul>\n<li>\n<h4><a href=\"https:\/\/drive.google.com\/file\/d\/1WWxA7MkyiUU2EdlSYR59iSeIOqVSLhmE\/view?usp=drive_link\">Curr\u00edculum Biling\u00fce Integrado<\/a><\/h4>\n<\/li>\n<li>\n<h4><a href=\"https:\/\/drive.google.com\/file\/d\/15aRBBNinGa2R5kZ--UgRvbuBT3EldLqU\/view?usp=drive_link\"><span style=\"color: #999999\">Plan Lector<\/span><\/a><\/h4>\n<\/li>\n<\/ul>\n<p><em><strong>Con fecha 27 de octubre de 2025, el Claustro de profesorado aprob\u00f3 la modificaci\u00f3n de los documentos oficiales del centro y con fecha 27 de octubre de 2025, el Consejo Escolar fue informado. <\/strong><\/em><\/p>\n","protected":false},"excerpt":{"rendered":"<p>Nuestro centro cuenta con un Curriculum&nbsp; adaptado a la realidad de nuestra localidad y alumnado y abierto a toda la Comunidad Educativa. Las familias que lo deseen podr\u00e1n conocer; a trav\u00e9s de estos documentos enlazados, la ense\u00f1anza que sus hijos e hijas est\u00e1n recibiendo. Curriculum del Ceip \u00abAlarc\u00f3n Fdez de Arellano\u00bb Propuestas Pedag\u00f3gicas de Educaci\u00f3n [&hellip;]<\/p>\n","protected":false},"author":2774,"featured_media":0,"parent":27,"menu_order":6,"comment_status":"closed","ping_status":"closed","template":"","meta":{"ngg_post_thumbnail":0,"footnotes":""},"aioseo_notices":[],"_links":{"self":[{"href":"https:\/\/blogsaverroes.juntadeandalucia.es\/colegiopalomares\/wp-json\/wp\/v2\/pages\/39"}],"collection":[{"href":"https:\/\/blogsaverroes.juntadeandalucia.es\/colegiopalomares\/wp-json\/wp\/v2\/pages"}],"about":[{"href":"https:\/\/blogsaverroes.juntadeandalucia.es\/colegiopalomares\/wp-json\/wp\/v2\/types\/page"}],"author":[{"embeddable":true,"href":"https:\/\/blogsaverroes.juntadeandalucia.es\/colegiopalomares\/wp-json\/wp\/v2\/users\/2774"}],"replies":[{"embeddable":true,"href":"https:\/\/blogsaverroes.juntadeandalucia.es\/colegiopalomares\/wp-json\/wp\/v2\/comments?post=39"}],"version-history":[{"count":31,"href":"https:\/\/blogsaverroes.juntadeandalucia.es\/colegiopalomares\/wp-json\/wp\/v2\/pages\/39\/revisions"}],"predecessor-version":[{"id":3469,"href":"https:\/\/blogsaverroes.juntadeandalucia.es\/colegiopalomares\/wp-json\/wp\/v2\/pages\/39\/revisions\/3469"}],"up":[{"embeddable":true,"href":"https:\/\/blogsaverroes.juntadeandalucia.es\/colegiopalomares\/wp-json\/wp\/v2\/pages\/27"}],"wp:attachment":[{"href":"https:\/\/blogsaverroes.juntadeandalucia.es\/colegiopalomares\/wp-json\/wp\/v2\/media?parent=39"}],"curies":[{"name":"wp","href":"https:\/\/api.w.org\/{rel}","templated":true}]}}