{"id":28,"date":"2024-09-02T00:00:11","date_gmt":"2024-09-02T00:00:11","guid":{"rendered":"http:\/\/blogsaverroes.juntadeandalucia.es\/colegiopio12\/?page_id=28"},"modified":"2025-09-09T18:13:23","modified_gmt":"2025-09-09T18:13:23","slug":"nuestro-cole","status":"publish","type":"page","link":"https:\/\/blogsaverroes.juntadeandalucia.es\/colegiopio12\/nuestro-cole\/","title":{"rendered":"Nuestro cole"},"content":{"rendered":"<h2><a href=\"http:\/\/blogsaverroes.juntadeandalucia.es\/colegiopio12\/files\/2015\/07\/fotocole.jpg\"><img loading=\"lazy\" decoding=\"async\" class=\"alignnone wp-image-43\" src=\"http:\/\/blogsaverroes.juntadeandalucia.es\/colegiopio12\/files\/2015\/07\/fotocole-300x225.jpg\" alt=\"fotocole\" width=\"503\" height=\"377\" srcset=\"https:\/\/blogsaverroes.juntadeandalucia.es\/colegiopio12\/files\/2015\/07\/fotocole-300x225.jpg 300w, https:\/\/blogsaverroes.juntadeandalucia.es\/colegiopio12\/files\/2015\/07\/fotocole.jpg 640w\" sizes=\"(max-width: 503px) 100vw, 503px\" \/><\/a><\/h2>\n<h2><code>Nos encontramos en Bollullos de la Mitaci\u00f3n, Sevilla.<\/code><\/h2>\n<h2><code>Somos un cole de Infantil y Primaria. Contamos con un aula espec\u00edfica.<\/code><\/h2>\n<h3>VIDEO &nbsp;<a href=\"https:\/\/www.facebook.com\/ampadonjuantorressilva\/videos\/853666818075287\/\">LIPDUB ANDALUC\u00cdA<\/a><\/h3>\n<h2><strong><span style=\"color: #ff00ff\">\u00c9ste es nuestro Equipo de personal curso 2025\/26<\/span><\/strong><\/h2>\n<p><a href=\"https:\/\/blogsaverroes.juntadeandalucia.es\/colegiopio12\/files\/2025\/09\/claustro-25-26.jpg\"><img loading=\"lazy\" decoding=\"async\" class=\"aligncenter size-large wp-image-968\" src=\"https:\/\/blogsaverroes.juntadeandalucia.es\/colegiopio12\/files\/2025\/09\/claustro-25-26-1024x477.jpg\" alt=\"\" width=\"1024\" height=\"477\" srcset=\"https:\/\/blogsaverroes.juntadeandalucia.es\/colegiopio12\/files\/2025\/09\/claustro-25-26-1024x477.jpg 1024w, https:\/\/blogsaverroes.juntadeandalucia.es\/colegiopio12\/files\/2025\/09\/claustro-25-26-300x140.jpg 300w, https:\/\/blogsaverroes.juntadeandalucia.es\/colegiopio12\/files\/2025\/09\/claustro-25-26-768x358.jpg 768w, https:\/\/blogsaverroes.juntadeandalucia.es\/colegiopio12\/files\/2025\/09\/claustro-25-26-1536x716.jpg 1536w, https:\/\/blogsaverroes.juntadeandalucia.es\/colegiopio12\/files\/2025\/09\/claustro-25-26-2048x954.jpg 2048w, https:\/\/blogsaverroes.juntadeandalucia.es\/colegiopio12\/files\/2025\/09\/claustro-25-26.jpg 1600w\" sizes=\"(max-width: 1024px) 100vw, 1024px\" \/><\/a><\/p>\n<p>&nbsp;<\/p>\n<p>&nbsp;<\/p>\n<p style=\"padding-left: 40px;text-align: left\">&nbsp;<\/p>\n<p>&nbsp;<\/p>\n<p>&nbsp;<\/p>\n<p>&nbsp;<\/p>\n","protected":false},"excerpt":{"rendered":"<p>Nos encontramos en Bollullos de la Mitaci\u00f3n, Sevilla. Somos un cole de Infantil y Primaria. Contamos con un aula espec\u00edfica. VIDEO &nbsp;LIPDUB ANDALUC\u00cdA \u00c9ste es nuestro Equipo de personal curso 2025\/26 &nbsp; &nbsp; &nbsp;&#46;&#46;&#46;<\/p>\n","protected":false},"author":1791,"featured_media":0,"parent":0,"menu_order":2,"comment_status":"closed","ping_status":"closed","template":"","meta":{"ngg_post_thumbnail":0,"footnotes":""},"aioseo_notices":[],"_links":{"self":[{"href":"https:\/\/blogsaverroes.juntadeandalucia.es\/colegiopio12\/wp-json\/wp\/v2\/pages\/28"}],"collection":[{"href":"https:\/\/blogsaverroes.juntadeandalucia.es\/colegiopio12\/wp-json\/wp\/v2\/pages"}],"about":[{"href":"https:\/\/blogsaverroes.juntadeandalucia.es\/colegiopio12\/wp-json\/wp\/v2\/types\/page"}],"author":[{"embeddable":true,"href":"https:\/\/blogsaverroes.juntadeandalucia.es\/colegiopio12\/wp-json\/wp\/v2\/users\/1791"}],"replies":[{"embeddable":true,"href":"https:\/\/blogsaverroes.juntadeandalucia.es\/colegiopio12\/wp-json\/wp\/v2\/comments?post=28"}],"version-history":[{"count":30,"href":"https:\/\/blogsaverroes.juntadeandalucia.es\/colegiopio12\/wp-json\/wp\/v2\/pages\/28\/revisions"}],"predecessor-version":[{"id":970,"href":"https:\/\/blogsaverroes.juntadeandalucia.es\/colegiopio12\/wp-json\/wp\/v2\/pages\/28\/revisions\/970"}],"wp:attachment":[{"href":"https:\/\/blogsaverroes.juntadeandalucia.es\/colegiopio12\/wp-json\/wp\/v2\/media?parent=28"}],"curies":[{"name":"wp","href":"https:\/\/api.w.org\/{rel}","templated":true}]}}

<h2><a href="http://blogsaverroes.juntadeandalucia.es/colegiopio12/files/2015/07/fotocole.jpg"><img loading="lazy" decoding="async" class="alignnone wp-image-43" src="http://blogsaverroes.juntadeandalucia.es/colegiopio12/files/2015/07/fotocole-300x225.jpg" alt="fotocole" width="503" height="377" srcset="https://blogsaverroes.juntadeandalucia.es/colegiopio12/files/2015/07/fotocole-300x225.jpg 300w, https://blogsaverroes.juntadeandalucia.es/colegiopio12/files/2015/07/fotocole.jpg 640w" sizes="(max-width: 503px) 100vw, 503px" /></a></h2>
<h2><code>Nos encontramos en Bollullos de la Mitación, Sevilla.</code></h2>
<h2><code>Somos un cole de Infantil y Primaria. Contamos con un aula específica.</code></h2>
<h3>VIDEO &nbsp;<a href="https://www.facebook.com/ampadonjuantorressilva/videos/853666818075287/">LIPDUB ANDALUCÍA</a></h3>
<h2><strong><span style="color: #ff00ff">Éste es nuestro Equipo de personal curso 2025/26</span></strong></h2>
<p><a href="https://blogsaverroes.juntadeandalucia.es/colegiopio12/files/2025/09/claustro-25-26.jpg"><img loading="lazy" decoding="async" class="aligncenter size-large wp-image-968" src="https://blogsaverroes.juntadeandalucia.es/colegiopio12/files/2025/09/claustro-25-26-1024x477.jpg" alt="" width="1024" height="477" srcset="https://blogsaverroes.juntadeandalucia.es/colegiopio12/files/2025/09/claustro-25-26-1024x477.jpg 1024w, https://blogsaverroes.juntadeandalucia.es/colegiopio12/files/2025/09/claustro-25-26-300x140.jpg 300w, https://blogsaverroes.juntadeandalucia.es/colegiopio12/files/2025/09/claustro-25-26-768x358.jpg 768w, https://blogsaverroes.juntadeandalucia.es/colegiopio12/files/2025/09/claustro-25-26-1536x716.jpg 1536w, https://blogsaverroes.juntadeandalucia.es/colegiopio12/files/2025/09/claustro-25-26-2048x954.jpg 2048w, https://blogsaverroes.juntadeandalucia.es/colegiopio12/files/2025/09/claustro-25-26.jpg 1600w" sizes="(max-width: 1024px) 100vw, 1024px" /></a></p>
<p>&nbsp;</p>
<p>&nbsp;</p>
<p style="padding-left: 40px;text-align: left">&nbsp;</p>
<p>&nbsp;</p>
<p>&nbsp;</p>
<p>&nbsp;</p>

<p>Nos encontramos en Bollullos de la Mitación, Sevilla. Somos un cole de Infantil y Primaria. Contamos con un aula específica. VIDEO &nbsp;LIPDUB ANDALUCÍA Éste es nuestro Equipo de personal curso 2025/26 &nbsp; &nbsp; &nbsp;&#46;&#46;&#46;</p>
