{"id":39,"date":"2020-01-10T07:47:48","date_gmt":"2020-01-10T06:47:48","guid":{"rendered":"http:\/\/blogsaverroes.juntadeandalucia.es\/pre\/nuevoiesv2\/?page_id=39"},"modified":"2026-01-19T10:52:51","modified_gmt":"2026-01-19T09:52:51","slug":"comedor-escolar","status":"publish","type":"page","link":"https:\/\/blogsaverroes.juntadeandalucia.es\/colegioplatero\/comedor-escolar\/","title":{"rendered":"Comedor escolar"},"content":{"rendered":"<p>[et_pb_section fb_built=&#8221;1&#8243; _builder_version=&#8221;4.16&#8243; custom_padding=&#8221;0px||0px|&#8221; z_index_tablet=&#8221;500&#8243; box_shadow_horizontal_tablet=&#8221;0px&#8221; box_shadow_vertical_tablet=&#8221;0px&#8221; box_shadow_blur_tablet=&#8221;40px&#8221; box_shadow_spread_tablet=&#8221;0px&#8221; global_colors_info=&#8221;{}&#8221;][et_pb_row _builder_version=&#8221;4.16&#8243; background_size=&#8221;initial&#8221; background_position=&#8221;top_left&#8221; background_repeat=&#8221;repeat&#8221; global_colors_info=&#8221;{}&#8221;][et_pb_column type=&#8221;4_4&#8243; _builder_version=&#8221;4.16&#8243; custom_padding=&#8221;|||&#8221; global_colors_info=&#8221;{}&#8221; custom_padding__hover=&#8221;|||&#8221;][et_pb_image src=&#8221;https:\/\/blogsaverroes.juntadeandalucia.es\/colegioplatero\/files\/2020\/01\/cabecera-interior-ies-2.png&#8221; admin_label=&#8221;Imagen de la portada&#8221; _builder_version=&#8221;4.16&#8243; vertical_offset_tablet=&#8221;0&#8243; horizontal_offset_tablet=&#8221;0&#8243; z_index_tablet=&#8221;500&#8243; box_shadow_horizontal_tablet=&#8221;0px&#8221; box_shadow_vertical_tablet=&#8221;0px&#8221; box_shadow_blur_tablet=&#8221;40px&#8221; box_shadow_spread_tablet=&#8221;0px&#8221; global_colors_info=&#8221;{}&#8221;][\/et_pb_image][et_pb_text admin_label=&#8221;Texto descriptivo&#8221; _builder_version=&#8221;4.24.2&#8243; hover_enabled=&#8221;0&#8243; z_index_tablet=&#8221;500&#8243; text_text_shadow_horizontal_length_tablet=&#8221;0px&#8221; text_text_shadow_vertical_length_tablet=&#8221;0px&#8221; text_text_shadow_blur_strength_tablet=&#8221;1px&#8221; link_text_shadow_horizontal_length_tablet=&#8221;0px&#8221; link_text_shadow_vertical_length_tablet=&#8221;0px&#8221; link_text_shadow_blur_strength_tablet=&#8221;1px&#8221; ul_text_shadow_horizontal_length_tablet=&#8221;0px&#8221; ul_text_shadow_vertical_length_tablet=&#8221;0px&#8221; ul_text_shadow_blur_strength_tablet=&#8221;1px&#8221; ol_text_shadow_horizontal_length_tablet=&#8221;0px&#8221; ol_text_shadow_vertical_length_tablet=&#8221;0px&#8221; ol_text_shadow_blur_strength_tablet=&#8221;1px&#8221; quote_text_shadow_horizontal_length_tablet=&#8221;0px&#8221; quote_text_shadow_vertical_length_tablet=&#8221;0px&#8221; quote_text_shadow_blur_strength_tablet=&#8221;1px&#8221; header_text_shadow_horizontal_length_tablet=&#8221;0px&#8221; header_text_shadow_vertical_length_tablet=&#8221;0px&#8221; header_text_shadow_blur_strength_tablet=&#8221;1px&#8221; header_2_text_shadow_horizontal_length_tablet=&#8221;0px&#8221; header_2_text_shadow_vertical_length_tablet=&#8221;0px&#8221; header_2_text_shadow_blur_strength_tablet=&#8221;1px&#8221; header_3_text_shadow_horizontal_length_tablet=&#8221;0px&#8221; header_3_text_shadow_vertical_length_tablet=&#8221;0px&#8221; header_3_text_shadow_blur_strength_tablet=&#8221;1px&#8221; header_4_text_shadow_horizontal_length_tablet=&#8221;0px&#8221; header_4_text_shadow_vertical_length_tablet=&#8221;0px&#8221; header_4_text_shadow_blur_strength_tablet=&#8221;1px&#8221; header_5_text_shadow_horizontal_length_tablet=&#8221;0px&#8221; header_5_text_shadow_vertical_length_tablet=&#8221;0px&#8221; header_5_text_shadow_blur_strength_tablet=&#8221;1px&#8221; header_6_text_shadow_horizontal_length_tablet=&#8221;0px&#8221; header_6_text_shadow_vertical_length_tablet=&#8221;0px&#8221; header_6_text_shadow_blur_strength_tablet=&#8221;1px&#8221; box_shadow_horizontal_tablet=&#8221;0px&#8221; box_shadow_vertical_tablet=&#8221;0px&#8221; box_shadow_blur_tablet=&#8221;40px&#8221; box_shadow_spread_tablet=&#8221;0px&#8221; global_colors_info=&#8221;{}&#8221; sticky_enabled=&#8221;0&#8243;]<\/p>\n<h2>Comedor escolar<\/h2>\n<p>El presente curso 2025-2026 el Servicio de Comedor Escolar ser\u00e1 gestionado por ARAMARK SERVICIOS DE CATERING, S.L.U; e informarles de las Condiciones Generales del Servicio:<br \/><strong>&#8211; Usuarios de Comedor:<\/strong><br \/>Todos los alumnos matriculados en el centro escolar y que hayan sido admitidos por la Consejer\u00eda de Desarrollo Educativo de la Junta de Andaluc\u00eda en el Servicio de Comedor; y que no tengan deuda alguna con la empresa<br \/>ARAMARK SERVICIOS DE CATERING, S.L.U. en cursos anteriores.<br \/><strong>&#8211; ALTA en el Servicio de Comedor:<\/strong><br \/>Todos los usuarios deber\u00e1n solicitar la plaza por escrito, cumplimentando el modelo de inscripci\u00f3n al Servicio de Comedor que el centro escolar les facilitar\u00e1. En dicho formulario deber\u00e1n indicar los datos del usuario, de los<br \/>progenitores o tutores, la domiciliaci\u00f3n bancaria, la fecha de inicio y el tipo de compromiso.<br \/><strong>&#8211; Bonificaciones del Servicio de Comedor:<\/strong><br \/>Se tramitar\u00e1n a trav\u00e9s del centro escolar.<br \/><strong>&#8211; Tipos de COMPROMISO:<\/strong><br \/>La utilizaci\u00f3n del Servicio de Comedor podr\u00e1 ser solicitada por las familias por meses completos (compromiso habitual), por d\u00edas fijos todas las semanas, inferiores a los cinco d\u00edas lectivos semanales (compromiso habitual<br \/>discontin\u00fao) o solamente por d\u00edas espor\u00e1dicos, (compromiso espor\u00e1dico) ejerci\u00e9ndose la opci\u00f3n que desee al presentar la solicitud.<br \/><strong>&#8211; CAMBIOS DE COMPROMISO del Servicio de Comedor:<\/strong><br \/>La solicitud de modificaci\u00f3n de la opci\u00f3n inicialmente elegida para el Servicio de Comedor Escolar se comunicar\u00e1 a la Direcci\u00f3n del Centro Escolar, rellenando el documento correspondiente, y en segundo lugar a Aramark, adjuntando<br \/>dicho documento con una antelaci\u00f3n de al menos una semana del inicio del mes en que se pretenda hacer el cambio de compromiso.<br \/><strong>&#8211; AUSENCIAS del Servicio de Comedor:<\/strong><br \/>Los usuarios podr\u00e1n avisar de sus ausencias del comedor, a trav\u00e9s de la App m\u00f3vil \u201cEl Gusto de Crecer\u201d y\/o la p\u00e1gina web (www.elgustodecrecer.es), con una antelaci\u00f3n de tres d\u00edas, sin coste alguno para el usuario.<br \/>Las familias son las responsables de la gesti\u00f3n de las ausencias, sea el motivo que sea de la ausencia. Para acceder a las plataformas, tendr\u00e1n que registrarse a trav\u00e9s del men\u00fa Reg\u00edstrate.<br \/>En ambas plataformas, existe un manual de instrucciones para realizar las comunicaciones correctamente.<br \/>Las comunicaciones de ausencias v\u00eda telef\u00f3nica, v\u00eda email o v\u00eda contacto de la p\u00e1gina de \u201cEl Gusto de Crecer\u201d no ser\u00e1n v\u00e1lidas.<br \/>La v\u00eda de contacto de El Gusto de Crecer, \u00fanicamente se utilizar\u00e1 en caso de problema de acceso a la Plataforma. El resto de los asuntos relacionados con el Servicio de Comedor se atender\u00e1n a trav\u00e9s del mail<br \/>andaluciafacturacion@aramark.es<br \/>Las ausencias al Servicio de Comedor motivadas por enfermedad se podr\u00e1n justificarse remitiendo el INFORME DE ASISTENCIA A CONSULTA o JUSTIFICANTE DE ACCESO A DEMANDA DE ASISTENCIA, en un plazo m\u00e1ximo de 5 d\u00edas<br \/>lectivos, empezando a contar desde el primer d\u00eda de la ausencia. No obstante, los 3 primeros d\u00edas naturales se cancelar\u00e1n con el justificante de asistencia m\u00e9dica y a partir del cuarto d\u00eda natural, ser\u00e1n las propias familias las<br \/>que justificar\u00e1n las ausencias a trav\u00e9s de las plataformas de \u201cEl Gusto de Crecer\u201d, siguiendo el procedimiento ordinario, es decir, se debe tener en cuenta el preaviso de 3 d\u00edas naturales para comunicar la ausencia del cuarto<br \/>d\u00eda.<br \/>El mecanismo correcto para justificar las ausencias por causa de enfermedad ser\u00e1 el siguiente:<br \/>&#8211; Si el primer d\u00eda de enfermedad comienza en mi\u00e9rcoles, el justificante de asistencia m\u00e9dica le justificar\u00e1 los d\u00edas mi\u00e9rcoles, jueves y viernes.<\/p>\n<p>&#8211; Si el primer d\u00eda de enfermedad comienza en jueves, el justificante de asistencia m\u00e9dica le justificar\u00e1 los d\u00edas jueves y viernes. En el caso de que el lunes o\/y d\u00edas venideros, el usuario no asista al Servicio de Comedor,<br \/>tendr\u00e1 que realizar la comunicaci\u00f3n de la ausencia a trav\u00e9s de las plataformas de \u201cEl Gusto de Crecer\u201d.<br \/>&#8211; Si el primer d\u00eda de enfermedad comienza en viernes, el justificante de asistencia m\u00e9dica le justificar\u00e1 el d\u00eda viernes. En el caso de que el lunes o\/y d\u00edas venideros, el usuario no asista al Servicio de Comedor, tendr\u00e1<br \/>que realizar la comunicaci\u00f3n de la ausencia a trav\u00e9s de las plataformas de \u201cEl Gusto de Crecer\u201d.<br \/><strong>&#8211; PRESENCIAS al Servicio de Comedor de forma puntual:<\/strong><br \/>Los d\u00edas no contratados y que se demande el Servicio de Comedor de forma puntual e imprevista, podr\u00e1n notificar la asistencia al Servicio de Comedor, enviando email a andaluciafacturacion@aramark.es antes de las 09:30 horas del<br \/>mismo d\u00eda.<br \/><strong>&#8211; BAJA del Servicio de Comedor:<\/strong><br \/>La solicitud de baja del Servicio de Comedor Escolar, tal como indica el Pliego de Prescripciones T\u00e9cnicas de la Agencia P\u00fablica de Educaci\u00f3n de la Junta de Andaluc\u00eda, se tramitar\u00e1 a trav\u00e9s de la Direcci\u00f3n del Centro Escolar,<br \/>cumplimentando el documento correspondiente y con la antelaci\u00f3n de al menos una semana antes del inicio del mes en que se pretenda hacer efectiva la baja.<br \/><strong>&#8211; PERDIDA de condici\u00f3n del Servicio de Comedor:<\/strong><br \/>Se realizar\u00e1 cuando el\/la usuario no utilice el Servicio de Comedor durante cinco o m\u00e1s d\u00edas consecutivos sin causa justificada y\/o la familia del usuario tenga un impago de dos o m\u00e1s recibos.<br \/><strong>&#8211; FORMA DE PAGO del Servicio de Comedor:<\/strong><br \/>El coste del men\u00fa es de 5,54 \u20ac por d\u00eda (IVA incluido), tal y como se aprob\u00f3 en BOJA n\u00ba 150 el pasado 30\/07\/2024. Por cada recibo devuelto correctamente girado, se cobrar\u00e1 un recargo de 3,00 \u20ac por gastos de devoluci\u00f3n.<br \/>El cobro del Servicio de Comedor se realizar\u00e1 de forma VENCIDA entre el 5 y 10 del mes siguiente y por domiciliaci\u00f3n bancaria.<br \/><strong>&#8211; Elaboraci\u00f3n de los men\u00fas:<\/strong><br \/><em>Dieta blanda:<\/em><br \/>La hora m\u00e1xima para poder solicitar una dieta blanda es hasta el mismo d\u00eda y antes de las 09:30 horas. Se solicita v\u00eda telef\u00f3nica o v\u00eda email andaluciafacturacion@aramark.es<br \/><em>Solicitud de dietas por alergia y\/o intolerancia alimentaria:<\/em><br \/>Cualquier solicitud de dieta por motivos de alergia y\/o intolerancia alimentaria, deber\u00e1 entregarse en el Centro Escolar el correspondiente Informe M\u00e9dico prescrito por un Especialista y el Centro Escolar ser\u00e1 quien le confirme<br \/>el d\u00eda de inicio del nuevo men\u00fa elaborado por nuestro equipo de nutricionistas.<br \/><em>Publicaci\u00f3n men\u00fas:<\/em><br \/>Los men\u00fas mensuales est\u00e1n disponibles (previo registro), a trav\u00e9s de la App m\u00f3vil (El Gusto de Crecer) y p\u00e1gina web (www.elgustodecrecer.es).<br \/><strong>&#8211; Atenci\u00f3n al cliente:<\/strong><br \/>Para cualquier duda o aclaraci\u00f3n referente al Servicio de Comedor, pueden contactar con el departamento de Gesti\u00f3n de Cobros en el tel\u00e9fono 954 46 10 35 o bien, al email andaluciafacturacion@aramark.es donde ser\u00e1 atendido por<br \/>uno de nuestros agentes en horario de lunes a jueves de 8hs a 17hs y viernes de 8hs a 15hs.<\/p>\n<p>[\/et_pb_text][\/et_pb_column][\/et_pb_row][\/et_pb_section]<\/p>\n","protected":false},"excerpt":{"rendered":"<p>Comedor escolar El presente curso 2025-2026 el Servicio de Comedor Escolar ser\u00e1 gestionado por ARAMARK SERVICIOS DE CATERING, S.L.U; e informarles de las Condiciones Generales del Servicio:- Usuarios de Comedor:Todos los alumnos matriculados en el centro escolar y que hayan sido admitidos por la Consejer\u00eda de Desarrollo Educativo de la Junta de Andaluc\u00eda en el [&hellip;]<\/p>\n","protected":false},"author":16469,"featured_media":0,"parent":0,"menu_order":0,"comment_status":"closed","ping_status":"closed","template":"","meta":{"_et_pb_use_builder":"on","_et_pb_old_content":"","_et_gb_content_width":"","ngg_post_thumbnail":0,"footnotes":""},"aioseo_notices":[],"_links":{"self":[{"href":"https:\/\/blogsaverroes.juntadeandalucia.es\/colegioplatero\/wp-json\/wp\/v2\/pages\/39"}],"collection":[{"href":"https:\/\/blogsaverroes.juntadeandalucia.es\/colegioplatero\/wp-json\/wp\/v2\/pages"}],"about":[{"href":"https:\/\/blogsaverroes.juntadeandalucia.es\/colegioplatero\/wp-json\/wp\/v2\/types\/page"}],"author":[{"embeddable":true,"href":"https:\/\/blogsaverroes.juntadeandalucia.es\/colegioplatero\/wp-json\/wp\/v2\/users\/16469"}],"replies":[{"embeddable":true,"href":"https:\/\/blogsaverroes.juntadeandalucia.es\/colegioplatero\/wp-json\/wp\/v2\/comments?post=39"}],"version-history":[{"count":3,"href":"https:\/\/blogsaverroes.juntadeandalucia.es\/colegioplatero\/wp-json\/wp\/v2\/pages\/39\/revisions"}],"predecessor-version":[{"id":869,"href":"https:\/\/blogsaverroes.juntadeandalucia.es\/colegioplatero\/wp-json\/wp\/v2\/pages\/39\/revisions\/869"}],"wp:attachment":[{"href":"https:\/\/blogsaverroes.juntadeandalucia.es\/colegioplatero\/wp-json\/wp\/v2\/media?parent=39"}],"curies":[{"name":"wp","href":"https:\/\/api.w.org\/{rel}","templated":true}]}}

<p>[et_pb_section fb_built=&#8221;1&#8243; _builder_version=&#8221;4.16&#8243; custom_padding=&#8221;0px||0px|&#8221; z_index_tablet=&#8221;500&#8243; box_shadow_horizontal_tablet=&#8221;0px&#8221; box_shadow_vertical_tablet=&#8221;0px&#8221; box_shadow_blur_tablet=&#8221;40px&#8221; box_shadow_spread_tablet=&#8221;0px&#8221; global_colors_info=&#8221;{}&#8221;][et_pb_row _builder_version=&#8221;4.16&#8243; background_size=&#8221;initial&#8221; background_position=&#8221;top_left&#8221; background_repeat=&#8221;repeat&#8221; global_colors_info=&#8221;{}&#8221;][et_pb_column type=&#8221;4_4&#8243; _builder_version=&#8221;4.16&#8243; custom_padding=&#8221;|||&#8221; global_colors_info=&#8221;{}&#8221; custom_padding__hover=&#8221;|||&#8221;][et_pb_image src=&#8221;https://blogsaverroes.juntadeandalucia.es/colegioplatero/files/2020/01/cabecera-interior-ies-2.png&#8221; admin_label=&#8221;Imagen de la portada&#8221; _builder_version=&#8221;4.16&#8243; vertical_offset_tablet=&#8221;0&#8243; horizontal_offset_tablet=&#8221;0&#8243; z_index_tablet=&#8221;500&#8243; box_shadow_horizontal_tablet=&#8221;0px&#8221; box_shadow_vertical_tablet=&#8221;0px&#8221; box_shadow_blur_tablet=&#8221;40px&#8221; box_shadow_spread_tablet=&#8221;0px&#8221; global_colors_info=&#8221;{}&#8221;][/et_pb_image][et_pb_text admin_label=&#8221;Texto descriptivo&#8221; _builder_version=&#8221;4.24.2&#8243; hover_enabled=&#8221;0&#8243; z_index_tablet=&#8221;500&#8243; text_text_shadow_horizontal_length_tablet=&#8221;0px&#8221; text_text_shadow_vertical_length_tablet=&#8221;0px&#8221; text_text_shadow_blur_strength_tablet=&#8221;1px&#8221; link_text_shadow_horizontal_length_tablet=&#8221;0px&#8221; link_text_shadow_vertical_length_tablet=&#8221;0px&#8221; link_text_shadow_blur_strength_tablet=&#8221;1px&#8221; ul_text_shadow_horizontal_length_tablet=&#8221;0px&#8221; ul_text_shadow_vertical_length_tablet=&#8221;0px&#8221; ul_text_shadow_blur_strength_tablet=&#8221;1px&#8221; ol_text_shadow_horizontal_length_tablet=&#8221;0px&#8221; ol_text_shadow_vertical_length_tablet=&#8221;0px&#8221; ol_text_shadow_blur_strength_tablet=&#8221;1px&#8221; quote_text_shadow_horizontal_length_tablet=&#8221;0px&#8221; quote_text_shadow_vertical_length_tablet=&#8221;0px&#8221; quote_text_shadow_blur_strength_tablet=&#8221;1px&#8221; header_text_shadow_horizontal_length_tablet=&#8221;0px&#8221; header_text_shadow_vertical_length_tablet=&#8221;0px&#8221; header_text_shadow_blur_strength_tablet=&#8221;1px&#8221; header_2_text_shadow_horizontal_length_tablet=&#8221;0px&#8221; header_2_text_shadow_vertical_length_tablet=&#8221;0px&#8221; header_2_text_shadow_blur_strength_tablet=&#8221;1px&#8221; header_3_text_shadow_horizontal_length_tablet=&#8221;0px&#8221; header_3_text_shadow_vertical_length_tablet=&#8221;0px&#8221; header_3_text_shadow_blur_strength_tablet=&#8221;1px&#8221; header_4_text_shadow_horizontal_length_tablet=&#8221;0px&#8221; header_4_text_shadow_vertical_length_tablet=&#8221;0px&#8221; header_4_text_shadow_blur_strength_tablet=&#8221;1px&#8221; header_5_text_shadow_horizontal_length_tablet=&#8221;0px&#8221; header_5_text_shadow_vertical_length_tablet=&#8221;0px&#8221; header_5_text_shadow_blur_strength_tablet=&#8221;1px&#8221; header_6_text_shadow_horizontal_length_tablet=&#8221;0px&#8221; header_6_text_shadow_vertical_length_tablet=&#8221;0px&#8221; header_6_text_shadow_blur_strength_tablet=&#8221;1px&#8221; box_shadow_horizontal_tablet=&#8221;0px&#8221; box_shadow_vertical_tablet=&#8221;0px&#8221; box_shadow_blur_tablet=&#8221;40px&#8221; box_shadow_spread_tablet=&#8221;0px&#8221; global_colors_info=&#8221;{}&#8221; sticky_enabled=&#8221;0&#8243;]</p>
<h2>Comedor escolar</h2>
<p>El presente curso 2025-2026 el Servicio de Comedor Escolar será gestionado por ARAMARK SERVICIOS DE CATERING, S.L.U; e informarles de las Condiciones Generales del Servicio:<br /><strong>&#8211; Usuarios de Comedor:</strong><br />Todos los alumnos matriculados en el centro escolar y que hayan sido admitidos por la Consejería de Desarrollo Educativo de la Junta de Andalucía en el Servicio de Comedor; y que no tengan deuda alguna con la empresa<br />ARAMARK SERVICIOS DE CATERING, S.L.U. en cursos anteriores.<br /><strong>&#8211; ALTA en el Servicio de Comedor:</strong><br />Todos los usuarios deberán solicitar la plaza por escrito, cumplimentando el modelo de inscripción al Servicio de Comedor que el centro escolar les facilitará. En dicho formulario deberán indicar los datos del usuario, de los<br />progenitores o tutores, la domiciliación bancaria, la fecha de inicio y el tipo de compromiso.<br /><strong>&#8211; Bonificaciones del Servicio de Comedor:</strong><br />Se tramitarán a través del centro escolar.<br /><strong>&#8211; Tipos de COMPROMISO:</strong><br />La utilización del Servicio de Comedor podrá ser solicitada por las familias por meses completos (compromiso habitual), por días fijos todas las semanas, inferiores a los cinco días lectivos semanales (compromiso habitual<br />discontinúo) o solamente por días esporádicos, (compromiso esporádico) ejerciéndose la opción que desee al presentar la solicitud.<br /><strong>&#8211; CAMBIOS DE COMPROMISO del Servicio de Comedor:</strong><br />La solicitud de modificación de la opción inicialmente elegida para el Servicio de Comedor Escolar se comunicará a la Dirección del Centro Escolar, rellenando el documento correspondiente, y en segundo lugar a Aramark, adjuntando<br />dicho documento con una antelación de al menos una semana del inicio del mes en que se pretenda hacer el cambio de compromiso.<br /><strong>&#8211; AUSENCIAS del Servicio de Comedor:</strong><br />Los usuarios podrán avisar de sus ausencias del comedor, a través de la App móvil “El Gusto de Crecer” y/o la página web (www.elgustodecrecer.es), con una antelación de tres días, sin coste alguno para el usuario.<br />Las familias son las responsables de la gestión de las ausencias, sea el motivo que sea de la ausencia. Para acceder a las plataformas, tendrán que registrarse a través del menú Regístrate.<br />En ambas plataformas, existe un manual de instrucciones para realizar las comunicaciones correctamente.<br />Las comunicaciones de ausencias vía telefónica, vía email o vía contacto de la página de “El Gusto de Crecer” no serán válidas.<br />La vía de contacto de El Gusto de Crecer, únicamente se utilizará en caso de problema de acceso a la Plataforma. El resto de los asuntos relacionados con el Servicio de Comedor se atenderán a través del mail<br />andaluciafacturacion@aramark.es<br />Las ausencias al Servicio de Comedor motivadas por enfermedad se podrán justificarse remitiendo el INFORME DE ASISTENCIA A CONSULTA o JUSTIFICANTE DE ACCESO A DEMANDA DE ASISTENCIA, en un plazo máximo de 5 días<br />lectivos, empezando a contar desde el primer día de la ausencia. No obstante, los 3 primeros días naturales se cancelarán con el justificante de asistencia médica y a partir del cuarto día natural, serán las propias familias las<br />que justificarán las ausencias a través de las plataformas de “El Gusto de Crecer”, siguiendo el procedimiento ordinario, es decir, se debe tener en cuenta el preaviso de 3 días naturales para comunicar la ausencia del cuarto<br />día.<br />El mecanismo correcto para justificar las ausencias por causa de enfermedad será el siguiente:<br />&#8211; Si el primer día de enfermedad comienza en miércoles, el justificante de asistencia médica le justificará los días miércoles, jueves y viernes.</p>
<p>&#8211; Si el primer día de enfermedad comienza en jueves, el justificante de asistencia médica le justificará los días jueves y viernes. En el caso de que el lunes o/y días venideros, el usuario no asista al Servicio de Comedor,<br />tendrá que realizar la comunicación de la ausencia a través de las plataformas de “El Gusto de Crecer”.<br />&#8211; Si el primer día de enfermedad comienza en viernes, el justificante de asistencia médica le justificará el día viernes. En el caso de que el lunes o/y días venideros, el usuario no asista al Servicio de Comedor, tendrá<br />que realizar la comunicación de la ausencia a través de las plataformas de “El Gusto de Crecer”.<br /><strong>&#8211; PRESENCIAS al Servicio de Comedor de forma puntual:</strong><br />Los días no contratados y que se demande el Servicio de Comedor de forma puntual e imprevista, podrán notificar la asistencia al Servicio de Comedor, enviando email a andaluciafacturacion@aramark.es antes de las 09:30 horas del<br />mismo día.<br /><strong>&#8211; BAJA del Servicio de Comedor:</strong><br />La solicitud de baja del Servicio de Comedor Escolar, tal como indica el Pliego de Prescripciones Técnicas de la Agencia Pública de Educación de la Junta de Andalucía, se tramitará a través de la Dirección del Centro Escolar,<br />cumplimentando el documento correspondiente y con la antelación de al menos una semana antes del inicio del mes en que se pretenda hacer efectiva la baja.<br /><strong>&#8211; PERDIDA de condición del Servicio de Comedor:</strong><br />Se realizará cuando el/la usuario no utilice el Servicio de Comedor durante cinco o más días consecutivos sin causa justificada y/o la familia del usuario tenga un impago de dos o más recibos.<br /><strong>&#8211; FORMA DE PAGO del Servicio de Comedor:</strong><br />El coste del menú es de 5,54 € por día (IVA incluido), tal y como se aprobó en BOJA nº 150 el pasado 30/07/2024. Por cada recibo devuelto correctamente girado, se cobrará un recargo de 3,00 € por gastos de devolución.<br />El cobro del Servicio de Comedor se realizará de forma VENCIDA entre el 5 y 10 del mes siguiente y por domiciliación bancaria.<br /><strong>&#8211; Elaboración de los menús:</strong><br /><em>Dieta blanda:</em><br />La hora máxima para poder solicitar una dieta blanda es hasta el mismo día y antes de las 09:30 horas. Se solicita vía telefónica o vía email andaluciafacturacion@aramark.es<br /><em>Solicitud de dietas por alergia y/o intolerancia alimentaria:</em><br />Cualquier solicitud de dieta por motivos de alergia y/o intolerancia alimentaria, deberá entregarse en el Centro Escolar el correspondiente Informe Médico prescrito por un Especialista y el Centro Escolar será quien le confirme<br />el día de inicio del nuevo menú elaborado por nuestro equipo de nutricionistas.<br /><em>Publicación menús:</em><br />Los menús mensuales están disponibles (previo registro), a través de la App móvil (El Gusto de Crecer) y página web (www.elgustodecrecer.es).<br /><strong>&#8211; Atención al cliente:</strong><br />Para cualquier duda o aclaración referente al Servicio de Comedor, pueden contactar con el departamento de Gestión de Cobros en el teléfono 954 46 10 35 o bien, al email andaluciafacturacion@aramark.es donde será atendido por<br />uno de nuestros agentes en horario de lunes a jueves de 8hs a 17hs y viernes de 8hs a 15hs.</p>
<p>[/et_pb_text][/et_pb_column][/et_pb_row][/et_pb_section]</p>

<p>Comedor escolar El presente curso 2025-2026 el Servicio de Comedor Escolar será gestionado por ARAMARK SERVICIOS DE CATERING, S.L.U; e informarles de las Condiciones Generales del Servicio:- Usuarios de Comedor:Todos los alumnos matriculados en el centro escolar y que hayan sido admitidos por la Consejería de Desarrollo Educativo de la Junta de Andalucía en el [&hellip;]</p>
