{"id":681,"date":"2022-12-01T18:59:56","date_gmt":"2022-12-01T17:59:56","guid":{"rendered":"https:\/\/blogsaverroes.juntadeandalucia.es\/colegioplatero\/?page_id=681"},"modified":"2023-09-14T09:54:43","modified_gmt":"2023-09-14T07:54:43","slug":"baloncesto","status":"publish","type":"page","link":"https:\/\/blogsaverroes.juntadeandalucia.es\/colegioplatero\/baloncesto\/","title":{"rendered":"Baloncesto"},"content":{"rendered":"<p><img loading=\"lazy\" decoding=\"async\" class=\" wp-image-785 aligncenter\" src=\"https:\/\/blogsaverroes.juntadeandalucia.es\/colegioplatero\/files\/2023\/09\/Imagen-de-WhatsApp-2023-09-08-a-las-12.57.49-300x300.jpg\" alt=\"\" width=\"448\" height=\"448\"><\/p>\n<p>&nbsp;<\/p>\n<p style=\"text-align: center\"><strong>PARA M\u00c1S INFORMACI\u00d3N POD\u00c9IS ENTRAR EN EL SIGUIENTE ENLACE:<\/strong> <a href=\"https:\/\/marbellabasket.com\/contacto\/escuelas-de-baloncesto\/\">https:\/\/marbellabasket.com\/contacto\/escuelas-de-baloncesto\/<\/a><\/p>\n","protected":false},"excerpt":{"rendered":"<p>&nbsp; PARA M\u00c1S INFORMACI\u00d3N POD\u00c9IS ENTRAR EN EL SIGUIENTE ENLACE: https:\/\/marbellabasket.com\/contacto\/escuelas-de-baloncesto\/<\/p>\n","protected":false},"author":16233,"featured_media":0,"parent":0,"menu_order":0,"comment_status":"closed","ping_status":"closed","template":"","meta":{"_et_pb_use_builder":"","_et_pb_old_content":"","_et_gb_content_width":"","ngg_post_thumbnail":0,"footnotes":""},"aioseo_notices":[],"_links":{"self":[{"href":"https:\/\/blogsaverroes.juntadeandalucia.es\/colegioplatero\/wp-json\/wp\/v2\/pages\/681"}],"collection":[{"href":"https:\/\/blogsaverroes.juntadeandalucia.es\/colegioplatero\/wp-json\/wp\/v2\/pages"}],"about":[{"href":"https:\/\/blogsaverroes.juntadeandalucia.es\/colegioplatero\/wp-json\/wp\/v2\/types\/page"}],"author":[{"embeddable":true,"href":"https:\/\/blogsaverroes.juntadeandalucia.es\/colegioplatero\/wp-json\/wp\/v2\/users\/16233"}],"replies":[{"embeddable":true,"href":"https:\/\/blogsaverroes.juntadeandalucia.es\/colegioplatero\/wp-json\/wp\/v2\/comments?post=681"}],"version-history":[{"count":3,"href":"https:\/\/blogsaverroes.juntadeandalucia.es\/colegioplatero\/wp-json\/wp\/v2\/pages\/681\/revisions"}],"predecessor-version":[{"id":786,"href":"https:\/\/blogsaverroes.juntadeandalucia.es\/colegioplatero\/wp-json\/wp\/v2\/pages\/681\/revisions\/786"}],"wp:attachment":[{"href":"https:\/\/blogsaverroes.juntadeandalucia.es\/colegioplatero\/wp-json\/wp\/v2\/media?parent=681"}],"curies":[{"name":"wp","href":"https:\/\/api.w.org\/{rel}","templated":true}]}}