{"id":141,"date":"2015-03-17T07:13:24","date_gmt":"2015-03-17T07:13:24","guid":{"rendered":"http:\/\/blogsaverroes.juntadeandalucia.es\/pre\/ceip\/?page_id=141"},"modified":"2017-04-26T11:42:28","modified_gmt":"2017-04-26T11:42:28","slug":"escolarizacion","status":"publish","type":"page","link":"https:\/\/blogsaverroes.juntadeandalucia.es\/colegiorafaelaldehuela\/escolarizacion\/","title":{"rendered":"Escolarizaci\u00f3n"},"content":{"rendered":"<p><a href=\"http:\/\/blogsaverroes.juntadeandalucia.es\/colegiorafaelaldehuela\/files\/2015\/03\/layout_set_logo.png\"><img decoding=\"async\" class=\"alignnone wp-image-2258 \" src=\"http:\/\/blogsaverroes.juntadeandalucia.es\/colegiorafaelaldehuela\/files\/2015\/03\/layout_set_logo-300x57.png\" alt=\"\" height=\"57\" width=\"300\" srcset=\"https:\/\/blogsaverroes.juntadeandalucia.es\/colegiorafaelaldehuela\/files\/2015\/03\/layout_set_logo-300x57.png 300w, https:\/\/blogsaverroes.juntadeandalucia.es\/colegiorafaelaldehuela\/files\/2015\/03\/layout_set_logo-24x5.png 24w, https:\/\/blogsaverroes.juntadeandalucia.es\/colegiorafaelaldehuela\/files\/2015\/03\/layout_set_logo-36x7.png 36w, https:\/\/blogsaverroes.juntadeandalucia.es\/colegiorafaelaldehuela\/files\/2015\/03\/layout_set_logo-48x9.png 48w, https:\/\/blogsaverroes.juntadeandalucia.es\/colegiorafaelaldehuela\/files\/2015\/03\/layout_set_logo.png 625w\" sizes=\"(max-width: 300px) 100vw, 300px\" \/><\/a><\/p>\n<p style=\"text-align: justify\">Esta secci\u00f3n puede contener cuanta informaci\u00f3n sea de utilidad para las familias a la hora de de iniciar el proceso de escolarizaci\u00f3n: plazos, documentos, normativa, enlaces, etc.<\/p>\n<p><a href=\"http:\/\/portals.ced.junta-andalucia.es\/educacion\/portals\/web\/escolarizacion\"><img decoding=\"async\" class=\"size-medium wp-image-2270 aligncenter\" src=\"https:\/\/blogsaverroes.juntadeandalucia.es\/colegiorafaelaldehuela\/files\/2015\/03\/banner_580x300_mecanica-300x155.jpg\" alt=\"\" height=\"155\" width=\"300\" srcset=\"https:\/\/blogsaverroes.juntadeandalucia.es\/colegiorafaelaldehuela\/files\/2015\/03\/banner_580x300_mecanica-300x155.jpg 300w, https:\/\/blogsaverroes.juntadeandalucia.es\/colegiorafaelaldehuela\/files\/2015\/03\/banner_580x300_mecanica-24x12.jpg 24w, https:\/\/blogsaverroes.juntadeandalucia.es\/colegiorafaelaldehuela\/files\/2015\/03\/banner_580x300_mecanica-36x19.jpg 36w, https:\/\/blogsaverroes.juntadeandalucia.es\/colegiorafaelaldehuela\/files\/2015\/03\/banner_580x300_mecanica-48x25.jpg 48w, https:\/\/blogsaverroes.juntadeandalucia.es\/colegiorafaelaldehuela\/files\/2015\/03\/banner_580x300_mecanica.jpg 581w\" sizes=\"(max-width: 300px) 100vw, 300px\" \/><\/a><\/p>\n<h3>Normativa&nbsp;sobre el proceso de escolarizaci\u00f3n:<\/h3>\n<ul>\n<li style=\"text-align: justify\"><a href=\"http:\/\/juntadeandalucia.es\/boja\/2011\/40\/d2.pdf\">Decreto 40\/2011<\/a>, de 22 de febrero, por el que se regulan los criterios y el procedimiento de admisi\u00f3n del alumnado en los centros docentes p\u00fablicos y privados concertados para cursar las ense\u00f1anzas de segundo ciclo de educaci\u00f3n infantil, educaci\u00f3n primaria, educaci\u00f3n especial, educaci\u00f3n secundaria obligatoria y bachillerato. (BOJA 25-02-2011).<\/li>\n<li style=\"text-align: justify\"><a href=\"http:\/\/juntadeandalucia.es\/boja\/2011\/40\/d3.pdf\">Orden de 24 de febrero de 2011<\/a>, por la que se desarrolla el procedimiento de admisi\u00f3n del alumnado en los centros docentes p\u00fablicos y privados concertados para cursar las ense\u00f1anzas de segundo ciclo de educaci\u00f3n infantil, educaci\u00f3n primaria, educaci\u00f3n especial, educaci\u00f3n secundaria obligatoria y bachillerato.<\/li>\n<li style=\"text-align: justify\"><a href=\"http:\/\/juntadeandalucia.es\/eboja\/2017\/18\/BOJA17-018-00001-1136-01_00106530.pdf\">Resoluci\u00f3n de 16 de enero de 2017<\/a>, de la Direcci\u00f3n General de Planificaci\u00f3n y Centros, por la que se establece el calendario de actuaciones del procedimiento ordinario de admisi\u00f3n del alumnado en los centros docentes p\u00fablicos y privados concertados para cursar las ense\u00f1anzas de segundo ciclo de educaci\u00f3n infantil, educaci\u00f3n primaria, educaci\u00f3n especial, educaci\u00f3n secundaria obligatoria y bachillerato para el curso escolar 2017\/18.<\/li>\n<li style=\"text-align: justify\"><a href=\"http:\/\/juntadeandalucia.es\/eboja\/2017\/32\/BOJA17-032-00009-2528-01_00107898.pdf\">Decreto 9\/2017, de 31 de enero<\/a>, por el que se modifica el Decreto 40\/2011, de 22 de febrero, por el que se regulan los criterios y el procedimiento de admisi\u00f3n del alumnado en los centros docentes p\u00fablicos y privados concertados para cursar las ense\u00f1anzas de segundo ciclo de educaci\u00f3n infantil, educaci\u00f3n primaria, educaci\u00f3n especial, educaci\u00f3n secundaria obligatoria y bachillerato.<\/li>\n<li style=\"text-align: justify\"><a href=\"http:\/\/juntadeandalucia.es\/eboja\/2017\/41\/BOJA17-041-00022-3556-01_00108900.pdf\">Orden de 24 de febrero de 2017<\/a>, por la que se modifica la Orden de 24 de febrero de 2011, por la que se desarrolla el procedimiento de admisi\u00f3n del alumnado en los centros docentes p\u00fablicos y privados concertados para cursar las ense\u00f1anzas de segundo ciclo de educaci\u00f3n infantil, educaci\u00f3n primaria, educaci\u00f3n especial, educaci\u00f3n secundaria obligatoria y bachillerato.<\/li>\n<\/ul>\n","protected":false},"excerpt":{"rendered":"<p>Esta secci\u00f3n puede contener cuanta informaci\u00f3n sea de utilidad para las familias a la hora de de iniciar el proceso de escolarizaci\u00f3n: plazos, documentos, normativa, enlaces, etc. Normativa&nbsp;sobre el proceso de escolarizaci\u00f3n: Decreto 40\/2011, de 22 de febrero, por el que se regulan los criterios y el procedimiento de admisi\u00f3n del alumnado en los centros &hellip; <a href=\"https:\/\/blogsaverroes.juntadeandalucia.es\/colegiorafaelaldehuela\/escolarizacion\/\" class=\"more-link\">Seguir leyendo <span class=\"screen-reader-text\">Escolarizaci\u00f3n<\/span> <span class=\"meta-nav\">&rarr;<\/span><\/a><\/p>\n","protected":false},"author":1,"featured_media":0,"parent":0,"menu_order":0,"comment_status":"open","ping_status":"open","template":"page-templates\/child-menu.php","meta":{"ngg_post_thumbnail":0,"footnotes":"","_mc_calendar":[]},"aioseo_notices":[],"_links":{"self":[{"href":"https:\/\/blogsaverroes.juntadeandalucia.es\/colegiorafaelaldehuela\/wp-json\/wp\/v2\/pages\/141"}],"collection":[{"href":"https:\/\/blogsaverroes.juntadeandalucia.es\/colegiorafaelaldehuela\/wp-json\/wp\/v2\/pages"}],"about":[{"href":"https:\/\/blogsaverroes.juntadeandalucia.es\/colegiorafaelaldehuela\/wp-json\/wp\/v2\/types\/page"}],"author":[{"embeddable":true,"href":"https:\/\/blogsaverroes.juntadeandalucia.es\/colegiorafaelaldehuela\/wp-json\/wp\/v2\/users\/1"}],"replies":[{"embeddable":true,"href":"https:\/\/blogsaverroes.juntadeandalucia.es\/colegiorafaelaldehuela\/wp-json\/wp\/v2\/comments?post=141"}],"version-history":[{"count":16,"href":"https:\/\/blogsaverroes.juntadeandalucia.es\/colegiorafaelaldehuela\/wp-json\/wp\/v2\/pages\/141\/revisions"}],"predecessor-version":[{"id":2274,"href":"https:\/\/blogsaverroes.juntadeandalucia.es\/colegiorafaelaldehuela\/wp-json\/wp\/v2\/pages\/141\/revisions\/2274"}],"wp:attachment":[{"href":"https:\/\/blogsaverroes.juntadeandalucia.es\/colegiorafaelaldehuela\/wp-json\/wp\/v2\/media?parent=141"}],"curies":[{"name":"wp","href":"https:\/\/api.w.org\/{rel}","templated":true}]}}

Escolarización

<p><a href="http://blogsaverroes.juntadeandalucia.es/colegiorafaelaldehuela/files/2015/03/layout_set_logo.png"><img decoding="async" class="alignnone wp-image-2258 " src="http://blogsaverroes.juntadeandalucia.es/colegiorafaelaldehuela/files/2015/03/layout_set_logo-300x57.png" alt="" height="57" width="300" srcset="https://blogsaverroes.juntadeandalucia.es/colegiorafaelaldehuela/files/2015/03/layout_set_logo-300x57.png 300w, https://blogsaverroes.juntadeandalucia.es/colegiorafaelaldehuela/files/2015/03/layout_set_logo-24x5.png 24w, https://blogsaverroes.juntadeandalucia.es/colegiorafaelaldehuela/files/2015/03/layout_set_logo-36x7.png 36w, https://blogsaverroes.juntadeandalucia.es/colegiorafaelaldehuela/files/2015/03/layout_set_logo-48x9.png 48w, https://blogsaverroes.juntadeandalucia.es/colegiorafaelaldehuela/files/2015/03/layout_set_logo.png 625w" sizes="(max-width: 300px) 100vw, 300px" /></a></p>
<p style="text-align: justify">Esta sección puede contener cuanta información sea de utilidad para las familias a la hora de de iniciar el proceso de escolarización: plazos, documentos, normativa, enlaces, etc.</p>
<p><a href="http://portals.ced.junta-andalucia.es/educacion/portals/web/escolarizacion"><img decoding="async" class="size-medium wp-image-2270 aligncenter" src="https://blogsaverroes.juntadeandalucia.es/colegiorafaelaldehuela/files/2015/03/banner_580x300_mecanica-300x155.jpg" alt="" height="155" width="300" srcset="https://blogsaverroes.juntadeandalucia.es/colegiorafaelaldehuela/files/2015/03/banner_580x300_mecanica-300x155.jpg 300w, https://blogsaverroes.juntadeandalucia.es/colegiorafaelaldehuela/files/2015/03/banner_580x300_mecanica-24x12.jpg 24w, https://blogsaverroes.juntadeandalucia.es/colegiorafaelaldehuela/files/2015/03/banner_580x300_mecanica-36x19.jpg 36w, https://blogsaverroes.juntadeandalucia.es/colegiorafaelaldehuela/files/2015/03/banner_580x300_mecanica-48x25.jpg 48w, https://blogsaverroes.juntadeandalucia.es/colegiorafaelaldehuela/files/2015/03/banner_580x300_mecanica.jpg 581w" sizes="(max-width: 300px) 100vw, 300px" /></a></p>
<h3>Normativa&nbsp;sobre el proceso de escolarización:</h3>
<ul>
<li style="text-align: justify"><a href="http://juntadeandalucia.es/boja/2011/40/d2.pdf">Decreto 40/2011</a>, de 22 de febrero, por el que se regulan los criterios y el procedimiento de admisión del alumnado en los centros docentes públicos y privados concertados para cursar las enseñanzas de segundo ciclo de educación infantil, educación primaria, educación especial, educación secundaria obligatoria y bachillerato. (BOJA 25-02-2011).</li>
<li style="text-align: justify"><a href="http://juntadeandalucia.es/boja/2011/40/d3.pdf">Orden de 24 de febrero de 2011</a>, por la que se desarrolla el procedimiento de admisión del alumnado en los centros docentes públicos y privados concertados para cursar las enseñanzas de segundo ciclo de educación infantil, educación primaria, educación especial, educación secundaria obligatoria y bachillerato.</li>
<li style="text-align: justify"><a href="http://juntadeandalucia.es/eboja/2017/18/BOJA17-018-00001-1136-01_00106530.pdf">Resolución de 16 de enero de 2017</a>, de la Dirección General de Planificación y Centros, por la que se establece el calendario de actuaciones del procedimiento ordinario de admisión del alumnado en los centros docentes públicos y privados concertados para cursar las enseñanzas de segundo ciclo de educación infantil, educación primaria, educación especial, educación secundaria obligatoria y bachillerato para el curso escolar 2017/18.</li>
<li style="text-align: justify"><a href="http://juntadeandalucia.es/eboja/2017/32/BOJA17-032-00009-2528-01_00107898.pdf">Decreto 9/2017, de 31 de enero</a>, por el que se modifica el Decreto 40/2011, de 22 de febrero, por el que se regulan los criterios y el procedimiento de admisión del alumnado en los centros docentes públicos y privados concertados para cursar las enseñanzas de segundo ciclo de educación infantil, educación primaria, educación especial, educación secundaria obligatoria y bachillerato.</li>
<li style="text-align: justify"><a href="http://juntadeandalucia.es/eboja/2017/41/BOJA17-041-00022-3556-01_00108900.pdf">Orden de 24 de febrero de 2017</a>, por la que se modifica la Orden de 24 de febrero de 2011, por la que se desarrolla el procedimiento de admisión del alumnado en los centros docentes públicos y privados concertados para cursar las enseñanzas de segundo ciclo de educación infantil, educación primaria, educación especial, educación secundaria obligatoria y bachillerato.</li>
</ul>

<p>Esta sección puede contener cuanta información sea de utilidad para las familias a la hora de de iniciar el proceso de escolarización: plazos, documentos, normativa, enlaces, etc. Normativa&nbsp;sobre el proceso de escolarización: Decreto 40/2011, de 22 de febrero, por el que se regulan los criterios y el procedimiento de admisión del alumnado en los centros &hellip; <a href="https://blogsaverroes.juntadeandalucia.es/colegiorafaelaldehuela/escolarizacion/" class="more-link">Seguir leyendo <span class="screen-reader-text">Escolarización</span> <span class="meta-nav">&rarr;</span></a></p>
