{"id":198,"date":"2015-03-17T09:55:36","date_gmt":"2015-03-17T09:55:36","guid":{"rendered":"http:\/\/blogsaverroes.juntadeandalucia.es\/pre\/ceip\/?page_id=198"},"modified":"2016-02-07T12:48:16","modified_gmt":"2016-02-07T12:48:16","slug":"que-es-el-ampa","status":"publish","type":"page","link":"https:\/\/blogsaverroes.juntadeandalucia.es\/colegiorafaelaldehuela\/que-es-el-ampa\/","title":{"rendered":"\u00bfQu\u00e9 es el AMPA?"},"content":{"rendered":"<p style=\"text-align: left\"><a href=\"http:\/\/blogsaverroes.juntadeandalucia.es\/colegiorafaelaldehuela\/files\/2015\/03\/familia.png\"><img fetchpriority=\"high\" decoding=\"async\" class=\"aligncenter wp-image-243 size-medium\" src=\"http:\/\/blogsaverroes.juntadeandalucia.es\/colegiorafaelaldehuela\/files\/2015\/03\/familia-300x193.png\" alt=\"\" width=\"300\" height=\"193\" srcset=\"https:\/\/blogsaverroes.juntadeandalucia.es\/colegiorafaelaldehuela\/files\/2015\/03\/familia-300x193.png 300w, https:\/\/blogsaverroes.juntadeandalucia.es\/colegiorafaelaldehuela\/files\/2015\/03\/familia-1024x661.png 1024w, https:\/\/blogsaverroes.juntadeandalucia.es\/colegiorafaelaldehuela\/files\/2015\/03\/familia.png 1280w\" sizes=\"(max-width: 300px) 100vw, 300px\" \/><\/a><\/p>\n<p style=\"text-align: justify\">La A.M.P.A. del Colegio P\u00fablico Rafael Aldehuela no tiene \u00e1nimo de lucro y sus fines se dirigir\u00e1n hacia la libertad y dignidad humanas, en el respeto que la dignidad natural de la personalidad ostenta, sin discriminaci\u00f3n alguna. (art\u00edculo 3 de nuestros Estatutos).<\/p>\n<p style=\"text-align: justify\">Fue fundada el 17 de Marzo de 1984 (acompa\u00f1ando, pues, al centro casi desde el inicio de actividad del mismo), seg\u00fan comprobamos en el acta fundacional custodiada en nuestros archivos. Los primeros Estatutos de nuestra Asociaci\u00f3n fueron aprobados el 24 de Abril de 1984, adecu\u00e1ndose a lo establecido en la Ley 191\/64 de 24 de Diciembre de Asociaciones, y queda inscrita con esa misma fecha en el registro provincial de Asociaciones con el n\u00famero 786.<\/p>\n<p style=\"text-align: justify\">Posteriormente, en Asamblea General celebrada el 14 de Mayo de 1997 se acord\u00f3 la modificaci\u00f3n de Estatutos, los cuales fueron aprobados con fecha 12 de Agosto de 1997. En ellos se acuerda la denominaci\u00f3n de nuestra Asociaci\u00f3n como <span style=\"color: #0000ff\">ASOCIACI\u00d3N DE MADRES Y PADRES DE ALUMNOS\/AS DEL COLEGIO RAFAEL ALDEHUELA.<\/span><\/p>\n<p>Con car\u00e1cter enunciativo, la Asociaci\u00f3n desarrollar\u00e1 los siguientes <span style=\"text-decoration: underline\"><strong>fines<\/strong><\/span>:<\/p>\n<p style=\"text-align: justify\">\u2022 Asistir a los padres\/madres o tutores en todo aquello que concierne a la educaci\u00f3n de sus hijos\/as o pupilos\/as.<\/p>\n<p style=\"text-align: justify\">\u2022 Colaborar en las actividades educativas del Centro.<\/p>\n<p style=\"text-align: justify\">\u2022 Promover la participaci\u00f3n de Padres\/Madres y alumnos\/as en la gesti\u00f3n del Centro.<\/p>\n<p style=\"text-align: justify\">\u2022 Asistir a los Padres\/Madres de alumnos\/as en el ejercicio de su derecho a intervenir en el control y gesti\u00f3n econ\u00f3mica del Centro.<\/p>\n<p style=\"text-align: justify\">\u2022 Facilitar la representaci\u00f3n y participaci\u00f3n de los Padres\/Madres de alumnos\/as en los \u00f3rganos colegiados del Centro.<\/p>\n<p style=\"text-align: justify\">\u2022 En general, cuantas actividades puedan redundar en el beneficio del desarrollo de la personalidad de los miembros de la Asociaci\u00f3n y en su proyecci\u00f3n sobre el Centro, en orden a la mayor perfecci\u00f3n del cumplimiento de su funci\u00f3n formativa.<\/p>\n<p>&nbsp;<\/p>\n<h3>\u00bfPor qu\u00e9 es importante vuestra participaci\u00f3n?<\/h3>\n<p style=\"text-align: justify\">En el colegio existen espacios de participaci\u00f3n, siendo el AMPA \u00a0el \u00fanico espacio de participaci\u00f3n aut\u00f3nomo de padres y madres. El AMPA es importante porque:<\/p>\n<ul>\n<li>Somos corresponsables de la educaci\u00f3n que nuestros hijos\/as reciben en el colegio.<\/li>\n<li>Es un espacio para aportar iniciativas y trabajar con la direcci\u00f3n del Centro, sin depender de esta.<\/li>\n<\/ul>\n<h3>\u00bfC\u00f3mo puedes participar?<\/h3>\n<p style=\"text-align: justify\">Participar en el AMPA es muy f\u00e1cil y cada uno decide el nivel de implicaci\u00f3n.<\/p>\n<ul style=\"text-align: justify\">\n<li>Podemos asociarnos en cualquier momento, aunque se entrega a las familias una ficha de inscripci\u00f3n con la matr\u00edcula en la que se indica la cuota anual por cada familia (la cuota es por familia no por ni\u00f1o\/a).<\/li>\n<li>Podemos tambi\u00e9n participar a trav\u00e9s de las asambleas, incorpor\u00e1ndote a las reuniones\u00a0abiertas que se convoquen.<\/li>\n<li>Podemos colaborar en los diferentes grupos de trabajo o\u00a0en actividades puntuales que se organizan desde el AMPA a lo largo del curso.<\/li>\n<li>Podemos proponer iniciativas, plantear temas de debate, organizar actividades, etc., dirigi\u00e9ndote a cualquier miembro de la junta directiva o a trav\u00e9s del blog.<\/li>\n<\/ul>\n<p style=\"text-align: justify\">Como ves, hay muchas formas de participar y es muy importante que m\u00e1s padres y madres pasemos a la participaci\u00f3n de forma activa y colectiva.<\/p>\n<h3>\u00bfPara qu\u00e9 sirve?<\/h3>\n<ul>\n<li style=\"text-align: justify\">Para defender y velar por el derecho a una educaci\u00f3n de calidad, democr\u00e1tica y cr\u00edtica, atendiendo a las necesidades de todos los ni\u00f1os\/as .<\/li>\n<li style=\"text-align: justify\">Para promover la participaci\u00f3n de padres y madres en la vida del centro, defendiendo los intereses del alumnado y de toda la comunidad educativa.<\/li>\n<li style=\"text-align: justify\">Para buscar soluciones de forma colectiva a temas relacionados con la ense\u00f1anza y educaci\u00f3n de nuestros hijos\/as.<\/li>\n<li style=\"text-align: justify\">Para crear espacios de encuentro y trabajo en el resto de la comunidad educativa y con el entorno.<\/li>\n<li style=\"text-align: justify\">Para crear espacios de reflexi\u00f3n y participaci\u00f3n compartida sobre la educaci\u00f3n de nuestros hijos\/as.<\/li>\n<li style=\"text-align: justify\">Para participar en la gesti\u00f3n del colegio.<\/li>\n<\/ul>\n<h3>\u00bfC\u00f3mo se financia?<\/h3>\n<p style=\"text-align: justify\">El AMPA \u00a0se financia a trav\u00e9s de las cuotas de socios\/as.<\/p>\n<p style=\"text-align: justify\">La cuota de socios\/as es el \u00fanico pago que realizan las familias y que gestiona el AMPA para el beneficio exclusivo de la comunidad educativa y en definitiva de la educaci\u00f3n que reciben\u00a0 nuestros hijos\/as en el centro.<\/p>\n<p style=\"text-align: justify\">As\u00edmismo, la Junta Directiva de la AMPA puede solicitar subvenciones destinadas a la realizaci\u00f3n de distintas actividades que se planteen, siempre en consonancia con los objetivos y fines que desarrolla.<\/p>\n","protected":false},"excerpt":{"rendered":"<p>La A.M.P.A. del Colegio P\u00fablico Rafael Aldehuela no tiene \u00e1nimo de lucro y sus fines se dirigir\u00e1n hacia la libertad y dignidad humanas, en el respeto que la dignidad natural de la personalidad ostenta, sin discriminaci\u00f3n alguna. (art\u00edculo 3 de nuestros Estatutos). Fue fundada el 17 de Marzo de 1984 (acompa\u00f1ando, pues, al centro casi &hellip; <a href=\"https:\/\/blogsaverroes.juntadeandalucia.es\/colegiorafaelaldehuela\/que-es-el-ampa\/\" class=\"more-link\">Seguir leyendo <span class=\"screen-reader-text\">\u00bfQu\u00e9 es el AMPA?<\/span> <span class=\"meta-nav\">&rarr;<\/span><\/a><\/p>\n","protected":false},"author":1,"featured_media":0,"parent":0,"menu_order":0,"comment_status":"open","ping_status":"open","template":"page-templates\/child-menu.php","meta":{"ngg_post_thumbnail":0,"footnotes":"","_mc_calendar":[]},"aioseo_notices":[],"_links":{"self":[{"href":"https:\/\/blogsaverroes.juntadeandalucia.es\/colegiorafaelaldehuela\/wp-json\/wp\/v2\/pages\/198"}],"collection":[{"href":"https:\/\/blogsaverroes.juntadeandalucia.es\/colegiorafaelaldehuela\/wp-json\/wp\/v2\/pages"}],"about":[{"href":"https:\/\/blogsaverroes.juntadeandalucia.es\/colegiorafaelaldehuela\/wp-json\/wp\/v2\/types\/page"}],"author":[{"embeddable":true,"href":"https:\/\/blogsaverroes.juntadeandalucia.es\/colegiorafaelaldehuela\/wp-json\/wp\/v2\/users\/1"}],"replies":[{"embeddable":true,"href":"https:\/\/blogsaverroes.juntadeandalucia.es\/colegiorafaelaldehuela\/wp-json\/wp\/v2\/comments?post=198"}],"version-history":[{"count":4,"href":"https:\/\/blogsaverroes.juntadeandalucia.es\/colegiorafaelaldehuela\/wp-json\/wp\/v2\/pages\/198\/revisions"}],"predecessor-version":[{"id":2212,"href":"https:\/\/blogsaverroes.juntadeandalucia.es\/colegiorafaelaldehuela\/wp-json\/wp\/v2\/pages\/198\/revisions\/2212"}],"wp:attachment":[{"href":"https:\/\/blogsaverroes.juntadeandalucia.es\/colegiorafaelaldehuela\/wp-json\/wp\/v2\/media?parent=198"}],"curies":[{"name":"wp","href":"https:\/\/api.w.org\/{rel}","templated":true}]}}

¿Qué es el AMPA?

<p style="text-align: left"><a href="http://blogsaverroes.juntadeandalucia.es/colegiorafaelaldehuela/files/2015/03/familia.png"><img fetchpriority="high" decoding="async" class="aligncenter wp-image-243 size-medium" src="http://blogsaverroes.juntadeandalucia.es/colegiorafaelaldehuela/files/2015/03/familia-300x193.png" alt="" width="300" height="193" srcset="https://blogsaverroes.juntadeandalucia.es/colegiorafaelaldehuela/files/2015/03/familia-300x193.png 300w, https://blogsaverroes.juntadeandalucia.es/colegiorafaelaldehuela/files/2015/03/familia-1024x661.png 1024w, https://blogsaverroes.juntadeandalucia.es/colegiorafaelaldehuela/files/2015/03/familia.png 1280w" sizes="(max-width: 300px) 100vw, 300px" /></a></p>
<p style="text-align: justify">La A.M.P.A. del Colegio Público Rafael Aldehuela no tiene ánimo de lucro y sus fines se dirigirán hacia la libertad y dignidad humanas, en el respeto que la dignidad natural de la personalidad ostenta, sin discriminación alguna. (artículo 3 de nuestros Estatutos).</p>
<p style="text-align: justify">Fue fundada el 17 de Marzo de 1984 (acompañando, pues, al centro casi desde el inicio de actividad del mismo), según comprobamos en el acta fundacional custodiada en nuestros archivos. Los primeros Estatutos de nuestra Asociación fueron aprobados el 24 de Abril de 1984, adecuándose a lo establecido en la Ley 191/64 de 24 de Diciembre de Asociaciones, y queda inscrita con esa misma fecha en el registro provincial de Asociaciones con el número 786.</p>
<p style="text-align: justify">Posteriormente, en Asamblea General celebrada el 14 de Mayo de 1997 se acordó la modificación de Estatutos, los cuales fueron aprobados con fecha 12 de Agosto de 1997. En ellos se acuerda la denominación de nuestra Asociación como <span style="color: #0000ff">ASOCIACIÓN DE MADRES Y PADRES DE ALUMNOS/AS DEL COLEGIO RAFAEL ALDEHUELA.</span></p>
<p>Con carácter enunciativo, la Asociación desarrollará los siguientes <span style="text-decoration: underline"><strong>fines</strong></span>:</p>
<p style="text-align: justify">• Asistir a los padres/madres o tutores en todo aquello que concierne a la educación de sus hijos/as o pupilos/as.</p>
<p style="text-align: justify">• Colaborar en las actividades educativas del Centro.</p>
<p style="text-align: justify">• Promover la participación de Padres/Madres y alumnos/as en la gestión del Centro.</p>
<p style="text-align: justify">• Asistir a los Padres/Madres de alumnos/as en el ejercicio de su derecho a intervenir en el control y gestión económica del Centro.</p>
<p style="text-align: justify">• Facilitar la representación y participación de los Padres/Madres de alumnos/as en los órganos colegiados del Centro.</p>
<p style="text-align: justify">• En general, cuantas actividades puedan redundar en el beneficio del desarrollo de la personalidad de los miembros de la Asociación y en su proyección sobre el Centro, en orden a la mayor perfección del cumplimiento de su función formativa.</p>
<p>&nbsp;</p>
<h3>¿Por qué es importante vuestra participación?</h3>
<p style="text-align: justify">En el colegio existen espacios de participación, siendo el AMPA  el único espacio de participación autónomo de padres y madres. El AMPA es importante porque:</p>
<ul>
<li>Somos corresponsables de la educación que nuestros hijos/as reciben en el colegio.</li>
<li>Es un espacio para aportar iniciativas y trabajar con la dirección del Centro, sin depender de esta.</li>
</ul>
<h3>¿Cómo puedes participar?</h3>
<p style="text-align: justify">Participar en el AMPA es muy fácil y cada uno decide el nivel de implicación.</p>
<ul style="text-align: justify">
<li>Podemos asociarnos en cualquier momento, aunque se entrega a las familias una ficha de inscripción con la matrícula en la que se indica la cuota anual por cada familia (la cuota es por familia no por niño/a).</li>
<li>Podemos también participar a través de las asambleas, incorporándote a las reuniones abiertas que se convoquen.</li>
<li>Podemos colaborar en los diferentes grupos de trabajo o en actividades puntuales que se organizan desde el AMPA a lo largo del curso.</li>
<li>Podemos proponer iniciativas, plantear temas de debate, organizar actividades, etc., dirigiéndote a cualquier miembro de la junta directiva o a través del blog.</li>
</ul>
<p style="text-align: justify">Como ves, hay muchas formas de participar y es muy importante que más padres y madres pasemos a la participación de forma activa y colectiva.</p>
<h3>¿Para qué sirve?</h3>
<ul>
<li style="text-align: justify">Para defender y velar por el derecho a una educación de calidad, democrática y crítica, atendiendo a las necesidades de todos los niños/as .</li>
<li style="text-align: justify">Para promover la participación de padres y madres en la vida del centro, defendiendo los intereses del alumnado y de toda la comunidad educativa.</li>
<li style="text-align: justify">Para buscar soluciones de forma colectiva a temas relacionados con la enseñanza y educación de nuestros hijos/as.</li>
<li style="text-align: justify">Para crear espacios de encuentro y trabajo en el resto de la comunidad educativa y con el entorno.</li>
<li style="text-align: justify">Para crear espacios de reflexión y participación compartida sobre la educación de nuestros hijos/as.</li>
<li style="text-align: justify">Para participar en la gestión del colegio.</li>
</ul>
<h3>¿Cómo se financia?</h3>
<p style="text-align: justify">El AMPA  se financia a través de las cuotas de socios/as.</p>
<p style="text-align: justify">La cuota de socios/as es el único pago que realizan las familias y que gestiona el AMPA para el beneficio exclusivo de la comunidad educativa y en definitiva de la educación que reciben  nuestros hijos/as en el centro.</p>
<p style="text-align: justify">Asímismo, la Junta Directiva de la AMPA puede solicitar subvenciones destinadas a la realización de distintas actividades que se planteen, siempre en consonancia con los objetivos y fines que desarrolla.</p>

<p>La A.M.P.A. del Colegio Público Rafael Aldehuela no tiene ánimo de lucro y sus fines se dirigirán hacia la libertad y dignidad humanas, en el respeto que la dignidad natural de la personalidad ostenta, sin discriminación alguna. (artículo 3 de nuestros Estatutos). Fue fundada el 17 de Marzo de 1984 (acompañando, pues, al centro casi &hellip; <a href="https://blogsaverroes.juntadeandalucia.es/colegiorafaelaldehuela/que-es-el-ampa/" class="more-link">Seguir leyendo <span class="screen-reader-text">¿Qué es el AMPA?</span> <span class="meta-nav">&rarr;</span></a></p>
