{"id":200,"date":"2015-03-17T10:04:24","date_gmt":"2015-03-17T10:04:24","guid":{"rendered":"http:\/\/blogsaverroes.juntadeandalucia.es\/pre\/ceip\/?page_id=200"},"modified":"2016-02-07T13:21:29","modified_gmt":"2016-02-07T13:21:29","slug":"quienes-formamos-el-ampa","status":"publish","type":"page","link":"https:\/\/blogsaverroes.juntadeandalucia.es\/colegiorafaelaldehuela\/quienes-formamos-el-ampa\/","title":{"rendered":"\u00bfQuienes formamos el AMPA?"},"content":{"rendered":"<p style=\"text-align: justify\">A la Asociaci\u00f3n de Madres y Padres Rafael Aldehuela pertencen, durante el curso escolar 2015\/16, 139 de los 149 alumn@s actuales del Centro.<\/p>\n<p>Est\u00e1 gestionada gestionada en la actualidad por la siguiente <strong>Junta Directiva<\/strong>:<\/p>\n<table style=\"height: 296px\" width=\"412\">\n<tbody>\n<tr>\n<td style=\"text-align: left\">Presidenta:<\/td>\n<td style=\"text-align: left\">D\u00aa Luna Romero Delgado.<\/td>\n<\/tr>\n<tr>\n<td style=\"text-align: left\">Vicepresidenta:<\/td>\n<td style=\"text-align: left\">D\u00aa M\u00aa Carmen C\u00e1rdenas Ruiz.<\/td>\n<\/tr>\n<tr>\n<td style=\"text-align: left\">Tesorera:<\/td>\n<td style=\"text-align: left\">D\u00aa Montserrat Gal\u00e1n Ca\u00f1o.<\/td>\n<\/tr>\n<tr>\n<td style=\"text-align: left\">Secretario:<\/td>\n<td style=\"text-align: left\">D. Francisco Luis L\u00f3pez Cabrera.<\/td>\n<\/tr>\n<tr>\n<td style=\"text-align: left\">Vocales:<\/td>\n<td style=\"text-align: left\">\n<div>D\u00aa Maria Felipa Consuegra Aceituno.<\/div>\n<div>D\u00aa Carmen Espa\u00f1a Vallejo.<\/div>\n<div>D\u00aa Miriam Fuertes Santos.<\/div>\n<div>D\u00aa Sandra Mesa Montiel.<\/div>\n<div>D\u00aa Yolanda P\u00e9rez Escribano.<\/div>\n<div>D\u00aa Carmen Pilar P\u00e9rez Gonz\u00e1lez.<\/div>\n<div>D\u00aa Beatriz Serrano \u00c1vila.<\/div>\n<\/td>\n<\/tr>\n<\/tbody>\n<\/table>\n<p>Puedes ponerte en contacto con nosotros\/as en el email:\u00a0________________________<\/p>\n<p>&nbsp;<\/p>\n","protected":false},"excerpt":{"rendered":"<p>A la Asociaci\u00f3n de Madres y Padres Rafael Aldehuela pertencen, durante el curso escolar 2015\/16, 139 de los 149 alumn@s actuales del Centro. Est\u00e1 gestionada gestionada en la actualidad por la siguiente Junta Directiva: Presidenta: D\u00aa Luna Romero Delgado. Vicepresidenta: D\u00aa M\u00aa Carmen C\u00e1rdenas Ruiz. Tesorera: D\u00aa Montserrat Gal\u00e1n Ca\u00f1o. Secretario: D. Francisco Luis L\u00f3pez &hellip; <a href=\"https:\/\/blogsaverroes.juntadeandalucia.es\/colegiorafaelaldehuela\/quienes-formamos-el-ampa\/\" class=\"more-link\">Seguir leyendo <span class=\"screen-reader-text\">\u00bfQuienes formamos el AMPA?<\/span> <span class=\"meta-nav\">&rarr;<\/span><\/a><\/p>\n","protected":false},"author":1,"featured_media":0,"parent":0,"menu_order":0,"comment_status":"open","ping_status":"open","template":"page-templates\/child-menu.php","meta":{"ngg_post_thumbnail":0,"footnotes":"","_mc_calendar":[]},"aioseo_notices":[],"_links":{"self":[{"href":"https:\/\/blogsaverroes.juntadeandalucia.es\/colegiorafaelaldehuela\/wp-json\/wp\/v2\/pages\/200"}],"collection":[{"href":"https:\/\/blogsaverroes.juntadeandalucia.es\/colegiorafaelaldehuela\/wp-json\/wp\/v2\/pages"}],"about":[{"href":"https:\/\/blogsaverroes.juntadeandalucia.es\/colegiorafaelaldehuela\/wp-json\/wp\/v2\/types\/page"}],"author":[{"embeddable":true,"href":"https:\/\/blogsaverroes.juntadeandalucia.es\/colegiorafaelaldehuela\/wp-json\/wp\/v2\/users\/1"}],"replies":[{"embeddable":true,"href":"https:\/\/blogsaverroes.juntadeandalucia.es\/colegiorafaelaldehuela\/wp-json\/wp\/v2\/comments?post=200"}],"version-history":[{"count":4,"href":"https:\/\/blogsaverroes.juntadeandalucia.es\/colegiorafaelaldehuela\/wp-json\/wp\/v2\/pages\/200\/revisions"}],"predecessor-version":[{"id":2214,"href":"https:\/\/blogsaverroes.juntadeandalucia.es\/colegiorafaelaldehuela\/wp-json\/wp\/v2\/pages\/200\/revisions\/2214"}],"wp:attachment":[{"href":"https:\/\/blogsaverroes.juntadeandalucia.es\/colegiorafaelaldehuela\/wp-json\/wp\/v2\/media?parent=200"}],"curies":[{"name":"wp","href":"https:\/\/api.w.org\/{rel}","templated":true}]}}

<p style="text-align: justify">A la Asociación de Madres y Padres Rafael Aldehuela pertencen, durante el curso escolar 2015/16, 139 de los 149 alumn@s actuales del Centro.</p>
<p>Está gestionada gestionada en la actualidad por la siguiente <strong>Junta Directiva</strong>:</p>
<table style="height: 296px" width="412">
<tbody>
<tr>
<td style="text-align: left">Presidenta:</td>
<td style="text-align: left">Dª Luna Romero Delgado.</td>
</tr>
<tr>
<td style="text-align: left">Vicepresidenta:</td>
<td style="text-align: left">Dª Mª Carmen Cárdenas Ruiz.</td>
</tr>
<tr>
<td style="text-align: left">Tesorera:</td>
<td style="text-align: left">Dª Montserrat Galán Caño.</td>
</tr>
<tr>
<td style="text-align: left">Secretario:</td>
<td style="text-align: left">D. Francisco Luis López Cabrera.</td>
</tr>
<tr>
<td style="text-align: left">Vocales:</td>
<td style="text-align: left">
<div>Dª Maria Felipa Consuegra Aceituno.</div>
<div>Dª Carmen España Vallejo.</div>
<div>Dª Miriam Fuertes Santos.</div>
<div>Dª Sandra Mesa Montiel.</div>
<div>Dª Yolanda Pérez Escribano.</div>
<div>Dª Carmen Pilar Pérez González.</div>
<div>Dª Beatriz Serrano Ávila.</div>
</td>
</tr>
</tbody>
</table>
<p>Puedes ponerte en contacto con nosotros/as en el email: ________________________</p>
<p>&nbsp;</p>

<p>A la Asociación de Madres y Padres Rafael Aldehuela pertencen, durante el curso escolar 2015/16, 139 de los 149 alumn@s actuales del Centro. Está gestionada gestionada en la actualidad por la siguiente Junta Directiva: Presidenta: Dª Luna Romero Delgado. Vicepresidenta: Dª Mª Carmen Cárdenas Ruiz. Tesorera: Dª Montserrat Galán Caño. Secretario: D. Francisco Luis López &hellip; <a href="https://blogsaverroes.juntadeandalucia.es/colegiorafaelaldehuela/quienes-formamos-el-ampa/" class="more-link">Seguir leyendo <span class="screen-reader-text">¿Quienes formamos el AMPA?</span> <span class="meta-nav">&rarr;</span></a></p>
