{"id":871,"date":"2015-03-16T07:25:46","date_gmt":"2015-03-16T07:25:46","guid":{"rendered":"http:\/\/blogsaverroes.juntadeandalucia.es\/pre\/ceip\/?page_id=106"},"modified":"2016-02-05T21:56:07","modified_gmt":"2016-02-05T21:56:07","slug":"actividades-extraescolares","status":"publish","type":"page","link":"https:\/\/blogsaverroes.juntadeandalucia.es\/colegiorafaelaldehuela\/actividades-extraescolares\/","title":{"rendered":"Actividades extraescolares"},"content":{"rendered":"<h4>Actividades extraescolares<\/h4>\n<figure id=\"attachment_2145\" aria-describedby=\"caption-attachment-2145\" style=\"width: 300px\" class=\"wp-caption aligncenter\"><a href=\"http:\/\/blogsaverroes.juntadeandalucia.es\/colegiorafaelaldehuela\/files\/2015\/05\/Escenariob.jpg\"><img decoding=\"async\" class=\"wp-image-2145 size-medium\" src=\"http:\/\/blogsaverroes.juntadeandalucia.es\/colegiorafaelaldehuela\/files\/2015\/05\/Escenariob-300x142.jpg\" alt=\"\" width=\"300\" height=\"142\" srcset=\"https:\/\/blogsaverroes.juntadeandalucia.es\/colegiorafaelaldehuela\/files\/2015\/05\/Escenariob-300x142.jpg 300w, https:\/\/blogsaverroes.juntadeandalucia.es\/colegiorafaelaldehuela\/files\/2015\/05\/Escenariob-520x245.jpg 520w, https:\/\/blogsaverroes.juntadeandalucia.es\/colegiorafaelaldehuela\/files\/2015\/05\/Escenariob.jpg 720w\" sizes=\"(max-width: 300px) 100vw, 300px\" \/><\/a><figcaption id=\"caption-attachment-2145\" class=\"wp-caption-text\">Escenario<\/figcaption><\/figure>\n<p style=\"text-align: justify\">Nuestro Centro no tiene aprobado el Plan de actividades extraescolares aunque, tal y como se ha indicado anteriormente, se desarrolla en la actualidad el programa Deporte en la Escuela.<\/p>\n<p style=\"text-align: left\">El horario de dicha actividad es el que se refleja en el cuadro siguiente:<\/p>\n<table style=\"height: 62px\" width=\"485\">\n<tbody>\n<tr>\n<td>Grupo I<\/td>\n<td>Martes y Jueves<\/td>\n<td style=\"text-align: left\">4 a 5 tarde.<\/td>\n<\/tr>\n<tr>\n<td>Grupo II<\/td>\n<td>Martes y Jueves<\/td>\n<td style=\"text-align: left\">5 a 6 tarde.<\/td>\n<\/tr>\n<\/tbody>\n<\/table>\n<p style=\"text-align: justify\">La AMPA del Centro desarrolla as\u00edduamente talleres destinados al alumnado del Centro. En sus p\u00e1ginas, dentro de nuestro blog, recibir\u00e1s informaci\u00f3n detallada de las mismas.<\/p>\n<p style=\"text-align: justify\">Para terminar, os dejamos un enlace a la actividad final de curso del a\u00f1o 2014, que repetimos en las actividades de inauguraci\u00f3n del teatro municipal de Alcaudete.<\/p>\n<p>https:\/\/www.youtube.com\/watch?v=2EmZTw84KQY<\/p>\n","protected":false},"excerpt":{"rendered":"<p>Actividades extraescolares Nuestro Centro no tiene aprobado el Plan de actividades extraescolares aunque, tal y como se ha indicado anteriormente, se desarrolla en la actualidad el programa Deporte en la Escuela. El horario de dicha actividad es el que se refleja en el cuadro siguiente: Grupo I Martes y Jueves 4 a 5 tarde. Grupo &hellip; <a href=\"https:\/\/blogsaverroes.juntadeandalucia.es\/colegiorafaelaldehuela\/actividades-extraescolares\/\" class=\"more-link\">Seguir leyendo <span class=\"screen-reader-text\">Actividades extraescolares<\/span> <span class=\"meta-nav\">&rarr;<\/span><\/a><\/p>\n","protected":false},"author":1,"featured_media":0,"parent":0,"menu_order":0,"comment_status":"open","ping_status":"open","template":"page-templates\/child-menu.php","meta":{"ngg_post_thumbnail":0,"footnotes":"","_mc_calendar":[]},"aioseo_notices":[],"_links":{"self":[{"href":"https:\/\/blogsaverroes.juntadeandalucia.es\/colegiorafaelaldehuela\/wp-json\/wp\/v2\/pages\/871"}],"collection":[{"href":"https:\/\/blogsaverroes.juntadeandalucia.es\/colegiorafaelaldehuela\/wp-json\/wp\/v2\/pages"}],"about":[{"href":"https:\/\/blogsaverroes.juntadeandalucia.es\/colegiorafaelaldehuela\/wp-json\/wp\/v2\/types\/page"}],"author":[{"embeddable":true,"href":"https:\/\/blogsaverroes.juntadeandalucia.es\/colegiorafaelaldehuela\/wp-json\/wp\/v2\/users\/1"}],"replies":[{"embeddable":true,"href":"https:\/\/blogsaverroes.juntadeandalucia.es\/colegiorafaelaldehuela\/wp-json\/wp\/v2\/comments?post=871"}],"version-history":[{"count":10,"href":"https:\/\/blogsaverroes.juntadeandalucia.es\/colegiorafaelaldehuela\/wp-json\/wp\/v2\/pages\/871\/revisions"}],"predecessor-version":[{"id":2203,"href":"https:\/\/blogsaverroes.juntadeandalucia.es\/colegiorafaelaldehuela\/wp-json\/wp\/v2\/pages\/871\/revisions\/2203"}],"wp:attachment":[{"href":"https:\/\/blogsaverroes.juntadeandalucia.es\/colegiorafaelaldehuela\/wp-json\/wp\/v2\/media?parent=871"}],"curies":[{"name":"wp","href":"https:\/\/api.w.org\/{rel}","templated":true}]}}