{"id":321,"date":"2020-01-27T17:18:15","date_gmt":"2020-01-27T16:18:15","guid":{"rendered":"https:\/\/blogsaverroes.juntadeandalucia.es\/colegioramongarcia\/?page_id=321"},"modified":"2024-01-19T20:05:16","modified_gmt":"2024-01-19T19:05:16","slug":"saludo-del-equipo-directivo","status":"publish","type":"page","link":"https:\/\/blogsaverroes.juntadeandalucia.es\/colegioramongarcia\/saludo-del-equipo-directivo\/","title":{"rendered":"Saludo del Equipo Directivo"},"content":{"rendered":"<div id=\"tituloItem\" class=\"blockTituloItem\">El &nbsp;equipo directivo del C.E.I.P. Ram\u00f3n Garc\u00eda,<\/div>\n<div id=\"contenido_sitio\">\n<p class=\"yiv1133305417msonormal\">Saluda a la comunidad educativa del centro y da a todos sus miembros la bienvenida al curso 2.023-2.024.<\/p>\n<p class=\"yiv1133305417msonormal\">Con el reto de aunar la tradici\u00f3n educativa de esta escuela con nuevas inquietudes, valorando lo realizado hasta la fecha por todos los que han pasado por el centro y teniendo en cuenta las aportaciones de quienes se van sumando al mismo, este equipo directivo se pone a su disposici\u00f3n en beneficio de la buena marcha del curso y de la formaci\u00f3n de nuestro alumnado.<\/p>\n<p class=\"yiv1133305417msonormal\">Asumimos los importantes planes y proyectos ya iniciados, como el&nbsp;<span lang=\"ES-TRAD\">Aula Matinal, Comedor Escolar, Actividades Extraescolares, Biling\u00fcismo-Franc\u00e9s, Biling\u00fcismo-Ingl\u00e9s, Escuela TIC 2.0 , Creciendo en Salud y Escuelas Deportivas, gracias al excelente equipo humano que los hace posible <\/span>y con el compromiso de que nuestro trabajo vaya acompa\u00f1ado del respeto y la cordialidad que toda la comunidad merece.<\/p>\n<p class=\"yiv1133305417msonormal\"><span lang=\"ES-TRAD\">Ponemos asimismo a su disposici\u00f3n esta p\u00e1gina web, que esperamos les resulte de utilidad para conocer y participar en el centro.<\/span><\/p>\n<p class=\"yiv1133305417msonormal\"><span lang=\"ES-TRAD\">&nbsp;<\/span><span lang=\"ES-TRAD\">Atentamente,<\/span><\/p>\n<p>Lorena Holgado Ben\u00edtez, Directora.<br \/>\nSara Garc\u00eda Peralta, Jefa de Estudios.<br \/>\nRosa Lorente Mac\u00edas, Secretaria.<br \/>\n&nbsp;<br \/>\n&nbsp;<\/p>\n<h3 class=\"yiv1133305417msonormal\"><strong>Horario de atenci\u00f3n&nbsp;(solicitar cita previamente):<\/strong><\/h3>\n<h4 class=\"yiv1133305417msonormal\"><strong>&nbsp;<\/strong><strong>Direcci\u00f3n:<\/strong><\/h4>\n<p class=\"yiv1133305417msonormal\">De lunes a viernes.<\/p>\n<h4 class=\"yiv1133305417msonormal\"><strong>Jefatura de Estudios:<\/strong><\/h4>\n<p class=\"yiv1133305417msonormal\">De lunes a viernes.<\/p>\n<h4 class=\"yiv1133305417msonormal\"><strong>Secretar\u00eda:<\/strong><\/h4>\n<p class=\"yiv1133305417msonormal\">De lunes a viernes<\/p>\n<p class=\"yiv1133305417msonormal\"><span lang=\"ES-TRAD\">&nbsp;<\/span><\/p>\n<p class=\"yiv1133305417msonormal\"><span lang=\"ES-TRAD\">Correo electr\u00f3nico de contacto:&nbsp;<a href=\"http:\/\/es.mc1715.mail.yahoo.com\/mc\/compose?to=29010262.edu@juntadeandalucia.es\" target=\"_blank\" rel=\"noopener noreferrer\">29010262.edu@juntadeandalucia.es<\/a><\/span><\/p>\n<\/div>\n","protected":false},"excerpt":{"rendered":"<p>El &nbsp;equipo directivo del C.E.I.P. Ram\u00f3n Garc\u00eda, Saluda a la comunidad educativa del centro y da a todos sus miembros la bienvenida al curso 2.023-2.024. Con el reto de aunar la tradici\u00f3n educativa de&#46;&#46;&#46;<\/p>\n","protected":false},"author":4815,"featured_media":0,"parent":0,"menu_order":0,"comment_status":"closed","ping_status":"closed","template":"","meta":{"ngg_post_thumbnail":0,"footnotes":"","_mc_calendar":[]},"aioseo_notices":[],"_links":{"self":[{"href":"https:\/\/blogsaverroes.juntadeandalucia.es\/colegioramongarcia\/wp-json\/wp\/v2\/pages\/321"}],"collection":[{"href":"https:\/\/blogsaverroes.juntadeandalucia.es\/colegioramongarcia\/wp-json\/wp\/v2\/pages"}],"about":[{"href":"https:\/\/blogsaverroes.juntadeandalucia.es\/colegioramongarcia\/wp-json\/wp\/v2\/types\/page"}],"author":[{"embeddable":true,"href":"https:\/\/blogsaverroes.juntadeandalucia.es\/colegioramongarcia\/wp-json\/wp\/v2\/users\/4815"}],"replies":[{"embeddable":true,"href":"https:\/\/blogsaverroes.juntadeandalucia.es\/colegioramongarcia\/wp-json\/wp\/v2\/comments?post=321"}],"version-history":[{"count":9,"href":"https:\/\/blogsaverroes.juntadeandalucia.es\/colegioramongarcia\/wp-json\/wp\/v2\/pages\/321\/revisions"}],"predecessor-version":[{"id":1525,"href":"https:\/\/blogsaverroes.juntadeandalucia.es\/colegioramongarcia\/wp-json\/wp\/v2\/pages\/321\/revisions\/1525"}],"wp:attachment":[{"href":"https:\/\/blogsaverroes.juntadeandalucia.es\/colegioramongarcia\/wp-json\/wp\/v2\/media?parent=321"}],"curies":[{"name":"wp","href":"https:\/\/api.w.org\/{rel}","templated":true}]}}

<div id="tituloItem" class="blockTituloItem">El &nbsp;equipo directivo del C.E.I.P. Ramón García,</div>
<div id="contenido_sitio">
<p class="yiv1133305417msonormal">Saluda a la comunidad educativa del centro y da a todos sus miembros la bienvenida al curso 2.023-2.024.</p>
<p class="yiv1133305417msonormal">Con el reto de aunar la tradición educativa de esta escuela con nuevas inquietudes, valorando lo realizado hasta la fecha por todos los que han pasado por el centro y teniendo en cuenta las aportaciones de quienes se van sumando al mismo, este equipo directivo se pone a su disposición en beneficio de la buena marcha del curso y de la formación de nuestro alumnado.</p>
<p class="yiv1133305417msonormal">Asumimos los importantes planes y proyectos ya iniciados, como el&nbsp;<span lang="ES-TRAD">Aula Matinal, Comedor Escolar, Actividades Extraescolares, Bilingüismo-Francés, Bilingüismo-Inglés, Escuela TIC 2.0 , Creciendo en Salud y Escuelas Deportivas, gracias al excelente equipo humano que los hace posible </span>y con el compromiso de que nuestro trabajo vaya acompañado del respeto y la cordialidad que toda la comunidad merece.</p>
<p class="yiv1133305417msonormal"><span lang="ES-TRAD">Ponemos asimismo a su disposición esta página web, que esperamos les resulte de utilidad para conocer y participar en el centro.</span></p>
<p class="yiv1133305417msonormal"><span lang="ES-TRAD">&nbsp;</span><span lang="ES-TRAD">Atentamente,</span></p>
<p>Lorena Holgado Benítez, Directora.<br />
Sara García Peralta, Jefa de Estudios.<br />
Rosa Lorente Macías, Secretaria.<br />
&nbsp;<br />
&nbsp;</p>
<h3 class="yiv1133305417msonormal"><strong>Horario de atención&nbsp;(solicitar cita previamente):</strong></h3>
<h4 class="yiv1133305417msonormal"><strong>&nbsp;</strong><strong>Dirección:</strong></h4>
<p class="yiv1133305417msonormal">De lunes a viernes.</p>
<h4 class="yiv1133305417msonormal"><strong>Jefatura de Estudios:</strong></h4>
<p class="yiv1133305417msonormal">De lunes a viernes.</p>
<h4 class="yiv1133305417msonormal"><strong>Secretaría:</strong></h4>
<p class="yiv1133305417msonormal">De lunes a viernes</p>
<p class="yiv1133305417msonormal"><span lang="ES-TRAD">&nbsp;</span></p>
<p class="yiv1133305417msonormal"><span lang="ES-TRAD">Correo electrónico de contacto:&nbsp;<a href="http://es.mc1715.mail.yahoo.com/mc/compose?to=29010262.edu@juntadeandalucia.es" target="_blank" rel="noopener noreferrer">29010262.edu@juntadeandalucia.es</a></span></p>
</div>

<p>El &nbsp;equipo directivo del C.E.I.P. Ramón García, Saluda a la comunidad educativa del centro y da a todos sus miembros la bienvenida al curso 2.023-2.024. Con el reto de aunar la tradición educativa de&#46;&#46;&#46;</p>
