{"id":381,"date":"2020-02-10T17:01:51","date_gmt":"2020-02-10T16:01:51","guid":{"rendered":"https:\/\/blogsaverroes.juntadeandalucia.es\/colegioramongarcia\/?page_id=381"},"modified":"2024-01-19T19:59:26","modified_gmt":"2024-01-19T18:59:26","slug":"aula-matinal","status":"publish","type":"page","link":"https:\/\/blogsaverroes.juntadeandalucia.es\/colegioramongarcia\/aula-matinal\/","title":{"rendered":"Aula Matinal"},"content":{"rendered":"<p style=\"font-weight: 400\">&nbsp;El objetivo del servicio de&nbsp;<strong>Aula Matinal<\/strong> es atender a los alumnos\/as desde las 7:30 de la ma\u00f1ana hasta la hora de comienzo de las clases (9:00). Durante este tiempo los ni\u00f1os y ni\u00f1as realizan actividades y juegos y refuerzan sus h\u00e1bitos diarios de salud e higiene.<\/p>\n<p style=\"font-weight: 400\">&nbsp;&nbsp;&nbsp;El Aula matinal es atendida por Laura, M\u00f3nica&nbsp; e Isabel . Aqu\u00ed mostramos algunas de las actividades que han realizado con los alumnos\/as:<\/p>\n<p><img loading=\"lazy\" decoding=\"async\" class=\"alignnone wp-image-389 aligncenter\" src=\"https:\/\/blogsaverroes.juntadeandalucia.es\/colegioramongarcia\/files\/2020\/02\/Aula_Matinal_1-300x229.jpg\" alt=\"\" width=\"699\" height=\"533\" srcset=\"https:\/\/blogsaverroes.juntadeandalucia.es\/colegioramongarcia\/files\/2020\/02\/Aula_Matinal_1-300x229.jpg 300w, https:\/\/blogsaverroes.juntadeandalucia.es\/colegioramongarcia\/files\/2020\/02\/Aula_Matinal_1-768x586.jpg 768w, https:\/\/blogsaverroes.juntadeandalucia.es\/colegioramongarcia\/files\/2020\/02\/Aula_Matinal_1-24x18.jpg 24w, https:\/\/blogsaverroes.juntadeandalucia.es\/colegioramongarcia\/files\/2020\/02\/Aula_Matinal_1-36x27.jpg 36w, https:\/\/blogsaverroes.juntadeandalucia.es\/colegioramongarcia\/files\/2020\/02\/Aula_Matinal_1-48x37.jpg 48w, https:\/\/blogsaverroes.juntadeandalucia.es\/colegioramongarcia\/files\/2020\/02\/Aula_Matinal_1.jpg 878w\" sizes=\"(max-width: 699px) 100vw, 699px\" \/><\/p>\n<p style=\"text-align: center\"><img loading=\"lazy\" decoding=\"async\" class=\"alignnone wp-image-390\" src=\"https:\/\/blogsaverroes.juntadeandalucia.es\/colegioramongarcia\/files\/2020\/02\/Aula_Matinal_2-300x229.jpg\" alt=\"\" width=\"718\" height=\"548\" srcset=\"https:\/\/blogsaverroes.juntadeandalucia.es\/colegioramongarcia\/files\/2020\/02\/Aula_Matinal_2-300x229.jpg 300w, https:\/\/blogsaverroes.juntadeandalucia.es\/colegioramongarcia\/files\/2020\/02\/Aula_Matinal_2-768x587.jpg 768w, https:\/\/blogsaverroes.juntadeandalucia.es\/colegioramongarcia\/files\/2020\/02\/Aula_Matinal_2-24x18.jpg 24w, https:\/\/blogsaverroes.juntadeandalucia.es\/colegioramongarcia\/files\/2020\/02\/Aula_Matinal_2-36x28.jpg 36w, https:\/\/blogsaverroes.juntadeandalucia.es\/colegioramongarcia\/files\/2020\/02\/Aula_Matinal_2-48x37.jpg 48w, https:\/\/blogsaverroes.juntadeandalucia.es\/colegioramongarcia\/files\/2020\/02\/Aula_Matinal_2.jpg 892w\" sizes=\"(max-width: 718px) 100vw, 718px\" \/><\/p>\n<p style=\"text-align: center\"><img loading=\"lazy\" decoding=\"async\" class=\"alignnone wp-image-391\" src=\"https:\/\/blogsaverroes.juntadeandalucia.es\/colegioramongarcia\/files\/2020\/02\/Aula_Matinal_3-300x227.jpg\" alt=\"\" width=\"708\" height=\"536\" srcset=\"https:\/\/blogsaverroes.juntadeandalucia.es\/colegioramongarcia\/files\/2020\/02\/Aula_Matinal_3-300x227.jpg 300w, https:\/\/blogsaverroes.juntadeandalucia.es\/colegioramongarcia\/files\/2020\/02\/Aula_Matinal_3-768x582.jpg 768w, https:\/\/blogsaverroes.juntadeandalucia.es\/colegioramongarcia\/files\/2020\/02\/Aula_Matinal_3-24x18.jpg 24w, https:\/\/blogsaverroes.juntadeandalucia.es\/colegioramongarcia\/files\/2020\/02\/Aula_Matinal_3-36x27.jpg 36w, https:\/\/blogsaverroes.juntadeandalucia.es\/colegioramongarcia\/files\/2020\/02\/Aula_Matinal_3-48x36.jpg 48w, https:\/\/blogsaverroes.juntadeandalucia.es\/colegioramongarcia\/files\/2020\/02\/Aula_Matinal_3.jpg 875w\" sizes=\"(max-width: 708px) 100vw, 708px\" \/><\/p>\n<p><img loading=\"lazy\" decoding=\"async\" class=\"alignnone wp-image-392 aligncenter\" src=\"https:\/\/blogsaverroes.juntadeandalucia.es\/colegioramongarcia\/files\/2020\/02\/Aula_Matinal_4-300x151.jpg\" alt=\"\" width=\"710\" height=\"357\" srcset=\"https:\/\/blogsaverroes.juntadeandalucia.es\/colegioramongarcia\/files\/2020\/02\/Aula_Matinal_4-300x151.jpg 300w, https:\/\/blogsaverroes.juntadeandalucia.es\/colegioramongarcia\/files\/2020\/02\/Aula_Matinal_4-768x386.jpg 768w, https:\/\/blogsaverroes.juntadeandalucia.es\/colegioramongarcia\/files\/2020\/02\/Aula_Matinal_4-24x12.jpg 24w, https:\/\/blogsaverroes.juntadeandalucia.es\/colegioramongarcia\/files\/2020\/02\/Aula_Matinal_4-36x18.jpg 36w, https:\/\/blogsaverroes.juntadeandalucia.es\/colegioramongarcia\/files\/2020\/02\/Aula_Matinal_4-48x24.jpg 48w, https:\/\/blogsaverroes.juntadeandalucia.es\/colegioramongarcia\/files\/2020\/02\/Aula_Matinal_4.jpg 881w\" sizes=\"(max-width: 710px) 100vw, 710px\" \/><\/p>\n","protected":false},"excerpt":{"rendered":"<p>&nbsp;El objetivo del servicio de&nbsp;Aula Matinal es atender a los alumnos\/as desde las 7:30 de la ma\u00f1ana hasta la hora de comienzo de las clases (9:00). Durante este tiempo los ni\u00f1os y ni\u00f1as realizan&#46;&#46;&#46;<\/p>\n","protected":false},"author":4815,"featured_media":0,"parent":0,"menu_order":0,"comment_status":"closed","ping_status":"closed","template":"","meta":{"ngg_post_thumbnail":0,"footnotes":"","_mc_calendar":[]},"aioseo_notices":[],"_links":{"self":[{"href":"https:\/\/blogsaverroes.juntadeandalucia.es\/colegioramongarcia\/wp-json\/wp\/v2\/pages\/381"}],"collection":[{"href":"https:\/\/blogsaverroes.juntadeandalucia.es\/colegioramongarcia\/wp-json\/wp\/v2\/pages"}],"about":[{"href":"https:\/\/blogsaverroes.juntadeandalucia.es\/colegioramongarcia\/wp-json\/wp\/v2\/types\/page"}],"author":[{"embeddable":true,"href":"https:\/\/blogsaverroes.juntadeandalucia.es\/colegioramongarcia\/wp-json\/wp\/v2\/users\/4815"}],"replies":[{"embeddable":true,"href":"https:\/\/blogsaverroes.juntadeandalucia.es\/colegioramongarcia\/wp-json\/wp\/v2\/comments?post=381"}],"version-history":[{"count":6,"href":"https:\/\/blogsaverroes.juntadeandalucia.es\/colegioramongarcia\/wp-json\/wp\/v2\/pages\/381\/revisions"}],"predecessor-version":[{"id":1523,"href":"https:\/\/blogsaverroes.juntadeandalucia.es\/colegioramongarcia\/wp-json\/wp\/v2\/pages\/381\/revisions\/1523"}],"wp:attachment":[{"href":"https:\/\/blogsaverroes.juntadeandalucia.es\/colegioramongarcia\/wp-json\/wp\/v2\/media?parent=381"}],"curies":[{"name":"wp","href":"https:\/\/api.w.org\/{rel}","templated":true}]}}

<p style="font-weight: 400">&nbsp;El objetivo del servicio de&nbsp;<strong>Aula Matinal</strong> es atender a los alumnos/as desde las 7:30 de la mañana hasta la hora de comienzo de las clases (9:00). Durante este tiempo los niños y niñas realizan actividades y juegos y refuerzan sus hábitos diarios de salud e higiene.</p>
<p style="font-weight: 400">&nbsp;&nbsp;&nbsp;El Aula matinal es atendida por Laura, Mónica&nbsp; e Isabel . Aquí mostramos algunas de las actividades que han realizado con los alumnos/as:</p>
<p><img loading="lazy" decoding="async" class="alignnone wp-image-389 aligncenter" src="https://blogsaverroes.juntadeandalucia.es/colegioramongarcia/files/2020/02/Aula_Matinal_1-300x229.jpg" alt="" width="699" height="533" srcset="https://blogsaverroes.juntadeandalucia.es/colegioramongarcia/files/2020/02/Aula_Matinal_1-300x229.jpg 300w, https://blogsaverroes.juntadeandalucia.es/colegioramongarcia/files/2020/02/Aula_Matinal_1-768x586.jpg 768w, https://blogsaverroes.juntadeandalucia.es/colegioramongarcia/files/2020/02/Aula_Matinal_1-24x18.jpg 24w, https://blogsaverroes.juntadeandalucia.es/colegioramongarcia/files/2020/02/Aula_Matinal_1-36x27.jpg 36w, https://blogsaverroes.juntadeandalucia.es/colegioramongarcia/files/2020/02/Aula_Matinal_1-48x37.jpg 48w, https://blogsaverroes.juntadeandalucia.es/colegioramongarcia/files/2020/02/Aula_Matinal_1.jpg 878w" sizes="(max-width: 699px) 100vw, 699px" /></p>
<p style="text-align: center"><img loading="lazy" decoding="async" class="alignnone wp-image-390" src="https://blogsaverroes.juntadeandalucia.es/colegioramongarcia/files/2020/02/Aula_Matinal_2-300x229.jpg" alt="" width="718" height="548" srcset="https://blogsaverroes.juntadeandalucia.es/colegioramongarcia/files/2020/02/Aula_Matinal_2-300x229.jpg 300w, https://blogsaverroes.juntadeandalucia.es/colegioramongarcia/files/2020/02/Aula_Matinal_2-768x587.jpg 768w, https://blogsaverroes.juntadeandalucia.es/colegioramongarcia/files/2020/02/Aula_Matinal_2-24x18.jpg 24w, https://blogsaverroes.juntadeandalucia.es/colegioramongarcia/files/2020/02/Aula_Matinal_2-36x28.jpg 36w, https://blogsaverroes.juntadeandalucia.es/colegioramongarcia/files/2020/02/Aula_Matinal_2-48x37.jpg 48w, https://blogsaverroes.juntadeandalucia.es/colegioramongarcia/files/2020/02/Aula_Matinal_2.jpg 892w" sizes="(max-width: 718px) 100vw, 718px" /></p>
<p style="text-align: center"><img loading="lazy" decoding="async" class="alignnone wp-image-391" src="https://blogsaverroes.juntadeandalucia.es/colegioramongarcia/files/2020/02/Aula_Matinal_3-300x227.jpg" alt="" width="708" height="536" srcset="https://blogsaverroes.juntadeandalucia.es/colegioramongarcia/files/2020/02/Aula_Matinal_3-300x227.jpg 300w, https://blogsaverroes.juntadeandalucia.es/colegioramongarcia/files/2020/02/Aula_Matinal_3-768x582.jpg 768w, https://blogsaverroes.juntadeandalucia.es/colegioramongarcia/files/2020/02/Aula_Matinal_3-24x18.jpg 24w, https://blogsaverroes.juntadeandalucia.es/colegioramongarcia/files/2020/02/Aula_Matinal_3-36x27.jpg 36w, https://blogsaverroes.juntadeandalucia.es/colegioramongarcia/files/2020/02/Aula_Matinal_3-48x36.jpg 48w, https://blogsaverroes.juntadeandalucia.es/colegioramongarcia/files/2020/02/Aula_Matinal_3.jpg 875w" sizes="(max-width: 708px) 100vw, 708px" /></p>
<p><img loading="lazy" decoding="async" class="alignnone wp-image-392 aligncenter" src="https://blogsaverroes.juntadeandalucia.es/colegioramongarcia/files/2020/02/Aula_Matinal_4-300x151.jpg" alt="" width="710" height="357" srcset="https://blogsaverroes.juntadeandalucia.es/colegioramongarcia/files/2020/02/Aula_Matinal_4-300x151.jpg 300w, https://blogsaverroes.juntadeandalucia.es/colegioramongarcia/files/2020/02/Aula_Matinal_4-768x386.jpg 768w, https://blogsaverroes.juntadeandalucia.es/colegioramongarcia/files/2020/02/Aula_Matinal_4-24x12.jpg 24w, https://blogsaverroes.juntadeandalucia.es/colegioramongarcia/files/2020/02/Aula_Matinal_4-36x18.jpg 36w, https://blogsaverroes.juntadeandalucia.es/colegioramongarcia/files/2020/02/Aula_Matinal_4-48x24.jpg 48w, https://blogsaverroes.juntadeandalucia.es/colegioramongarcia/files/2020/02/Aula_Matinal_4.jpg 881w" sizes="(max-width: 710px) 100vw, 710px" /></p>

<p>&nbsp;El objetivo del servicio de&nbsp;Aula Matinal es atender a los alumnos/as desde las 7:30 de la mañana hasta la hora de comienzo de las clases (9:00). Durante este tiempo los niños y niñas realizan&#46;&#46;&#46;</p>
