{"id":410,"date":"2020-02-17T16:50:29","date_gmt":"2020-02-17T15:50:29","guid":{"rendered":"https:\/\/blogsaverroes.juntadeandalucia.es\/colegioramongarcia\/?page_id=410"},"modified":"2020-02-17T16:50:29","modified_gmt":"2020-02-17T15:50:29","slug":"presentacion","status":"publish","type":"page","link":"https:\/\/blogsaverroes.juntadeandalucia.es\/colegioramongarcia\/presentacion\/","title":{"rendered":"Presentaci\u00f3n"},"content":{"rendered":"<h3 style=\"font-weight: 400;text-align: center\">CEIP RAM\u00d3N GARC\u00cdA:<strong>&nbsp;BILING\u00dcE EN FRANC\u00c9S E INGL\u00c9S<\/strong><\/h3>\n<p style=\"font-weight: 400\">&nbsp;&nbsp;&nbsp;&nbsp;&nbsp;&nbsp;&nbsp;&nbsp;&nbsp;La rapidez con la que se producen los avances en la sociedad en que vivimos hace que la educaci\u00f3n se plantee c\u00f3mo abordar esos cambios y responder a las nuevas necesidades. De un lado, la incorporaci\u00f3n de nuevas tecnolog\u00edas de la informaci\u00f3n y la comunicaci\u00f3n, de otro, la integraci\u00f3n de los ciudadanos en estructuras supranacionales de car\u00e1cter multicultural, nos invitan a reflexionar sobre qu\u00e9 y c\u00f3mo ense\u00f1amos, as\u00ed como a mejorar las competencias ling\u00fc\u00edsticas en general.<\/p>\n<p style=\"font-weight: 400\">&nbsp;&nbsp;&nbsp;&nbsp;&nbsp;&nbsp;&nbsp;&nbsp;&nbsp;El dominio de varias lenguas comunitarias se ha convertido en un requisito imprescindible para que los ciudadanos de la Uni\u00f3n Europea se beneficien de las oportunidades profesionales que les ofrece el mercado \u00fanico.<\/p>\n<p style=\"font-weight: 400\">&nbsp;&nbsp;&nbsp;&nbsp;&nbsp;&nbsp;&nbsp;&nbsp;&nbsp;La adquisici\u00f3n de competencias ling\u00fc\u00edsticas constituye un elemento clave para mejorar el entendimiento entre los ciudadanos de diferentes pa\u00edses y aprovechar el rico patrimonio cultural.<\/p>\n<p style=\"font-weight: 400\">&nbsp;&nbsp;&nbsp;&nbsp;&nbsp;&nbsp;&nbsp;&nbsp;&nbsp;Con la incorporaci\u00f3n de dos lenguas extranjeras como veh\u00edculo de transmisi\u00f3n de conocimientos, pretendemos que nuestros alumnos sean capaces de interactuar con personas de lengua francesa e inglesa en un contexto comunicativo, favorecer las relaciones de intercambio cultural, mantener al alumnado en un estado de \u201calerta intelectual\u201d necesaria en todo aprendizaje.<\/p>\n<p style=\"font-weight: 400\">&nbsp;&nbsp;&nbsp;&nbsp;&nbsp;&nbsp;&nbsp;&nbsp;&nbsp;El modelo educativo que nos proponemos pasa por ser un modelo pluriling\u00fce e intercultural, basado en el conocimiento de s\u00ed mismo y de los dem\u00e1s, el respeto mutuo, la convivencia, los valores c\u00edvicos y la democracia; en el que tratamos de mejorar las competencias ling\u00fc\u00edsticas tanto del alumnado como del profesorado.<\/p>\n","protected":false},"excerpt":{"rendered":"<p>CEIP RAM\u00d3N GARC\u00cdA:&nbsp;BILING\u00dcE EN FRANC\u00c9S E INGL\u00c9S &nbsp;&nbsp;&nbsp;&nbsp;&nbsp;&nbsp;&nbsp;&nbsp;&nbsp;La rapidez con la que se producen los avances en la sociedad en que vivimos hace que la educaci\u00f3n se plantee c\u00f3mo abordar esos cambios y responder&#46;&#46;&#46;<\/p>\n","protected":false},"author":4815,"featured_media":0,"parent":0,"menu_order":0,"comment_status":"closed","ping_status":"closed","template":"","meta":{"ngg_post_thumbnail":0,"footnotes":"","_mc_calendar":[]},"aioseo_notices":[],"_links":{"self":[{"href":"https:\/\/blogsaverroes.juntadeandalucia.es\/colegioramongarcia\/wp-json\/wp\/v2\/pages\/410"}],"collection":[{"href":"https:\/\/blogsaverroes.juntadeandalucia.es\/colegioramongarcia\/wp-json\/wp\/v2\/pages"}],"about":[{"href":"https:\/\/blogsaverroes.juntadeandalucia.es\/colegioramongarcia\/wp-json\/wp\/v2\/types\/page"}],"author":[{"embeddable":true,"href":"https:\/\/blogsaverroes.juntadeandalucia.es\/colegioramongarcia\/wp-json\/wp\/v2\/users\/4815"}],"replies":[{"embeddable":true,"href":"https:\/\/blogsaverroes.juntadeandalucia.es\/colegioramongarcia\/wp-json\/wp\/v2\/comments?post=410"}],"version-history":[{"count":1,"href":"https:\/\/blogsaverroes.juntadeandalucia.es\/colegioramongarcia\/wp-json\/wp\/v2\/pages\/410\/revisions"}],"predecessor-version":[{"id":411,"href":"https:\/\/blogsaverroes.juntadeandalucia.es\/colegioramongarcia\/wp-json\/wp\/v2\/pages\/410\/revisions\/411"}],"wp:attachment":[{"href":"https:\/\/blogsaverroes.juntadeandalucia.es\/colegioramongarcia\/wp-json\/wp\/v2\/media?parent=410"}],"curies":[{"name":"wp","href":"https:\/\/api.w.org\/{rel}","templated":true}]}}