{"id":426,"date":"2020-02-20T11:53:40","date_gmt":"2020-02-20T10:53:40","guid":{"rendered":"https:\/\/blogsaverroes.juntadeandalucia.es\/colegioramongarcia\/?page_id=426"},"modified":"2024-01-19T19:57:14","modified_gmt":"2024-01-19T18:57:14","slug":"informacion-ampa","status":"publish","type":"page","link":"https:\/\/blogsaverroes.juntadeandalucia.es\/colegioramongarcia\/informacion-ampa\/","title":{"rendered":"Informaci\u00f3n AMPA"},"content":{"rendered":"<p>&nbsp;<\/p>\n<p>Disponemos de un perfil en&nbsp;<strong>FACEBOOK \u201cAMPA RAMON GARCIA\u201d<\/strong> donde pod\u00e9is estar informados de todas las novedades de nuestra AMPA. El actual Ampa fue constituida en Septiembre de 2.023.<\/p>\n<p>El presidente del Ampa Ramon Garc\u00eda es Crist\u00f3bal Jim\u00e9nez Perea.<\/p>\n","protected":false},"excerpt":{"rendered":"<p>&nbsp; Disponemos de un perfil en&nbsp;FACEBOOK \u201cAMPA RAMON GARCIA\u201d donde pod\u00e9is estar informados de todas las novedades de nuestra AMPA. El actual Ampa fue constituida en Septiembre de 2.023. El presidente del Ampa Ramon&#46;&#46;&#46;<\/p>\n","protected":false},"author":4815,"featured_media":0,"parent":0,"menu_order":0,"comment_status":"closed","ping_status":"closed","template":"","meta":{"ngg_post_thumbnail":0,"footnotes":"","_mc_calendar":[]},"aioseo_notices":[],"_links":{"self":[{"href":"https:\/\/blogsaverroes.juntadeandalucia.es\/colegioramongarcia\/wp-json\/wp\/v2\/pages\/426"}],"collection":[{"href":"https:\/\/blogsaverroes.juntadeandalucia.es\/colegioramongarcia\/wp-json\/wp\/v2\/pages"}],"about":[{"href":"https:\/\/blogsaverroes.juntadeandalucia.es\/colegioramongarcia\/wp-json\/wp\/v2\/types\/page"}],"author":[{"embeddable":true,"href":"https:\/\/blogsaverroes.juntadeandalucia.es\/colegioramongarcia\/wp-json\/wp\/v2\/users\/4815"}],"replies":[{"embeddable":true,"href":"https:\/\/blogsaverroes.juntadeandalucia.es\/colegioramongarcia\/wp-json\/wp\/v2\/comments?post=426"}],"version-history":[{"count":4,"href":"https:\/\/blogsaverroes.juntadeandalucia.es\/colegioramongarcia\/wp-json\/wp\/v2\/pages\/426\/revisions"}],"predecessor-version":[{"id":1522,"href":"https:\/\/blogsaverroes.juntadeandalucia.es\/colegioramongarcia\/wp-json\/wp\/v2\/pages\/426\/revisions\/1522"}],"wp:attachment":[{"href":"https:\/\/blogsaverroes.juntadeandalucia.es\/colegioramongarcia\/wp-json\/wp\/v2\/media?parent=426"}],"curies":[{"name":"wp","href":"https:\/\/api.w.org\/{rel}","templated":true}]}}

Información AMPA

<p>&nbsp;</p>
<p>Disponemos de un perfil en&nbsp;<strong>FACEBOOK “AMPA RAMON GARCIA”</strong> donde podéis estar informados de todas las novedades de nuestra AMPA. El actual Ampa fue constituida en Septiembre de 2.023.</p>
<p>El presidente del Ampa Ramon García es Cristóbal Jiménez Perea.</p>

<p>&nbsp; Disponemos de un perfil en&nbsp;FACEBOOK “AMPA RAMON GARCIA” donde podéis estar informados de todas las novedades de nuestra AMPA. El actual Ampa fue constituida en Septiembre de 2.023. El presidente del Ampa Ramon&#46;&#46;&#46;</p>
